|FAILURE| [GIT MASTER] a6ec5765cf83d3d58cbd6d4ed5b92b4a06f8a808
dpdklab at iol.unh.edu
dpdklab at iol.unh.edu
Thu May 23 07:03:53 CEST 2024
_Testing issues_
Branch: tags/v23.11
a6ec5765cf83d3d58cbd6d4ed5b92b4a06f8a808 --> testing fail
Test environment and result as below:
+---------------------+-------------------+--------------------+----------------------+------------------+
| Environment | dpdk_msvc_compile | dpdk_meson_compile | dpdk_mingw64_compile | dpdk_compile_ovs |
+=====================+===================+====================+======================+==================+
| Windows Server 2022 | PASS | PASS | PASS | SKIPPED |
+---------------------+-------------------+--------------------+----------------------+------------------+
| FreeBSD 13.3 | SKIPPED | PASS | SKIPPED | SKIPPED |
+---------------------+-------------------+--------------------+----------------------+------------------+
| Windows Server 2019 | SKIPPED | PASS | PASS | SKIPPED |
+---------------------+-------------------+--------------------+----------------------+------------------+
| FreeBSD 14.0 | SKIPPED | PASS | SKIPPED | SKIPPED |
+---------------------+-------------------+--------------------+----------------------+------------------+
| Fedora 39 | SKIPPED | PASS | SKIPPED | PASS |
+---------------------+-------------------+--------------------+----------------------+------------------+
| Debian Bullseye | SKIPPED | PASS | SKIPPED | PASS |
+---------------------+-------------------+--------------------+----------------------+------------------+
| CentOS Stream 8 | SKIPPED | PASS | SKIPPED | PASS |
+---------------------+-------------------+--------------------+----------------------+------------------+
| RHEL8 | SKIPPED | PASS | SKIPPED | PASS |
+---------------------+-------------------+--------------------+----------------------+------------------+
| Fedora 38 | SKIPPED | PASS | SKIPPED | PASS |
+---------------------+-------------------+--------------------+----------------------+------------------+
| Ubuntu 20.04 | SKIPPED | PASS | SKIPPED | PASS |
+---------------------+-------------------+--------------------+----------------------+------------------+
| CentOS Stream 9 | SKIPPED | PASS | SKIPPED | PASS |
+---------------------+-------------------+--------------------+----------------------+------------------+
| Alpine | SKIPPED | FAIL | SKIPPED | SKIPPED |
+---------------------+-------------------+--------------------+----------------------+------------------+
| Debian 12 | SKIPPED | PASS | SKIPPED | PASS |
+---------------------+-------------------+--------------------+----------------------+------------------+
| Fedora 37 | SKIPPED | PASS | SKIPPED | PASS |
+---------------------+-------------------+--------------------+----------------------+------------------+
| Ubuntu 22.04 | SKIPPED | PASS | SKIPPED | PASS |
+---------------------+-------------------+--------------------+----------------------+------------------+
| openSUSE Leap 15 | SKIPPED | PASS | SKIPPED | PASS |
+---------------------+-------------------+--------------------+----------------------+------------------+
==== 20 line log output for Alpine (dpdk_meson_compile): ====
Windows Server 2022
Kernel: 10.0.20348.2031
Compiler: clang 15.0.7, gcc 8.1.0 (MinGW), and MSVC VS 17.9
FreeBSD 13.3
Kernel: 13.3-RELEASE-p1
Compiler: clang 17.0.6
Windows Server 2019
Kernel: 10.0.17763
Compiler: clang 14.0 and gcc 8.1.0 (MinGW)
FreeBSD 14.0
Kernel: 14.0
Compiler: clang 16.0.6
Fedora 39
Kernel: Depends on container host
Compiler: clang 17.0.6
Debian Bullseye
Kernel: 5.4.0-167-generic
Compiler: gcc 10.2.1-6
CentOS Stream 8
Kernel: 5.4.0-167-generic
Compiler: gcc 8.5.0 20210514
RHEL8
Kernel: 5.4.0-167-generic
Compiler: gcc 8.5.0 20210514 (Red Hat 8.5.0-20)
Fedora 38
Kernel: Depends on container host
Compiler: clang 16.0.6
Ubuntu 20.04
Kernel: 5.4.0-167-generic
Compiler: gcc 9.4.0-1ubuntu1~20.04.1
CentOS Stream 9
Kernel: 5.4.0-167-generic
Compiler: gcc 11.4.1 20230605
Alpine
Kernel: 5.4.0-167-generic
Compiler: gcc (Alpine 13.2.1_git20231014) 13.2.1 20231014
Debian 12
Kernel: Container Host Kernel
Compiler: gcc 10.2.1
Fedora 37
Kernel: Depends on container host system
Compiler: gcc 12.3.1
Ubuntu 22.04
Kernel: 5.4.0-167-generic
Compiler: gcc 11.4.0
openSUSE Leap 15
Kernel: 5.4.0-167-generic
Compiler: gcc 7.5.0
To view detailed results, visit:
https://lab.dpdk.org/results/dashboard/tarballs/29173/
UNH-IOL DPDK Community Lab
To manage your email subscriptions, visit:
https://lab.dpdk.org/results/dashboard/preferences/subscriptions/
More information about the test-report
mailing list