|FAILURE| pw147097 [PATCH] [v3] ethdev: TEST support single queue pe

dpdklab at iol.unh.edu dpdklab at iol.unh.edu
Fri Nov 1 05:38:36 CET 2024


Test-Label: iol-compile-amd64-testing
Test-Status: FAILURE
http://dpdk.org/patch/147097

_Testing issues_

Submitter: Morten Brorup <mb at smartsharesystems.com>
Date: Thursday, October 24 2024 11:21:15 
DPDK git baseline: Repo:dpdk
  Branch: master
  CommitID:5bb17458f32befba8a2cccd9553ea65cd8b99581

147097 --> testing issues

Upstream job id: Windows-Compile-DPDK-Native#23952

Test environment and result as below:

+---------------------+--------------------+-----------------------+----------------------+------------------+-------------------+
|     Environment     | dpdk_meson_compile | dpdk_win_llvm_compile | dpdk_mingw64_compile | dpdk_compile_ovs | dpdk_compile_spdk |
+=====================+====================+=======================+======================+==================+===================+
| FreeBSD 14.1        | PASS               | SKIPPED               | SKIPPED              | SKIPPED          | SKIPPED           |
+---------------------+--------------------+-----------------------+----------------------+------------------+-------------------+
| FreeBSD 13.4        | PASS               | SKIPPED               | SKIPPED              | SKIPPED          | SKIPPED           |
+---------------------+--------------------+-----------------------+----------------------+------------------+-------------------+
| CentOS Stream 9     | FAIL               | SKIPPED               | SKIPPED              | WARN             | WARN              |
+---------------------+--------------------+-----------------------+----------------------+------------------+-------------------+
| Debian Bullseye     | FAIL               | SKIPPED               | SKIPPED              | WARN             | WARN              |
+---------------------+--------------------+-----------------------+----------------------+------------------+-------------------+
| Debian 12           | FAIL               | SKIPPED               | SKIPPED              | WARN             | WARN              |
+---------------------+--------------------+-----------------------+----------------------+------------------+-------------------+
| Fedora 37           | FAIL               | SKIPPED               | SKIPPED              | WARN             | WARN              |
+---------------------+--------------------+-----------------------+----------------------+------------------+-------------------+
| Fedora 38 (Clang)   | PASS               | SKIPPED               | SKIPPED              | PASS             | PASS              |
+---------------------+--------------------+-----------------------+----------------------+------------------+-------------------+
| Fedora 38           | FAIL               | SKIPPED               | SKIPPED              | WARN             | WARN              |
+---------------------+--------------------+-----------------------+----------------------+------------------+-------------------+
| Fedora 39 (Clang)   | PASS               | SKIPPED               | SKIPPED              | PASS             | PASS              |
+---------------------+--------------------+-----------------------+----------------------+------------------+-------------------+
| Fedora 39           | FAIL               | SKIPPED               | SKIPPED              | WARN             | WARN              |
+---------------------+--------------------+-----------------------+----------------------+------------------+-------------------+
| Fedora 40 (Clang)   | PASS               | SKIPPED               | SKIPPED              | PASS             | PASS              |
+---------------------+--------------------+-----------------------+----------------------+------------------+-------------------+
| Fedora 40           | FAIL               | SKIPPED               | SKIPPED              | WARN             | WARN              |
+---------------------+--------------------+-----------------------+----------------------+------------------+-------------------+
| openSUSE Leap 15    | PASS               | SKIPPED               | SKIPPED              | PASS             | SKIPPED           |
+---------------------+--------------------+-----------------------+----------------------+------------------+-------------------+
| RHEL8               | PASS               | SKIPPED               | SKIPPED              | PASS             | SKIPPED           |
+---------------------+--------------------+-----------------------+----------------------+------------------+-------------------+
| RHEL9               | FAIL               | SKIPPED               | SKIPPED              | WARN             | SKIPPED           |
+---------------------+--------------------+-----------------------+----------------------+------------------+-------------------+
| Ubuntu 20.04        | PASS               | SKIPPED               | SKIPPED              | PASS             | SKIPPED           |
+---------------------+--------------------+-----------------------+----------------------+------------------+-------------------+
| Ubuntu 22.04        | FAIL               | SKIPPED               | SKIPPED              | WARN             | WARN              |
+---------------------+--------------------+-----------------------+----------------------+------------------+-------------------+
| Ubuntu 24.04        | FAIL               | SKIPPED               | SKIPPED              | WARN             | WARN              |
+---------------------+--------------------+-----------------------+----------------------+------------------+-------------------+
| Alpine              | FAIL               | SKIPPED               | SKIPPED              | WARN             | SKIPPED           |
+---------------------+--------------------+-----------------------+----------------------+------------------+-------------------+
| Windows Server 2022 | SKIPPED            | PASS                  | FAIL                 | SKIPPED          | SKIPPED           |
+---------------------+--------------------+-----------------------+----------------------+------------------+-------------------+

==== 20 line log output for Windows Server 2022 (dpdk_mingw64_compile): ====
In file included from ../drivers/net/e1000/igb_rxtx.c:34:
..\lib\ethdev/ethdev_driver.h:170:17: note: at offset 1 into destination object 'tx_queue_state' of size 1
170 |         uint8_t tx_queue_state[RTE_MAX_QUEUES_PER_PORT];
|                 ^~~~~~~~~~~~~~
../drivers/net/e1000/igb_rxtx.c:1875:54: error: writing 1 byte into a region of size 0 [-Werror=stringop-overflow=]
1875 |                         dev->data->tx_queue_state[i] = RTE_ETH_QUEUE_STATE_STOPPED;
..\lib\ethdev/ethdev_driver.h:170:17: note: at offset 1 into destination object 'tx_queue_state' of size 1
170 |         uint8_t tx_queue_state[RTE_MAX_QUEUES_PER_PORT];
|                 ^~~~~~~~~~~~~~
cc1.exe: all warnings being treated as errors
[241/765] Generating rte_bus_vdev.pmd.c with a custom command (wrapped by meson to set PATH)
[242/765] Linking static target drivers/libtmp_rte_net_vmxnet3.a
[243/765] Generating rte_common_iavf.pmd.c with a custom command (wrapped by meson to set PATH)
[244/765] Compiling C object lib/librte_metrics.a.p/metrics_rte_metrics.c.obj
[245/765] Linking static target drivers/libtmp_rte_net_ring.a
[246/765] Generating rte_metrics_mingw with a custom command
[247/765] Linking target lib/librte_ethdev-25.dll
[248/765] Generating rte_bus_pci.pmd.c with a custom command (wrapped by meson to set PATH)
[249/765] Generating symbol file lib/librte_pci-25.dll.p/librte_pci-25.dll.symbols
ninja: build stopped: subcommand failed.
==== End log output ====

FreeBSD 14.1
	Kernel: 14.1-RELEASE-p3
	Compiler: clang 18.1.5

FreeBSD 13.4
	Kernel: 13.4-RELEASE-p1
	Compiler: clang 18.1.6

CentOS Stream 9
	Kernel: Depends on container host
	Compiler: gcc 11.4.1 20231218 (Red Hat 11.4.1-3)

Debian Bullseye
	Kernel: Depends on container host
	Compiler: gcc (Debian 10.2.1-6) 10.2.1 20210110

Debian 12
	Kernel: Depends on container host
	Compiler: gcc (Debian 12.2.0-14) 12.2.0

Fedora 37
	Kernel: Depends on container host system
	Compiler: gcc 12.3.1 20230508 (Red Hat 12.3.1-1)

Fedora 38 (Clang)
	Kernel: Depends on container host
	Compiler: clang 16.0.6 (Fedora 16.0.6-4.fc38)

Fedora 38
	Kernel: Depends on container host
	Compiler: gcc 13.2.1 20240316 (Red Hat 13.2.1-7)

Fedora 39 (Clang)
	Kernel: Depends on container host
	Compiler: clang 17.0.6 (Fedora 17.0.6-2.fc39)

Fedora 39
	Kernel: Depends on container host
	Compiler: gcc 13.3.1 20240522 (Red Hat 13.3.1-1)

Fedora 40 (Clang)
	Kernel: Depends on container host
	Compiler: clang 18.1.6 (Fedora 18.1.6-3.fc40)

Fedora 40
	Kernel: Depends on container host
	Compiler: gcc 14.2.1 20240801 (Red Hat 14.2.1-1)

openSUSE Leap 15
	Kernel: Depends on container host
	Compiler: gcc (SUSE Linux) 7.5.0

RHEL8
	Kernel: Depends on container host
	Compiler: gcc 8.5.0 20210514 (Red Hat 8.5.0-22)

RHEL9
	Kernel: Depends on container host
	Compiler: gcc 11.4.1 20231218 (Red Hat 11.4.1-3)

Ubuntu 20.04
	Kernel: Depends on container host
	Compiler: gcc (Ubuntu 9.4.0-1ubuntu1~20.04.2) 9.4.0

Ubuntu 22.04
	Kernel: Depends on container host
	Compiler: gcc (Ubuntu 11.4.0-1ubuntu1~22.04) 11.4.0

Ubuntu 24.04
	Kernel: Depends on container host
	Compiler: gcc (Ubuntu 13.2.0-23ubuntu4) 13.2.0

Alpine
	Kernel: Depends on container host
	Compiler: gcc (Alpine 13.2.1_git20240309) 13.2.1 20240309

Windows Server 2022
	Kernel: 10.0.20348.2031
	Compiler: clang 15.0.7, gcc 14.1.0 (MinGW), and MSVC VS 19.39.33521

To view detailed results, visit:
https://lab.dpdk.org/results/dashboard/patchsets/31641/

UNH-IOL DPDK Community Lab

To manage your email subscriptions, visit: 
https://lab.dpdk.org/results/dashboard/preferences/subscriptions/


More information about the test-report mailing list