|WARNING| pw147346-147358 [PATCH] [v29,13/13] doc: add release note

dpdklab at iol.unh.edu dpdklab at iol.unh.edu
Fri Nov 1 09:08:01 CET 2024


Test-Label: iol-compile-amd64-testing
Test-Status: WARNING
http://dpdk.org/patch/147358

_Testing issues_

Submitter: Stephen Hemminger <stephen at networkplumber.org>
Date: Friday, October 25 2024 21:45:18 
DPDK git baseline: Repo:dpdk
  Branch: master
  CommitID:2721319d1b5f9197846111e781f449ef91583f58

147346-147358 --> testing issues

Upstream job id: Windows-Compile-DPDK-VS#3741

Test environment and result as below:

+---------------------+--------------------+-----------------------+----------------------+------------------+-------------------+-------------------+
|     Environment     | dpdk_meson_compile | dpdk_win_llvm_compile | dpdk_mingw64_compile | dpdk_compile_ovs | dpdk_compile_spdk | dpdk_msvc_compile |
+=====================+====================+=======================+======================+==================+===================+===================+
| FreeBSD 13.4        | PASS               | SKIPPED               | SKIPPED              | SKIPPED          | SKIPPED           | SKIPPED           |
+---------------------+--------------------+-----------------------+----------------------+------------------+-------------------+-------------------+
| FreeBSD 14.1        | PASS               | SKIPPED               | SKIPPED              | SKIPPED          | SKIPPED           | SKIPPED           |
+---------------------+--------------------+-----------------------+----------------------+------------------+-------------------+-------------------+
| CentOS Stream 9     | PASS               | SKIPPED               | SKIPPED              | PASS             | PASS              | SKIPPED           |
+---------------------+--------------------+-----------------------+----------------------+------------------+-------------------+-------------------+
| Debian 12           | PASS               | SKIPPED               | SKIPPED              | PASS             | PASS              | SKIPPED           |
+---------------------+--------------------+-----------------------+----------------------+------------------+-------------------+-------------------+
| Fedora 37           | PASS               | SKIPPED               | SKIPPED              | PASS             | PASS              | SKIPPED           |
+---------------------+--------------------+-----------------------+----------------------+------------------+-------------------+-------------------+
| Fedora 38 (Clang)   | PASS               | SKIPPED               | SKIPPED              | PASS             | PASS              | SKIPPED           |
+---------------------+--------------------+-----------------------+----------------------+------------------+-------------------+-------------------+
| Fedora 39           | PASS               | SKIPPED               | SKIPPED              | PASS             | PASS              | SKIPPED           |
+---------------------+--------------------+-----------------------+----------------------+------------------+-------------------+-------------------+
| Fedora 40 (Clang)   | PASS               | SKIPPED               | SKIPPED              | PASS             | PASS              | SKIPPED           |
+---------------------+--------------------+-----------------------+----------------------+------------------+-------------------+-------------------+
| Fedora 40           | PASS               | SKIPPED               | SKIPPED              | PASS             | PASS              | SKIPPED           |
+---------------------+--------------------+-----------------------+----------------------+------------------+-------------------+-------------------+
| openSUSE Leap 15    | PASS               | SKIPPED               | SKIPPED              | PASS             | SKIPPED           | SKIPPED           |
+---------------------+--------------------+-----------------------+----------------------+------------------+-------------------+-------------------+
| RHEL8               | PASS               | SKIPPED               | SKIPPED              | PASS             | SKIPPED           | SKIPPED           |
+---------------------+--------------------+-----------------------+----------------------+------------------+-------------------+-------------------+
| RHEL9               | PASS               | SKIPPED               | SKIPPED              | PASS             | SKIPPED           | SKIPPED           |
+---------------------+--------------------+-----------------------+----------------------+------------------+-------------------+-------------------+
| Ubuntu 22.04        | PASS               | SKIPPED               | SKIPPED              | PASS             | PASS              | SKIPPED           |
+---------------------+--------------------+-----------------------+----------------------+------------------+-------------------+-------------------+
| Ubuntu 24.04        | PASS               | SKIPPED               | SKIPPED              | PASS             | PASS              | SKIPPED           |
+---------------------+--------------------+-----------------------+----------------------+------------------+-------------------+-------------------+
| Alpine              | PASS               | SKIPPED               | SKIPPED              | PASS             | SKIPPED           | SKIPPED           |
+---------------------+--------------------+-----------------------+----------------------+------------------+-------------------+-------------------+
| Ubuntu 20.04        | PASS               | SKIPPED               | SKIPPED              | PASS             | SKIPPED           | SKIPPED           |
+---------------------+--------------------+-----------------------+----------------------+------------------+-------------------+-------------------+
| Windows Server 2022 | SKIPPED            | PEND                  | PEND                 | SKIPPED          | SKIPPED           | FAIL              |
+---------------------+--------------------+-----------------------+----------------------+------------------+-------------------+-------------------+

==== 20 line log output for Windows Server 2022 (dpdk_msvc_compile): ====
 [ 3 4 / 9 6 ]   C o m p i l i n g   C   o b j e c t   l i b / l i b r t e _ e a l . a . p / e a l _ c o m m o n _ r t e _ v e r s i o n . c . o b j 
 
 [ 3 5 / 9 6 ]   C o m p i l i n g   C   o b j e c t   l i b / l i b r t e _ e a l . a . p / e a l _ c o m m o n _ r t e _ r e c i p r o c a l . c . o b j 
 
 [ 3 6 / 9 6 ]   C o m p i l i n g   C   o b j e c t   l i b / l i b r t e _ l o g . a . p / l o g _ l o g _ c o l o r . c . o b j 
 
 F A I L E D :   l i b / l i b r t e _ l o g . a . p / l o g _ l o g _ c o l o r . c . o b j   
 
 " c l "   " - I l i b \ l i b r t e _ l o g . a . p "   " - I l i b "   " - I . . \ l i b "   " - I . "   " - I . . "   " - I c o n f i g "   " - I . . \ c o n f i g "   " - I l i b \ e a l \ i n c l u d e "   " - I . . \ l i b \ e a l \ i n c l u d e "   " - I l i b \ e a l \ w i n d o w s \ i n c l u d e "   " - I . . \ l i b \ e a l \ w i n d o w s \ i n c l u d e "   " - I l i b \ e a l \ x 8 6 \ i n c l u d e "   " - I . . \ l i b \ e a l \ x 8 6 \ i n c l u d e "   " - I l i b \ l o g "   " - I . . \ l i b \ l o g "   " - I C : \ P r o g r a m   F i l e s \ M e l l a n o x \ M L N X _ W i n O F 2 _ D e v X _ S D K \ i n c "   " / M D "   " / n o l o g o "   " / s h o w I n c l u d e s "   " / W 3 "   " / W X "   " / s t d : c 1 1 "   " / O 2 "   " / G w "   " / w d 4 2 4 4 "   " / w d 4 2 6 7 "   " / w d 4 1 4 6 "   " / e x p e r i m e n t a l : c 1 1 a t o m i c s "   " / d 1 e x p e r i m e n t a l : t y p e o f "   " / e x p e r i m e n t a l : s t a t e m e n t E x p r e s
  s i o n s "   " / F I "   " r t e _ c o n f i g . h "   " - D _ G N U _ S O U R C E "   " - D _ W I N 3 2 _ W I N N T = 0 x 0 A 0 0 "   " - D A L L O W _ E X P E R I M E N T A L _ A P I "   " - D A L L O W _ I N T E R N A L _ A P I "   " - D R T E _ L O G _ D E F A U L T _ L O G T Y P E = l i b . l o g "   " / F d l i b \ l i b r t e _ l o g . a . p \ l o g _ l o g _ c o l o r . c . p d b "   / F o l i b / l i b r t e _ l o g . a . p / l o g _ l o g _ c o l o r . c . o b j   " / c "   . . / l i b / l o g / l o g _ c o l o r . c 
 
 . . / l i b / l o g / l o g _ c o l o r . c ( 8 6 ) :   e r r o r   C 2 2 2 0 :   t h e   f o l l o w i n g   w a r n i n g   i s   t r e a t e d   a s   a n   e r r o r 
 
 . . / l i b / l o g / l o g _ c o l o r . c ( 8 6 ) :   w a r n i n g   C 4 1 2 9 :   ' e ' :   u n r e c o g n i z e d   c h a r a c t e r   e s c a p e   s e q u e n c e 
 
 . . / l i b / l o g / l o g _ c o l o r . c ( 8 6 ) :   w a r n i n g   C 4 1 2 9 :   ' e ' :   u n r e c o g n i z e d   c h a r a c t e r   e s c a p e   s e q u e n c e 
 
 . . / l i b / l o g / l o g _ c o l o r . c ( 8 8 ) :   w a r n i n g   C 4 1 2 9 :   ' e ' :   u n r e c o g n i z e d   c h a r a c t e r   e s c a p e   s e q u e n c e 
 
 [ 3 7 / 9 6 ]   C o m p i l i n g   C   o b j e c t   l i b / l i b r t e _ l o g . a . p / l o g _ l o g . c . o b j 
 
 [ 3 8 / 9 6 ]   C o m p i l i n g   C   o b j e c t   l i b / l i b r t e _ e a l . a . p / e a l _ c o m m o n _ e a l _ c o m m o n _ o p t i o n s . c . o b j 
 
 [ 3 9 / 9 6 ]   C o m p i l i n g   C   o b j e c t   l i b / l i b r t e _ l o g . a . p / l o g _ l o g _ t i m e s t a m p . c . o b j 
 
 [ 4 0 / 9 6 ]   C o m p i l i n g   C   o b j e c t   l i b / l i b r t e _ e a l . a . p / e a l _ c o m m o n _ m a l l o c _ e l e m . c . o b j 
 
 [ 4 1 / 9 6 ]   C o m p i l i n g   C   o b j e c t   l i b / l i b r t e _ e a l . a . p / e a l _ c o m m o n _ m a l l o c _ h e a p . c . o b j 
 
 [ 4 2 / 9 6 ]   C o m p i l i n g   C   o b j e c t   l i b / l i b r t e _ e a l . a . p / e a l _ c o m m o n _ r t e _ m a l l o c . c . o b j 
 
 [ 4 3 / 9 6 ]   C o m p i l i n g   C   o b j e c t   l i b / l i b r t e _ e a l . a . p / e a l _ w i n d o w s _ e a l _ d e v . c . o b j 
 
 [ 4 4 / 9 6 ]   C o m p i l i n g   C   o b j e c t   l i b / l i b r t e _ e a l . a . p / e a l _ w i n d o w s _ e a l _ a l a r m . c . o b j 
 
 [ 4 5 / 9 6 ]   C o m p i l i n g   C   o b j e c t   l i b / l i b r t e _ e a l . a . p / e a l _ w i n d o w s _ e a l _ f i l e . c . o b j 
 
 n i n j a :   b u i l d   s t o p p e d :   s u b c o m m a n d   f a i l e d . 
 
 
==== End log output ====

FreeBSD 13.4
	Kernel: 13.4-RELEASE-p1
	Compiler: clang 18.1.6

FreeBSD 14.1
	Kernel: 14.1-RELEASE-p3
	Compiler: clang 18.1.5

CentOS Stream 9
	Kernel: Depends on container host
	Compiler: gcc 11.4.1 20231218 (Red Hat 11.4.1-3)

Debian 12
	Kernel: Depends on container host
	Compiler: gcc (Debian 12.2.0-14) 12.2.0

Fedora 37
	Kernel: Depends on container host system
	Compiler: gcc 12.3.1 20230508 (Red Hat 12.3.1-1)

Fedora 38 (Clang)
	Kernel: Depends on container host
	Compiler: clang 16.0.6 (Fedora 16.0.6-4.fc38)

Fedora 39
	Kernel: Depends on container host
	Compiler: gcc 13.3.1 20240522 (Red Hat 13.3.1-1)

Fedora 40 (Clang)
	Kernel: Depends on container host
	Compiler: clang 18.1.6 (Fedora 18.1.6-3.fc40)

Fedora 40
	Kernel: Depends on container host
	Compiler: gcc 14.2.1 20240801 (Red Hat 14.2.1-1)

openSUSE Leap 15
	Kernel: Depends on container host
	Compiler: gcc (SUSE Linux) 7.5.0

RHEL8
	Kernel: Depends on container host
	Compiler: gcc 8.5.0 20210514 (Red Hat 8.5.0-22)

RHEL9
	Kernel: Depends on container host
	Compiler: gcc 11.4.1 20231218 (Red Hat 11.4.1-3)

Ubuntu 22.04
	Kernel: Depends on container host
	Compiler: gcc (Ubuntu 11.4.0-1ubuntu1~22.04) 11.4.0

Ubuntu 24.04
	Kernel: Depends on container host
	Compiler: gcc (Ubuntu 13.2.0-23ubuntu4) 13.2.0

Alpine
	Kernel: Depends on container host
	Compiler: gcc (Alpine 13.2.1_git20240309) 13.2.1 20240309

Ubuntu 20.04
	Kernel: Depends on container host
	Compiler: gcc (Ubuntu 9.4.0-1ubuntu1~20.04.2) 9.4.0

Windows Server 2022
	Kernel: 10.0.20348.2031
	Compiler: clang 15.0.7, gcc 14.1.0 (MinGW), and MSVC VS 19.39.33521

To view detailed results, visit:
https://lab.dpdk.org/results/dashboard/patchsets/31693/

UNH-IOL DPDK Community Lab

To manage your email subscriptions, visit: 
https://lab.dpdk.org/results/dashboard/preferences/subscriptions/


More information about the test-report mailing list