|FAILURE| pw146711 [PATCH] net/mlx5: add support for transport mode

dpdklab at iol.unh.edu dpdklab at iol.unh.edu
Sat Nov 2 01:47:08 CET 2024


Test-Label: iol-compile-amd64-testing
Test-Status: FAILURE
http://dpdk.org/patch/146711

_Testing issues_

Submitter: Alexander Kozyrev <akozyrev at nvidia.com>
Date: Tuesday, October 22 2024 18:06:40 
DPDK git baseline: Repo:dpdk
  Branch: master
  CommitID:c4f029602e46450a0c51953c4607e53488244071

146711 --> testing issues

Upstream job id: Windows-Compile-DPDK-VS#3800

Test environment and result as below:

+---------------------+--------------------+------------------+-------------------+-------------------+
|     Environment     | dpdk_meson_compile | dpdk_compile_ovs | dpdk_compile_spdk | dpdk_msvc_compile |
+=====================+====================+==================+===================+===================+
| Fedora 40           | FAIL               | WARN             | WARN              | SKIPPED           |
+---------------------+--------------------+------------------+-------------------+-------------------+
| Windows Server 2022 | SKIPPED            | SKIPPED          | SKIPPED           | PASS              |
+---------------------+--------------------+------------------+-------------------+-------------------+

==== 20 line log output for Fedora 40 (dpdk_compile_spdk): ====
 --- Failed to get log output --- 
==== End log output ====

Fedora 40
	Kernel: Depends on container host
	Compiler: gcc 14.2.1 20240801 (Red Hat 14.2.1-1)

Windows Server 2022
	Kernel: 10.0.20348.2031
	Compiler: clang 15.0.7, gcc 14.1.0 (MinGW), and MSVC VS 19.39.33521

To view detailed results, visit:
https://lab.dpdk.org/results/dashboard/patchsets/31604/

UNH-IOL DPDK Community Lab

To manage your email subscriptions, visit: 
https://lab.dpdk.org/results/dashboard/preferences/subscriptions/


More information about the test-report mailing list