|WARNING| pw146912-146953 [PATCH] [v5,42/42] net/dpaa2: dpdmux singl
dpdklab at iol.unh.edu
dpdklab at iol.unh.edu
Sat Nov 2 19:26:35 CET 2024
Test-Label: iol-sample-apps-testing
Test-Status: WARNING
http://dpdk.org/patch/146953
_Testing issues_
Submitter: Vanshika Shukla <vanshika.shukla at nxp.com>
Date: Wednesday, October 23 2024 11:59:55
DPDK git baseline: Repo:dpdk
Branch: master
CommitID:3ee7a3e0e0e0f5a81a4b102a834697bc488fb32f
146912-146953 --> testing issues
Upstream job id: ACVP-FIPS-testing#7644
Test environment and result as below:
+--------------------+----------------------+----------------------+
| Environment | compressdev_zlib_pmd | dpdk_fips_validation |
+====================+======================+======================+
| Ubuntu 22.04 (ARM) | FAIL | SKIPPED |
+--------------------+----------------------+----------------------+
| Ubuntu 22.04 | FAIL | SKIPPED |
+--------------------+----------------------+----------------------+
| Ubuntu 20.04 | SKIPPED | PASS |
+--------------------+----------------------+----------------------+
==== 20 line log output for Ubuntu 22.04 (compressdev_zlib_pmd): ====
--- Failed to get log output ---
==== End log output ====
Ubuntu 22.04 (ARM)
Kernel: 5.15.0-97-generic
Compiler: gcc gcc (Ubuntu 11.4.0-1ubuntu1~22.04) 11.4.0
Ubuntu 22.04
Kernel: 5.15.0-100-generic
Compiler: gcc gcc (Ubuntu 11.4.0-1ubuntu1~22.04) 11.4.0
Ubuntu 20.04
Kernel: Depends on container host
Compiler: gcc (Ubuntu 9.4.0-1ubuntu1~20.04.2) 9.4.0
To view detailed results, visit:
https://lab.dpdk.org/results/dashboard/patchsets/31623/
UNH-IOL DPDK Community Lab
To manage your email subscriptions, visit:
https://lab.dpdk.org/results/dashboard/preferences/subscriptions/
More information about the test-report
mailing list