|FAILURE| pw148139-148150 [PATCH] [v32,12/12] maintainers: update fo

dpdklab at iol.unh.edu dpdklab at iol.unh.edu
Fri Nov 8 12:39:09 CET 2024


Test-Label: iol-unit-arm64-testing
Test-Status: FAILURE
http://dpdk.org/patch/148150

_Testing issues_

Submitter: David Marchand <david.marchand at redhat.com>
Date: Friday, November 08 2024 08:57:09 
DPDK git baseline: Repo:dpdk
  Branch: master
  CommitID:18b5049ab4fecda6ad303606cc265d923b56da14

148139-148150 --> testing issues

Upstream job id: Generic-Unit-Test-DPDK#289432

Test environment and result as below:

+-----------------------------+----------------+--------------+------------------------------+---------------------------+
|         Environment         | dpdk_unit_test | lpm_autotest | cryptodev_sw_snow3g_autotest | cryptodev_sw_zuc_autotest |
+=============================+================+==============+==============================+===========================+
| CentOS Stream 9 (ARM)       | PASS           | SKIPPED      | SKIPPED                      | SKIPPED                   |
+-----------------------------+----------------+--------------+------------------------------+---------------------------+
| Debian 12 (arm)             | PASS           | SKIPPED      | PASS                         | PASS                      |
+-----------------------------+----------------+--------------+------------------------------+---------------------------+
| Fedora 39 (ARM Clang)       | FAIL           | SKIPPED      | SKIPPED                      | SKIPPED                   |
+-----------------------------+----------------+--------------+------------------------------+---------------------------+
| Fedora 40 (ARM)             | PASS           | SKIPPED      | SKIPPED                      | SKIPPED                   |
+-----------------------------+----------------+--------------+------------------------------+---------------------------+
| Fedora 39 (ARM)             | PASS           | SKIPPED      | SKIPPED                      | SKIPPED                   |
+-----------------------------+----------------+--------------+------------------------------+---------------------------+
| Ubuntu 20.04 (ARM)          | PASS           | SKIPPED      | SKIPPED                      | SKIPPED                   |
+-----------------------------+----------------+--------------+------------------------------+---------------------------+
| Ubuntu 24.04 (ARM)          | PASS           | SKIPPED      | SKIPPED                      | SKIPPED                   |
+-----------------------------+----------------+--------------+------------------------------+---------------------------+
| RHEL9 (ARM)                 | PASS           | SKIPPED      | SKIPPED                      | SKIPPED                   |
+-----------------------------+----------------+--------------+------------------------------+---------------------------+
| Fedora 40 (ARM Clang)       | PASS           | SKIPPED      | SKIPPED                      | SKIPPED                   |
+-----------------------------+----------------+--------------+------------------------------+---------------------------+
| Ubuntu 22.04 (ARM)          | PASS           | SKIPPED      | SKIPPED                      | SKIPPED                   |
+-----------------------------+----------------+--------------+------------------------------+---------------------------+
| 32-bit Ubuntu 22.04.4 (ARM) | PASS           | SKIPPED      | SKIPPED                      | SKIPPED                   |
+-----------------------------+----------------+--------------+------------------------------+---------------------------+
| Ubuntu 20.04 ARM SVE        | SKIPPED        | PASS         | SKIPPED                      | SKIPPED                   |
+-----------------------------+----------------+--------------+------------------------------+---------------------------+

==== Unit test summary for Fedora 39 (ARM Clang) (dpdk_unit_test): ====
ninja: Entering directory `/home-local/jenkins-local/jenkins-agent/workspace/Generic-Unit-Test-DPDK/dpdk/build'
ninja: no work to do.
  1/117 DPDK:fast-tests / acl_autotest                   OK               4.42s
  2/117 DPDK:fast-tests / alarm_autotest                 OK               1.37s
  3/117 DPDK:fast-tests / argparse_autotest              OK               0.36s
  4/117 DPDK:fast-tests / atomic_autotest                OK               4.57s
  5/117 DPDK:fast-tests / bitcount_autotest              OK               0.39s
  6/117 DPDK:fast-tests / bitmap_autotest                OK               0.37s
  7/117 DPDK:fast-tests / bitops_autotest                OK               1.87s
  8/117 DPDK:fast-tests / bitratestats_autotest          OK               0.37s
  9/117 DPDK:fast-tests / bitset_autotest                OK               3.17s
 10/117 DPDK:fast-tests / bpf_autotest                   OK               0.37s
 11/117 DPDK:fast-tests / bpf_convert_autotest           OK               0.37s
 12/117 DPDK:fast-tests / byteorder_autotest             OK               0.36s
 13/117 DPDK:fast-tests / cksum_autotest                 OK               0.36s
 14/117 DPDK:fast-tests / cmdline_autotest               OK               0.37s
 15/117 DPDK:fast-tests / common_autotest                OK               1.22s
 16/117 DPDK:fast-tests / compressdev_autotest           SKIP             0.30s   exit status 77
 17/117 DPDK:fast-tests / cpuflags_autotest              OK               0.39s
 18/117 DPDK:fast-tests / crc_autotest                   OK               0.37s
 19/117 DPDK:fast-tests / user_delay_us                  OK               0.36s
 20/117 DPDK:fast-tests / debug_autotest                 OK               1.16s
 21/117 DPDK:fast-tests / devargs_autotest               OK               0.37s
 22/117 DPDK:fast-tests / dispatcher_autotest            OK               2.76s
 23/117 DPDK:fast-tests / distributor_autotest           OK               1.04s
 24/117 DPDK:fast-tests / eal_flags_c_opt_autotest       OK               8.13s
 25/117 DPDK:fast-tests / eal_flags_main_opt_autotest    OK               1.93s
 26/117 DPDK:fast-tests / eal_flags_n_opt_autotest       OK               1.67s
 27/117 DPDK:fast-tests / eal_flags_hpet_autotest        OK               0.86s
 28/117 DPDK:fast-tests / eal_flags_no_huge_autotest     OK               1.93s
 29/117 DPDK:fast-tests / eal_flags_a_opt_autotest       OK               2.78s
 30/117 DPDK:fast-tests / eal_flags_b_opt_autotest       OK               2.22s
 31/117 DPDK:fast-tests / eal_flags_vdev_opt_autotest    OK               1.45s
 32/117 DPDK:fast-tests / eal_flags_r_opt_autotest       OK               1.64s
 33/117 DPDK:fast-tests / eal_flags_mem_autotest         OK               2.27s
 34/117 DPDK:fast-tests / eal_flags_file_prefix_autotest OK               3.94s
 35/117 DPDK:fast-tests / eal_flags_misc_autotest        FAIL             4.23s   (exit status 255 or signal 127 SIGinvalid)
>>> MALLOC_PERTURB_=71 DPDK_TEST=eal_flags_misc_autotest /home-local/jenkins-local/jenkins-agent/workspace/Generic-Unit-Test-DPDK/dpdk/build/app/dpdk-test

 36/117 DPDK:fast-tests / eal_fs_autotest                OK               0.39s
 37/117 DPDK:fast-tests / errno_autotest                 OK               0.37s
 38/117 DPDK:fast-tests / ethdev_link_status             OK               0.37s
 39/117 DPDK:fast-tests / event_eth_tx_adapter_autotest  OK               1.44s
 40/117 DPDK:fast-tests / event_ring_autotest            OK               0.39s
 41/117 DPDK:fast-tests / eventdev_common_autotest       OK               0.37s
 42/117 DPDK:fast-tests / eventdev_selftest_sw           OK               6.43s
 43/117 DPDK:fast-tests / fbarray_autotest               OK               0.37s
 44/117 DPDK:fast-tests / fib_autotest                   OK               1.11s
 45/117 DPDK:fast-tests / fib6_autotest                  OK               1.05s
 46/117 DPDK:fast-tests / func_reentrancy_autotest       OK               0.98s
 47/117 DPDK:fast-tests / graph_autotest                 OK               0.39s
 48/117 DPDK:fast-tests / node_list_dump                 OK               0.37s
 49/117 DPDK:fast-tests / hash_autotest                  OK               0.75s
 50/117 DPDK:fast-tests / hash_readwrite_func_autotest   OK               7.91s
 51/117 DPDK:fast-tests / interrupt_autotest             OK               1.40s
 52/117 DPDK:fast-tests / ipfrag_autotest                OK               0.30s
 53/117 DPDK:fast-tests / ipsec_autotest                 SKIP             0.38s   exit status 77
 54/117 DPDK:fast-tests / kvargs_autotest                OK               0.37s
 55/117 DPDK:fast-tests / latencystats_autotest          OK               0.38s
 56/117 DPDK:fast-tests / lcore_var_autotest             OK               4.77s
 57/117 DPDK:fast-tests / lcores_autotest                OK               3.90s
 58/117 DPDK:fast-tests / logs_autotest                  OK               0.37s
 59/117 DPDK:fast-tests / lpm_autotest                   OK               1.83s
 60/117 DPDK:fast-tests / lpm6_autotest                  OK               5.11s
 61/117 DPDK:fast-tests / malloc_autotest                OK               0.64s
 62/117 DPDK:fast-tests / mbuf_autotest                  OK               4.23s
 63/117 DPDK:fast-tests / mcslock_autotest               OK               0.87s
 64/117 DPDK:fast-tests / member_autotest                OK               1.64s
 65/117 DPDK:fast-tests / memcpy_autotest                OK               6.49s
 66/117 DPDK:fast-tests / memory_autotest                OK               0.30s
 67/117 DPDK:fast-tests / mempool_autotest               OK               0.65s
 68/117 DPDK:fast-tests / memzone_autotest               OK               0.31s
 69/117 DPDK:fast-tests / meter_autotest                 OK               0.38s
 70/117 DPDK:fast-tests / metrics_autotest               OK               0.37s
 71/117 DPDK:fast-tests / multiprocess_autotest          OK               1.41s
 72/117 DPDK:fast-tests / net_ether_autotest             OK               1.13s
 73/117 DPDK:fast-tests / net_ipv6_autotest              OK               0.37s
 74/117 DPDK:fast-tests / pcapng_autotest                OK               6.60s
 75/117 DPDK:fast-tests / pdcp_autotest                  SKIP             0.30s   exit status 77
 76/117 DPDK:fast-tests / pdump_autotest                 OK               1.09s
 77/117 DPDK:fast-tests / per_lcore_autotest             OK               0.47s
 78/117 DPDK:fast-tests / pflock_autotest                OK               0.69s
 79/117 DPDK:fast-tests / pie_autotest                   OK               0.37s
 80/117 DPDK:fast-tests / ring_pmd_autotest              OK               0.38s
 81/117 DPDK:fast-tests / power_autotest                 OK               0.37s
 82/117 DPDK:fast-tests / power_cpufreq_autotest         SKIP             0.30s   exit status 77
 83/117 DPDK:fast-tests / power_intel_uncore_autotest    SKIP             0.39s   exit status 77
 84/117 DPDK:fast-tests / power_kvm_vm_autotest          SKIP             0.30s   exit status 77
 85/117 DPDK:fast-tests / prefetch_autotest              OK               0.39s
 86/117 DPDK:fast-tests / ptr_compress_autotest          OK               0.37s
 87/117 DPDK:fast-tests / rawdev_autotest                OK               0.37s
 88/117 DPDK:fast-tests / rcu_qsbr_autotest              OK               0.84s
 89/117 DPDK:fast-tests / reorder_autotest               OK               0.65s
 90/117 DPDK:fast-tests / rib_autotest                   OK               4.07s
 91/117 DPDK:fast-tests / rib6_autotest                  OK               4.13s
 92/117 DPDK:fast-tests / ring_autotest                  OK               0.39s
 93/117 DPDK:fast-tests / rwlock_test1_autotest          OK               0.69s
 94/117 DPDK:fast-tests / rwlock_rda_autotest            OK               5.36s
 95/117 DPDK:fast-tests / rwlock_rds_wrm_autotest        OK               5.37s
 96/117 DPDK:fast-tests / rwlock_rde_wro_autotest        OK               5.37s
 97/117 DPDK:fast-tests / sched_autotest                 OK               0.38s
 98/117 DPDK:fast-tests / security_autotest              OK               0.30s
 99/117 DPDK:fast-tests / seqlock_autotest               OK               2.39s
100/117 DPDK:fast-tests / service_autotest               OK               3.12s
101/117 DPDK:fast-tests / spinlock_autotest              OK               0.41s
102/117 DPDK:fast-tests / stack_autotest                 OK               0.53s
103/117 DPDK:fast-tests / stack_lf_autotest              OK               0.55s
104/117 DPDK:fast-tests / string_autotest                OK               0.39s
105/117 DPDK:fast-tests / table_autotest                 OK               7.63s
106/117 DPDK:fast-tests / tailq_autotest                 OK               0.38s
107/117 DPDK:fast-tests / telemetry_data_autotest        OK               0.38s
108/117 DPDK:fast-tests / telemetry_json_autotest        OK               0.38s
109/117 DPDK:fast-tests / thash_autotest                 OK               0.41s
110/117 DPDK:fast-tests / threads_autotest               OK               0.51s
111/117 DPDK:fast-tests / ticketlock_autotest            OK               0.42s
112/117 DPDK:fast-tests / timer_autotest                 OK               3.05s
113/117 DPDK:fast-tests / trace_autotest                 OK               0.43s
114/117 DPDK:fast-tests / trace_autotest_with_traces     OK               0.39s
115/117 DPDK:fast-tests / vdev_autotest                  OK               0.38s
116/117 DPDK:fast-tests / version_autotest               OK               0.38s
117/117 DPDK:fast-tests / telemetry_all                  SKIP             0.05s   exit status 77


Ok:                 109 
Expected Fail:      0   
Fail:               1   
Unexpected Pass:    0   
Skipped:            7   
Timeout:            0   

Full log written to /home-local/jenkins-local/jenkins-agent/workspace/Generic-Unit-Test-DPDK/dpdk/build/meson-logs/testlog.txt



Test log output from the failed test eal_flags_misc_autotest:

Sorry, we were not able to find the logs for this test.
Download the log output from the CI site for this test run.
==== End log output ====

CentOS Stream 9 (ARM)
	Kernel: Depends on container host
	Compiler: gcc 11.4.1 20231218 (Red Hat 11.4.1-3)

Debian 12 (arm)
	Kernel: Depends on container host
	Compiler: gcc (Debian 12.2.0-14) 12.2.0

Fedora 39 (ARM Clang)
	Kernel: Depends on container host
	Compiler: clang 17.0.6 (Fedora 17.0.6-2.fc39)

Fedora 40 (ARM)
	Kernel: Depends on container host
	Compiler: gcc 14.2.1 20240801 (Red Hat 14.2.1-1)

Fedora 39 (ARM)
	Kernel: Depends on container host
	Compiler: gcc 13.3.1 20240522 (Red Hat 13.3.1-1)

Ubuntu 20.04 (ARM)
	Kernel: Depends on container host
	Compiler: gcc (Ubuntu 9.4.0-1ubuntu1~20.04.2) 9.4.0

Ubuntu 24.04 (ARM)
	Kernel: Depends on container host
	Compiler: gcc (Ubuntu 13.2.0-23ubuntu4) 13.2.0

RHEL9 (ARM)
	Kernel: Depends on container host
	Compiler: gcc 11.4.1 20231218 (Red Hat 11.4.1-3)

Fedora 40 (ARM Clang)
	Kernel: Depends on container host
	Compiler: clang 18.1.6 (Fedora 18.1.6-3.fc40)

Ubuntu 22.04 (ARM)
	Kernel: Depends on container host
	Compiler: gcc (Ubuntu 11.4.0-1ubuntu1~22.04) 11.4.0

32-bit Ubuntu 22.04.4 (ARM)
	Kernel: 5.15.83+ aarch64
	Compiler: gcc (Ubuntu 11.4.0-1ubuntu1~22.04) 11.4.0

Ubuntu 20.04 ARM SVE
	Kernel: Depends on container host
	Compiler: gcc (Ubuntu 10.5.0-1ubuntu1~20.04) 10.5.0

To view detailed results, visit:
https://lab.dpdk.org/results/dashboard/patchsets/31857/

UNH-IOL DPDK Community Lab

To manage your email subscriptions, visit: 
https://lab.dpdk.org/results/dashboard/preferences/subscriptions/


More information about the test-report mailing list