|WARNING| pw148267-148268 [PATCH] [v15,3/3] examples/l3fwd-power: ad

dpdklab at iol.unh.edu dpdklab at iol.unh.edu
Mon Nov 11 05:02:41 CET 2024


Test-Label: iol-sample-apps-testing
Test-Status: WARNING
http://dpdk.org/patch/148268

_Testing issues_

Submitter: Huisong Li <lihuisong at huawei.com>
Date: Monday, November 11 2024 02:25:50 
DPDK git baseline: Repo:dpdk
  Branch: master
  CommitID:f30a1bbd63f494f5ba623582d7e9166c817794a4

148267-148268 --> testing issues

Upstream job id: Template-DTS-Pipeline#195214

Test environment and result as below:

+--------------------+----------------------+----------------------+
|    Environment     | compressdev_zlib_pmd | dpdk_fips_validation |
+====================+======================+======================+
| Ubuntu 22.04 (ARM) | FAIL                 | SKIPPED              |
+--------------------+----------------------+----------------------+
| Ubuntu 22.04       | FAIL                 | SKIPPED              |
+--------------------+----------------------+----------------------+
| Ubuntu 20.04       | SKIPPED              | PASS                 |
+--------------------+----------------------+----------------------+

==== 20 line log output for Ubuntu 22.04 (compressdev_zlib_pmd): ====
 --- Failed to get log output --- 
==== End log output ====

Ubuntu 22.04 (ARM)
	Kernel: 5.15.0-97-generic
	Compiler: gcc gcc (Ubuntu 11.4.0-1ubuntu1~22.04) 11.4.0

Ubuntu 22.04
	Kernel: 5.15.0-100-generic
	Compiler: gcc gcc (Ubuntu 11.4.0-1ubuntu1~22.04) 11.4.0

Ubuntu 20.04
	Kernel: Depends on container host
	Compiler: gcc (Ubuntu 9.4.0-1ubuntu1~20.04.2) 9.4.0

To view detailed results, visit:
https://lab.dpdk.org/results/dashboard/patchsets/31873/

UNH-IOL DPDK Community Lab

To manage your email subscriptions, visit: 
https://lab.dpdk.org/results/dashboard/preferences/subscriptions/


More information about the test-report mailing list