|WARNING| pw148282 [PATCH] [v2] graph: mcore: optimize graph search
dpdklab at iol.unh.edu
dpdklab at iol.unh.edu
Mon Nov 11 06:25:11 CET 2024
Test-Label: iol-sample-apps-testing
Test-Status: WARNING
http://dpdk.org/patch/148282
_Testing issues_
Submitter: Huichao Cai <chcchc88 at 163.com>
Date: Monday, November 11 2024 04:03:17
DPDK git baseline: Repo:dpdk
Branch: master
CommitID:f30a1bbd63f494f5ba623582d7e9166c817794a4
148282 --> testing issues
Upstream job id: Template-DTS-Pipeline#195230
Test environment and result as below:
+--------------------+----------------------+----------------------+
| Environment | dpdk_fips_validation | compressdev_zlib_pmd |
+====================+======================+======================+
| Ubuntu 20.04 | PASS | SKIPPED |
+--------------------+----------------------+----------------------+
| Ubuntu 22.04 (ARM) | SKIPPED | FAIL |
+--------------------+----------------------+----------------------+
| Ubuntu 22.04 | SKIPPED | FAIL |
+--------------------+----------------------+----------------------+
==== 20 line log output for Ubuntu 22.04 (compressdev_zlib_pmd): ====
--- Failed to get log output ---
==== End log output ====
Ubuntu 20.04
Kernel: Depends on container host
Compiler: gcc (Ubuntu 9.4.0-1ubuntu1~20.04.2) 9.4.0
Ubuntu 22.04 (ARM)
Kernel: 5.15.0-97-generic
Compiler: gcc gcc (Ubuntu 11.4.0-1ubuntu1~22.04) 11.4.0
Ubuntu 22.04
Kernel: 5.15.0-100-generic
Compiler: gcc gcc (Ubuntu 11.4.0-1ubuntu1~22.04) 11.4.0
To view detailed results, visit:
https://lab.dpdk.org/results/dashboard/patchsets/31875/
UNH-IOL DPDK Community Lab
To manage your email subscriptions, visit:
https://lab.dpdk.org/results/dashboard/preferences/subscriptions/
More information about the test-report
mailing list