|WARNING| pw148289-148291 [PATCH] [v2,3/3] usertools/dpdk-devbind: a

dpdklab at iol.unh.edu dpdklab at iol.unh.edu
Mon Nov 11 18:10:53 CET 2024


Test-Label: iol-sample-apps-testing
Test-Status: WARNING
http://dpdk.org/patch/148291

_Testing issues_

Submitter: liwencheng <liwencheng at phytium.com.cn>
Date: Monday, November 11 2024 07:43:09 
DPDK git baseline: Repo:dpdk
  Branch: master
  CommitID:f30a1bbd63f494f5ba623582d7e9166c817794a4

148289-148291 --> testing issues

Upstream job id: ACVP-FIPS-testing#7870

Test environment and result as below:

+--------------------+----------------------+----------------------+
|    Environment     | compressdev_zlib_pmd | dpdk_fips_validation |
+====================+======================+======================+
| Ubuntu 22.04 (ARM) | FAIL                 | SKIPPED              |
+--------------------+----------------------+----------------------+
| Ubuntu 22.04       | FAIL                 | SKIPPED              |
+--------------------+----------------------+----------------------+
| Ubuntu 20.04       | SKIPPED              | WARN                 |
+--------------------+----------------------+----------------------+

==== 20 line log output for Ubuntu 20.04 (dpdk_fips_validation): ====
[3053/3066] Compiling C object examples/dpdk-fips_validation.p/fips_validation_fips_validation_ecdsa.c.o
[3054/3066] Compiling C object examples/dpdk-fips_validation.p/fips_validation_fips_validation_ccm.c.o
[3055/3066] Compiling C object examples/dpdk-fips_validation.p/fips_validation_fips_validation_eddsa.c.o
[3056/3066] Compiling C object app/dpdk-test.p/test_test_table_combined.c.o
[3057/3066] Compiling C object examples/dpdk-fips_validation.p/fips_validation_fips_validation_rsa.c.o
[3058/3066] Compiling C object examples/dpdk-fips_validation.p/fips_validation_fips_validation.c.o
[3059/3066] Compiling C object examples/dpdk-fips_validation.p/fips_validation_fips_dev_self_test.c.o
[3060/3066] Compiling C object app/dpdk-test.p/test_virtual_pmd.c.o
[3061/3066] Compiling C object examples/dpdk-fips_validation.p/fips_validation_main.c.o
[3062/3066] Linking target examples/dpdk-fips_validation
[3063/3066] Compiling C object app/dpdk-test.p/test_test_trace_perf.c.o
[3064/3066] Compiling C object app/dpdk-test.p/test_test_ring_perf.c.o
[3065/3066] Compiling C object app/dpdk-test.p/test_test_ring.c.o
[3066/3066] Linking target app/dpdk-test
Processing file ../out/acvp-aes-cbc-vectors.json... Done
Processing file ../out/cmac-aes-vectors.json... Done
Processing file ../out/acvp-aes-gmac-vectors.json... Done
Processing file ../out/hmac-sha-1-vectors.json... Done
Processing file ../out/acvp-tdes-cbc-vectors.json... Done
Processing file ../out/acvp-aes-ctr-vectors.json... Done
==== End log output ====

Ubuntu 22.04 (ARM)
	Kernel: 5.15.0-97-generic
	Compiler: gcc gcc (Ubuntu 11.4.0-1ubuntu1~22.04) 11.4.0

Ubuntu 22.04
	Kernel: 5.15.0-100-generic
	Compiler: gcc gcc (Ubuntu 11.4.0-1ubuntu1~22.04) 11.4.0

Ubuntu 20.04
	Kernel: Depends on container host
	Compiler: gcc (Ubuntu 9.4.0-1ubuntu1~20.04.2) 9.4.0

To view detailed results, visit:
https://lab.dpdk.org/results/dashboard/patchsets/31878/

UNH-IOL DPDK Community Lab

To manage your email subscriptions, visit: 
https://lab.dpdk.org/results/dashboard/preferences/subscriptions/


More information about the test-report mailing list