|WARNING| pw148334 [PATCH] common/mlx5: fix misalignment issue detec
dpdklab at iol.unh.edu
dpdklab at iol.unh.edu
Tue Nov 12 11:12:40 CET 2024
Test-Label: iol-sample-apps-testing
Test-Status: WARNING
http://dpdk.org/patch/148334
_Testing issues_
Submitter: Shani Peretz <shperetz at nvidia.com>
Date: Tuesday, November 12 2024 08:21:26
DPDK git baseline: Repo:dpdk
Branch: master
CommitID:25e5845b5272764d8c2cbf64a9fc5989b34a932c
148334 --> testing issues
Upstream job id: ACVP-FIPS-testing#7884
Test environment and result as below:
+--------------------+----------------------+----------------------+
| Environment | compressdev_zlib_pmd | dpdk_fips_validation |
+====================+======================+======================+
| Ubuntu 22.04 (ARM) | FAIL | SKIPPED |
+--------------------+----------------------+----------------------+
| Ubuntu 22.04 | FAIL | SKIPPED |
+--------------------+----------------------+----------------------+
| Ubuntu 20.04 | SKIPPED | PASS |
+--------------------+----------------------+----------------------+
==== 20 line log output for Ubuntu 22.04 (compressdev_zlib_pmd): ====
--- Failed to get log output ---
==== End log output ====
Ubuntu 22.04 (ARM)
Kernel: 5.15.0-97-generic
Compiler: gcc gcc (Ubuntu 11.4.0-1ubuntu1~22.04) 11.4.0
Ubuntu 22.04
Kernel: 5.15.0-100-generic
Compiler: gcc gcc (Ubuntu 11.4.0-1ubuntu1~22.04) 11.4.0
Ubuntu 20.04
Kernel: Depends on container host
Compiler: gcc (Ubuntu 9.4.0-1ubuntu1~20.04.2) 9.4.0
To view detailed results, visit:
https://lab.dpdk.org/results/dashboard/patchsets/31887/
UNH-IOL DPDK Community Lab
To manage your email subscriptions, visit:
https://lab.dpdk.org/results/dashboard/preferences/subscriptions/
More information about the test-report
mailing list