|WARNING| pw148337-148355 [PATCH] [v7,17/17] net/r8169: add driver s

dpdklab at iol.unh.edu dpdklab at iol.unh.edu
Tue Nov 12 15:15:49 CET 2024


Test-Label: iol-sample-apps-testing
Test-Status: WARNING
http://dpdk.org/patch/148355

_Testing issues_

Submitter: Howard Wang <howard_wang at realsil.com.cn>
Date: Tuesday, November 12 2024 09:58:04 
DPDK git baseline: Repo:dpdk
  Branch: master
  CommitID:ffe488fb457544e8f13e012dae69ce928890365e

148337-148355 --> testing issues

Upstream job id: Template-DTS-Pipeline#195614

Test environment and result as below:

+--------------------+----------------------+----------------------+
|    Environment     | compressdev_zlib_pmd | dpdk_fips_validation |
+====================+======================+======================+
| Ubuntu 22.04 (ARM) | FAIL                 | SKIPPED              |
+--------------------+----------------------+----------------------+
| Ubuntu 22.04       | FAIL                 | SKIPPED              |
+--------------------+----------------------+----------------------+
| Ubuntu 20.04       | SKIPPED              | PASS                 |
+--------------------+----------------------+----------------------+

==== 20 line log output for Ubuntu 22.04 (compressdev_zlib_pmd): ====
 --- Failed to get log output --- 
==== End log output ====

Ubuntu 22.04 (ARM)
	Kernel: 5.15.0-97-generic
	Compiler: gcc gcc (Ubuntu 11.4.0-1ubuntu1~22.04) 11.4.0

Ubuntu 22.04
	Kernel: 5.15.0-100-generic
	Compiler: gcc gcc (Ubuntu 11.4.0-1ubuntu1~22.04) 11.4.0

Ubuntu 20.04
	Kernel: Depends on container host
	Compiler: gcc (Ubuntu 9.4.0-1ubuntu1~20.04.2) 9.4.0

To view detailed results, visit:
https://lab.dpdk.org/results/dashboard/patchsets/31890/

UNH-IOL DPDK Community Lab

To manage your email subscriptions, visit: 
https://lab.dpdk.org/results/dashboard/preferences/subscriptions/


More information about the test-report mailing list