|FAILURE| pw148464 [PATCH] lib/eal: redefine the name for rte_fbarra
dpdklab at iol.unh.edu
dpdklab at iol.unh.edu
Thu Nov 14 17:23:19 CET 2024
Test-Label: iol-compile-arm64-testing
Test-Status: FAILURE
http://dpdk.org/patch/148464
_Testing issues_
Submitter: Congjie Zhou <zcjie0802 at qq.com>
Date: Thursday, November 14 2024 05:19:22
DPDK git baseline: Repo:dpdk
Branch: master
CommitID:78383e9816a8efe2ba16ec2ce65d51b94e6114e7
148464 --> testing issues
Upstream job id: Generic-DPDK-Compile-Meson#333602
Test environment and result as below:
+----------------------------------------+--------------------+
| Environment | dpdk_meson_compile |
+========================================+====================+
| RHEL9 (ARM) | FAIL |
+----------------------------------------+--------------------+
| Ubuntu 20.04 ARM GCC Cross Compile | FAIL |
+----------------------------------------+--------------------+
| Ubuntu 20.04 ARM SVE | FAIL |
+----------------------------------------+--------------------+
| Fedora 39 (ARM) | FAIL |
+----------------------------------------+--------------------+
| Fedora 40 (ARM) | FAIL |
+----------------------------------------+--------------------+
| Ubuntu 20.04 (ARM) | FAIL |
+----------------------------------------+--------------------+
| Fedora 39 (ARM Clang) | FAIL |
+----------------------------------------+--------------------+
| Fedora 40 (ARM Clang) | FAIL |
+----------------------------------------+--------------------+
| Ubuntu 22.04 (ARM) | FAIL |
+----------------------------------------+--------------------+
| Ubuntu 24.04 (ARM) | FAIL |
+----------------------------------------+--------------------+
| Ubuntu 20.04 ARM Clang Cross Compile | FAIL |
+----------------------------------------+--------------------+
| Ubuntu 20.04 aarch32 GCC Cross Compile | FAIL |
+----------------------------------------+--------------------+
==== 20 line log output for Ubuntu 20.04 aarch32 GCC Cross Compile (dpdk_meson_compile): ====
[84/2341] Compiling C object lib/librte_eal.a.p/eal_linux_eal_memalloc.c.o
FAILED: lib/librte_eal.a.p/eal_linux_eal_memalloc.c.o
ccache arm-linux-gnueabihf-gcc -Ilib/librte_eal.a.p -Ilib -I../lib -I. -I.. -Iconfig -I../config -Ilib/eal/include -I../lib/eal/include -Ilib/eal/linux/include -I../lib/eal/linux/include -Ilib/eal/arm/include -I../lib/eal/arm/include -I../kernel/linux -Ilib/eal/common -I../lib/eal/common -Ilib/eal -I../lib/eal -Ilib/kvargs -I../lib/kvargs -Ilib/log -I../lib/log -Ilib/metrics -I../lib/metrics -Ilib/telemetry -I../lib/telemetry -fdiagnostics-color=always -pipe -D_FILE_OFFSET_BITS=64 -Wall -Winvalid-pch -Wextra -Werror -std=c11 -O3 -include rte_config.h -Wcast-qual -Wdeprecated -Wformat -Wformat-nonliteral -Wformat-security -Wmissing-declarations -Wmissing-prototypes -Wnested-externs -Wold-style-definition -Wpointer-arith -Wsign-compare -Wstrict-prototypes -Wundef -Wwrite-strings -Wno-packed-not-aligned -Wno-missing-field-initializers -Wno-pointer-to-int-cast -D_GNU_SOURCE -fPIC -march=armv8-a+simd -mfpu=auto -DALLOW_EXPERIMENTAL_API -DALLOW_INTERNAL_API -Wno-format-truncation '-DABI_VE
RSION="25.0"' -DRTE_LOG_DEFAULT_LOGTYPE=lib.eal -MD -MQ lib/librte_eal.a.p/eal_linux_eal_memalloc.c.o -MF lib/librte_eal.a.p/eal_linux_eal_memalloc.c.o.d -o lib/librte_eal.a.p/eal_linux_eal_memalloc.c.o -c ../lib/eal/linux/eal_memalloc.c
../lib/eal/linux/eal_memalloc.c: In function 'secondary_msl_create_walk':
../lib/eal/linux/eal_memalloc.c:1452:43: error: implicit declaration of function 'rte_rdtsc' [-Werror=implicit-function-declaration]
1452 | primary_msl->memseg_arr.name, getpid(), rte_rdtsc());
| ^~~~~~~~~
../lib/eal/linux/eal_memalloc.c:1452:43: error: nested extern declaration of 'rte_rdtsc' [-Werror=nested-externs]
../lib/eal/linux/eal_memalloc.c:1451:39: error: format '%llx' expects argument of type 'long long unsigned int', but argument 6 has type 'int' [-Werror=format=]
1451 | snprintf(name, RTE_FBARRAY_NAME_LEN, "%s_%i_%"PRIx64,
| ^~~~~~~~~
1452 | primary_msl->memseg_arr.name, getpid(), rte_rdtsc());
| ~~~~~~~~~~~
| |
| int
In file included from ../lib/eal/linux/eal_memalloc.c:19:
/usr/arm-linux-gnueabihf/include/inttypes.h:121:34: note: format string is defined here
121 | # define PRIx64 __PRI64_PREFIX "x"
cc1: all warnings being treated as errors
ninja: build stopped: subcommand failed.
==== End log output ====
RHEL9 (ARM)
Kernel: Depends on container host
Compiler: gcc 11.4.1 20231218 (Red Hat 11.4.1-3)
Ubuntu 20.04 ARM GCC Cross Compile
Kernel: Depends on container host
Compiler: aarch64-linux-gnu-gcc (Ubuntu 9.4.0-1ubuntu1~20.04.2) 9.4.0
Ubuntu 20.04 ARM SVE
Kernel: Depends on container host
Compiler: gcc (Ubuntu 10.5.0-1ubuntu1~20.04) 10.5.0
Fedora 39 (ARM)
Kernel: Depends on container host
Compiler: gcc 13.3.1 20240522 (Red Hat 13.3.1-1)
Fedora 40 (ARM)
Kernel: Depends on container host
Compiler: gcc 14.2.1 20240801 (Red Hat 14.2.1-1)
Ubuntu 20.04 (ARM)
Kernel: Depends on container host
Compiler: gcc (Ubuntu 9.4.0-1ubuntu1~20.04.2) 9.4.0
Fedora 39 (ARM Clang)
Kernel: Depends on container host
Compiler: clang 17.0.6 (Fedora 17.0.6-2.fc39)
Fedora 40 (ARM Clang)
Kernel: Depends on container host
Compiler: clang 18.1.6 (Fedora 18.1.6-3.fc40)
Ubuntu 22.04 (ARM)
Kernel: Depends on container host
Compiler: gcc (Ubuntu 11.4.0-1ubuntu1~22.04) 11.4.0
Ubuntu 24.04 (ARM)
Kernel: Depends on container host
Compiler: gcc (Ubuntu 13.2.0-23ubuntu4) 13.2.0
Ubuntu 20.04 ARM Clang Cross Compile
Kernel: Depends on container host
Compiler: clang 10.0.0-4ubuntu1
Ubuntu 20.04 aarch32 GCC Cross Compile
Kernel: Depends on container host
Compiler: gcc 9.4.0
To view detailed results, visit:
https://lab.dpdk.org/results/dashboard/patchsets/31925/
UNH-IOL DPDK Community Lab
To manage your email subscriptions, visit:
https://lab.dpdk.org/results/dashboard/preferences/subscriptions/
More information about the test-report
mailing list