|FAILURE| pw148548 [PATCH] [v2] eal/linux: fix fbarray name with mul

dpdklab at iol.unh.edu dpdklab at iol.unh.edu
Fri Nov 15 21:11:21 CET 2024


Test-Label: iol-compile-arm64-testing
Test-Status: FAILURE
http://dpdk.org/patch/148548

_Testing issues_

Submitter: Congjie Zhou <zcjie0802 at qq.com>
Date: Friday, November 15 2024 07:50:08 
DPDK git baseline: Repo:dpdk
  Branch: master
  CommitID:78383e9816a8efe2ba16ec2ce65d51b94e6114e7

148548 --> testing issues

Upstream job id: Generic-DPDK-Compile-Meson#334292

Test environment and result as below:

+--------------------------------------+--------------------+
|             Environment              | dpdk_meson_compile |
+======================================+====================+
| RHEL9 (ARM)                          | FAIL               |
+--------------------------------------+--------------------+
| Ubuntu 20.04 ARM GCC Cross Compile   | FAIL               |
+--------------------------------------+--------------------+
| Ubuntu 20.04 ARM SVE                 | FAIL               |
+--------------------------------------+--------------------+
| Fedora 39 (ARM)                      | FAIL               |
+--------------------------------------+--------------------+
| Fedora 40 (ARM)                      | FAIL               |
+--------------------------------------+--------------------+
| Debian 12 with MUSDK                 | FAIL               |
+--------------------------------------+--------------------+
| Fedora 40 (ARM Clang)                | FAIL               |
+--------------------------------------+--------------------+
| Ubuntu 24.04 (ARM)                   | FAIL               |
+--------------------------------------+--------------------+
| Ubuntu 22.04 (ARM)                   | FAIL               |
+--------------------------------------+--------------------+
| Ubuntu 20.04 ARM Clang Cross Compile | FAIL               |
+--------------------------------------+--------------------+
| CentOS Stream 9 (ARM)                | FAIL               |
+--------------------------------------+--------------------+
| Debian 12 (arm)                      | FAIL               |
+--------------------------------------+--------------------+

==== 20 line log output for Debian 12 (arm) (dpdk_meson_compile): ====
[84/3329] Compiling C object lib/librte_eal.a.p/eal_linux_eal_memalloc.c.o
FAILED: lib/librte_eal.a.p/eal_linux_eal_memalloc.c.o
ccache cc -Ilib/librte_eal.a.p -Ilib -I../lib -I. -I.. -Iconfig -I../config -Ilib/eal/include -I../lib/eal/include -Ilib/eal/linux/include -I../lib/eal/linux/include -Ilib/eal/arm/include -I../lib/eal/arm/include -I../kernel/linux -Ilib/eal/common -I../lib/eal/common -Ilib/eal -I../lib/eal -Ilib/kvargs -I../lib/kvargs -Ilib/log -I../lib/log -Ilib/metrics -I../lib/metrics -Ilib/telemetry -I../lib/telemetry -fdiagnostics-color=always -pipe -D_FILE_OFFSET_BITS=64 -Wall -Winvalid-pch -Wextra -Werror -std=c11 -O3 -include rte_config.h -Wcast-qual -Wdeprecated -Wformat -Wformat-nonliteral -Wformat-security -Wmissing-declarations -Wmissing-prototypes -Wnested-externs -Wold-style-definition -Wpointer-arith -Wsign-compare -Wstrict-prototypes -Wundef -Wwrite-strings -Wno-packed-not-aligned -Wno-missing-field-initializers -D_GNU_SOURCE -fPIC -mcpu=thunderx2t99+crc+crypto -DALLOW_EXPERIMENTAL_API -DALLOW_INTERNAL_API -Wno-format-truncation '-DABI_VERSION="25.0"' -DRTE_EAL_PTHREAD_ATTR_SETAFFINIT
 Y_NP -DRTE_LOG_DEFAULT_LOGTYPE=lib.eal -MD -MQ lib/librte_eal.a.p/eal_linux_eal_memalloc.c.o -MF lib/librte_eal.a.p/eal_linux_eal_memalloc.c.o.d -o lib/librte_eal.a.p/eal_linux_eal_memalloc.c.o -c ../lib/eal/linux/eal_memalloc.c
../lib/eal/linux/eal_memalloc.c: In function 'secondary_msl_create_walk':
../lib/eal/linux/eal_memalloc.c:1452:57: error: implicit declaration of function 'rte_get_tsc_cycles' [-Werror=implicit-function-declaration]
1452 |                 primary_msl->memseg_arr.name, getpid(), rte_get_tsc_cycles());
|                                                         ^~~~~~~~~~~~~~~~~~
../lib/eal/linux/eal_memalloc.c:1452:57: error: nested extern declaration of 'rte_get_tsc_cycles' [-Werror=nested-externs]
../lib/eal/linux/eal_memalloc.c:1451:46: error: format '%lx' expects argument of type 'long unsigned int', but argument 6 has type 'int' [-Werror=format=]
1451 |         snprintf(name, RTE_FBARRAY_NAME_LEN, "%s_%i_%"PRIx64,
|                                              ^~~~~~~~~
1452 |                 primary_msl->memseg_arr.name, getpid(), rte_get_tsc_cycles());
|                                                         ~~~~~~~~~~~~~~~~~~~~
|                                                         |
|                                                         int
In file included from ../lib/eal/linux/eal_memalloc.c:19:
/usr/include/inttypes.h:121:41: note: format string is defined here
121 | # define PRIx64         __PRI64_PREFIX "x"
cc1: all warnings being treated as errors
ninja: build stopped: subcommand failed.
==== End log output ====

RHEL9 (ARM)
	Kernel: Depends on container host
	Compiler: gcc 11.4.1 20231218 (Red Hat 11.4.1-3)

Ubuntu 20.04 ARM GCC Cross Compile
	Kernel: Depends on container host
	Compiler: aarch64-linux-gnu-gcc (Ubuntu 9.4.0-1ubuntu1~20.04.2) 9.4.0

Ubuntu 20.04 ARM SVE
	Kernel: Depends on container host
	Compiler: gcc (Ubuntu 10.5.0-1ubuntu1~20.04) 10.5.0

Fedora 39 (ARM)
	Kernel: Depends on container host
	Compiler: gcc 13.3.1 20240522 (Red Hat 13.3.1-1)

Fedora 40 (ARM)
	Kernel: Depends on container host
	Compiler: gcc 14.2.1 20240801 (Red Hat 14.2.1-1)

Debian 12 with MUSDK
	Kernel: Depends on container host
	Compiler: gcc (Debian 12.2.0-14) 12.2.0

Fedora 40 (ARM Clang)
	Kernel: Depends on container host
	Compiler: clang 18.1.6 (Fedora 18.1.6-3.fc40)

Ubuntu 24.04 (ARM)
	Kernel: Depends on container host
	Compiler: gcc (Ubuntu 13.2.0-23ubuntu4) 13.2.0

Ubuntu 22.04 (ARM)
	Kernel: Depends on container host
	Compiler: gcc (Ubuntu 11.4.0-1ubuntu1~22.04) 11.4.0

Ubuntu 20.04 ARM Clang Cross Compile
	Kernel: Depends on container host
	Compiler: clang 10.0.0-4ubuntu1

CentOS Stream 9 (ARM)
	Kernel: Depends on container host
	Compiler: gcc 11.4.1 20231218 (Red Hat 11.4.1-3)

Debian 12 (arm)
	Kernel: Depends on container host
	Compiler: gcc (Debian 12.2.0-14) 12.2.0

To view detailed results, visit:
https://lab.dpdk.org/results/dashboard/patchsets/31945/

UNH-IOL DPDK Community Lab

To manage your email subscriptions, visit: 
https://lab.dpdk.org/results/dashboard/preferences/subscriptions/


More information about the test-report mailing list