|WARNING| [GIT MASTER] d20fd65f258afb5b572fe686b7d1032aeb95e079

dpdklab at iol.unh.edu dpdklab at iol.unh.edu
Sun Nov 24 08:57:44 CET 2024


_Testing issues_

Branch: tags/v21.11

d20fd65f258afb5b572fe686b7d1032aeb95e079 --> testing issues

Upstream job id: Windows-Compile-DPDK-Native#24885

Test environment and result as below:

+---------------------+--------------------+-----------------------+
|     Environment     | dpdk_meson_compile | dpdk_win_llvm_compile |
+=====================+====================+=======================+
| CentOS Stream 9     | PEND               | SKIPPED               |
+---------------------+--------------------+-----------------------+
| Fedora 39 (Clang)   | PEND               | SKIPPED               |
+---------------------+--------------------+-----------------------+
| Debian 12           | PEND               | SKIPPED               |
+---------------------+--------------------+-----------------------+
| Fedora 39           | PASS               | SKIPPED               |
+---------------------+--------------------+-----------------------+
| Fedora 40           | PASS               | SKIPPED               |
+---------------------+--------------------+-----------------------+
| Fedora 40 (Clang)   | PASS               | SKIPPED               |
+---------------------+--------------------+-----------------------+
| openSUSE Leap 15    | PASS               | SKIPPED               |
+---------------------+--------------------+-----------------------+
| RHEL9               | PEND               | SKIPPED               |
+---------------------+--------------------+-----------------------+
| Ubuntu 20.04        | PASS               | SKIPPED               |
+---------------------+--------------------+-----------------------+
| Ubuntu 22.04        | PASS               | SKIPPED               |
+---------------------+--------------------+-----------------------+
| Ubuntu 24.04        | PASS               | SKIPPED               |
+---------------------+--------------------+-----------------------+
| FreeBSD 13.4        | PASS               | SKIPPED               |
+---------------------+--------------------+-----------------------+
| FreeBSD 14.1        | PASS               | SKIPPED               |
+---------------------+--------------------+-----------------------+
| RHEL8               | PASS               | SKIPPED               |
+---------------------+--------------------+-----------------------+
| Windows Server 2022 | SKIPPED            | FAIL                  |
+---------------------+--------------------+-----------------------+

==== 20 line log output for Windows Server 2022 (dpdk_win_llvm_compile): ====
[148/617] Compiling C object drivers/net/e1000/base/libe1000_base.a.p/e1000_phy.c.obj
[149/617] Compiling C object drivers/libtmp_rte_net_i40e.a.p/net_i40e_i40e_rxtx.c.obj
[150/617] Generating rte_net_e1000_def with a custom command
[151/617] Compiling C object drivers/libtmp_rte_net_e1000.a.p/net_e1000_igb_flow.c.obj
[152/617] Compiling C object drivers/libtmp_rte_net_e1000.a.p/net_e1000_e1000_logs.c.obj
[153/617] Generating rte_net_e1000_mingw with a custom command
[154/617] Compiling C object drivers/libtmp_rte_net_e1000.a.p/net_e1000_igb_ethdev.c.obj
[155/617] Compiling C object drivers/libtmp_rte_net_e1000.a.p/net_e1000_em_ethdev.c.obj
[156/617] Compiling C object drivers/libtmp_rte_net_e1000.a.p/net_e1000_igb_pf.c.obj
[157/617] Compiling C object drivers/libtmp_rte_net_e1000.a.p/net_e1000_igb_rxtx.c.obj
[158/617] Compiling C object drivers/libtmp_rte_net_e1000.a.p/net_e1000_em_rxtx.c.obj
[159/617] Linking static target drivers/net/e1000/base/libe1000_base.a
[160/617] Compiling C object drivers/net/i40e/base/libi40e_base.a.p/i40e_adminq.c.obj
[161/617] Compiling C object drivers/net/i40e/base/libi40e_base.a.p/i40e_diag.c.obj
[162/617] Linking static target drivers/libtmp_rte_net_e1000.a
[163/617] Compiling C object drivers/net/i40e/base/libi40e_base.a.p/i40e_hmc.c.obj
[164/617] Compiling C object drivers/net/i40e/base/libi40e_base.a.p/i40e_dcb.c.obj
[165/617] Compiling C object drivers/net/i40e/base/libi40e_base.a.p/i40e_nvm.c.obj
[166/617] Compiling C object drivers/net/i40e/base/libi40e_base.a.p/i40e_common.c.obj
[167/617] Compiling C object drivers/net/i40e/base/libi40e_base.a.p/i40e_lan_hmc.c.obj
==== End log output ====

CentOS Stream 9
	Kernel: Depends on container host
	Compiler: gcc 11.4.1 20231218 (Red Hat 11.4.1-3)

Fedora 39 (Clang)
	Kernel: Depends on container host
	Compiler: clang 17.0.6 (Fedora 17.0.6-2.fc39)

Debian 12
	Kernel: Depends on container host
	Compiler: gcc (Debian 12.2.0-14) 12.2.0

Fedora 39
	Kernel: Depends on container host
	Compiler: gcc 13.3.1 20240522 (Red Hat 13.3.1-1)

Fedora 40
	Kernel: Depends on container host
	Compiler: gcc 14.2.1 20240801 (Red Hat 14.2.1-1)

Fedora 40 (Clang)
	Kernel: Depends on container host
	Compiler: clang 18.1.6 (Fedora 18.1.6-3.fc40)

openSUSE Leap 15
	Kernel: Depends on container host
	Compiler: gcc (SUSE Linux) 7.5.0

RHEL9
	Kernel: Depends on container host
	Compiler: gcc 11.4.1 20231218 (Red Hat 11.4.1-3)

Ubuntu 20.04
	Kernel: Depends on container host
	Compiler: gcc (Ubuntu 9.4.0-1ubuntu1~20.04.2) 9.4.0

Ubuntu 22.04
	Kernel: Depends on container host
	Compiler: gcc (Ubuntu 11.4.0-1ubuntu1~22.04) 11.4.0

Ubuntu 24.04
	Kernel: Depends on container host
	Compiler: gcc (Ubuntu 13.2.0-23ubuntu4) 13.2.0

FreeBSD 13.4
	Kernel: 13.4-RELEASE-p1
	Compiler: clang 18.1.6

FreeBSD 14.1
	Kernel: 14.1-RELEASE-p3
	Compiler: clang 18.1.5

RHEL8
	Kernel: Depends on container host
	Compiler: gcc 8.5.0 20210514 (Red Hat 8.5.0-22)

Windows Server 2022
	Kernel: 10.0.20348.2031
	Compiler: clang 15.0.7, gcc 14.1.0 (MinGW), and MSVC VS 19.39.33521

To view detailed results, visit:
https://lab.dpdk.org/results/dashboard/tarballs/31698/

UNH-IOL DPDK Community Lab

To manage your email subscriptions, visit: 
https://lab.dpdk.org/results/dashboard/preferences/subscriptions/


More information about the test-report mailing list