|WARNING| [GIT MASTER] 802f39367e08d2916cd21f7b6a34703bc8672a38
dpdklab at iol.unh.edu
dpdklab at iol.unh.edu
Sun Nov 24 09:04:43 CET 2024
_Testing issues_
Branch: tags/v22.11
802f39367e08d2916cd21f7b6a34703bc8672a38 --> testing issues
Upstream job id: Windows-Compile-DPDK-Native#24887
Test environment and result as below:
+---------------------+--------------------+-----------------------+
| Environment | dpdk_meson_compile | dpdk_win_llvm_compile |
+=====================+====================+=======================+
| CentOS Stream 9 | PASS | SKIPPED |
+---------------------+--------------------+-----------------------+
| Debian 12 | PASS | SKIPPED |
+---------------------+--------------------+-----------------------+
| Fedora 39 (Clang) | PEND | SKIPPED |
+---------------------+--------------------+-----------------------+
| Fedora 39 | PASS | SKIPPED |
+---------------------+--------------------+-----------------------+
| Fedora 40 | PEND | SKIPPED |
+---------------------+--------------------+-----------------------+
| openSUSE Leap 15 | PEND | SKIPPED |
+---------------------+--------------------+-----------------------+
| Fedora 40 (Clang) | PEND | SKIPPED |
+---------------------+--------------------+-----------------------+
| RHEL8 | PASS | SKIPPED |
+---------------------+--------------------+-----------------------+
| RHEL9 | PASS | SKIPPED |
+---------------------+--------------------+-----------------------+
| Ubuntu 20.04 | PEND | SKIPPED |
+---------------------+--------------------+-----------------------+
| Ubuntu 22.04 | PASS | SKIPPED |
+---------------------+--------------------+-----------------------+
| Ubuntu 24.04 | PASS | SKIPPED |
+---------------------+--------------------+-----------------------+
| FreeBSD 13.4 | PASS | SKIPPED |
+---------------------+--------------------+-----------------------+
| FreeBSD 14.1 | PASS | SKIPPED |
+---------------------+--------------------+-----------------------+
| Windows Server 2022 | SKIPPED | FAIL |
+---------------------+--------------------+-----------------------+
==== 20 line log output for Windows Server 2022 (dpdk_win_llvm_compile): ====
[172/788] Generating rte_net_e1000_def with a custom command
[173/788] Compiling C object drivers/librte_dma_skeleton.a.p/meson-generated_.._rte_dma_skeleton.pmd.c.obj
[174/788] Compiling C object drivers/rte_dma_skeleton-23.dll.p/meson-generated_.._rte_dma_skeleton.pmd.c.obj
[175/788] Linking static target drivers/librte_dma_skeleton.a
[176/788] Compiling C object drivers/libtmp_rte_net_e1000.a.p/net_e1000_e1000_logs.c.obj
[177/788] Compiling C object drivers/libtmp_rte_net_e1000.a.p/net_e1000_igb_pf.c.obj
[178/788] Linking static target drivers/net/e1000/base/libe1000_base.a
[179/788] Compiling C object drivers/libtmp_rte_net_e1000.a.p/net_e1000_igb_flow.c.obj
[180/788] Compiling C object drivers/libtmp_rte_net_e1000.a.p/net_e1000_em_ethdev.c.obj
[181/788] Compiling C object drivers/libtmp_rte_net_e1000.a.p/net_e1000_em_rxtx.c.obj
[182/788] Compiling C object drivers/libtmp_rte_net_e1000.a.p/net_e1000_igb_rxtx.c.obj
[183/788] Compiling C object drivers/libtmp_rte_net_e1000.a.p/net_e1000_igb_ethdev.c.obj
[184/788] Compiling C object drivers/net/i40e/base/libi40e_base.a.p/i40e_diag.c.obj
[185/788] Compiling C object drivers/net/i40e/base/libi40e_base.a.p/i40e_hmc.c.obj
[186/788] Compiling C object drivers/net/i40e/base/libi40e_base.a.p/i40e_lan_hmc.c.obj
[187/788] Linking static target drivers/libtmp_rte_net_e1000.a
[188/788] Compiling C object drivers/net/i40e/base/libi40e_base.a.p/i40e_dcb.c.obj
[189/788] Compiling C object drivers/net/i40e/base/libi40e_base.a.p/i40e_adminq.c.obj
[190/788] Compiling C object drivers/net/i40e/base/libi40e_base.a.p/i40e_nvm.c.obj
[191/788] Compiling C object drivers/net/i40e/base/libi40e_base.a.p/i40e_common.c.obj
==== End log output ====
CentOS Stream 9
Kernel: Depends on container host
Compiler: gcc 11.4.1 20231218 (Red Hat 11.4.1-3)
Debian 12
Kernel: Depends on container host
Compiler: gcc (Debian 12.2.0-14) 12.2.0
Fedora 39 (Clang)
Kernel: Depends on container host
Compiler: clang 17.0.6 (Fedora 17.0.6-2.fc39)
Fedora 39
Kernel: Depends on container host
Compiler: gcc 13.3.1 20240522 (Red Hat 13.3.1-1)
Fedora 40
Kernel: Depends on container host
Compiler: gcc 14.2.1 20240801 (Red Hat 14.2.1-1)
openSUSE Leap 15
Kernel: Depends on container host
Compiler: gcc (SUSE Linux) 7.5.0
Fedora 40 (Clang)
Kernel: Depends on container host
Compiler: clang 18.1.6 (Fedora 18.1.6-3.fc40)
RHEL8
Kernel: Depends on container host
Compiler: gcc 8.5.0 20210514 (Red Hat 8.5.0-22)
RHEL9
Kernel: Depends on container host
Compiler: gcc 11.4.1 20231218 (Red Hat 11.4.1-3)
Ubuntu 20.04
Kernel: Depends on container host
Compiler: gcc (Ubuntu 9.4.0-1ubuntu1~20.04.2) 9.4.0
Ubuntu 22.04
Kernel: Depends on container host
Compiler: gcc (Ubuntu 11.4.0-1ubuntu1~22.04) 11.4.0
Ubuntu 24.04
Kernel: Depends on container host
Compiler: gcc (Ubuntu 13.2.0-23ubuntu4) 13.2.0
FreeBSD 13.4
Kernel: 13.4-RELEASE-p1
Compiler: clang 18.1.6
FreeBSD 14.1
Kernel: 14.1-RELEASE-p3
Compiler: clang 18.1.5
Windows Server 2022
Kernel: 10.0.20348.2031
Compiler: clang 15.0.7, gcc 14.1.0 (MinGW), and MSVC VS 19.39.33521
To view detailed results, visit:
https://lab.dpdk.org/results/dashboard/tarballs/31699/
UNH-IOL DPDK Community Lab
To manage your email subscriptions, visit:
https://lab.dpdk.org/results/dashboard/preferences/subscriptions/
More information about the test-report
mailing list