|WARNING| [GIT MASTER] 802f39367e08d2916cd21f7b6a34703bc8672a38
dpdklab at iol.unh.edu
dpdklab at iol.unh.edu
Sun Nov 24 09:26:33 CET 2024
_Testing issues_
Branch: tags/v22.11
802f39367e08d2916cd21f7b6a34703bc8672a38 --> testing issues
Upstream job id: Generic-DPDK-Compile-Meson#337276
Test environment and result as below:
+---------------------+--------------------+-----------------------+----------------------+
| Environment | dpdk_meson_compile | dpdk_win_llvm_compile | dpdk_mingw64_compile |
+=====================+====================+=======================+======================+
| CentOS Stream 9 | PASS | SKIPPED | SKIPPED |
+---------------------+--------------------+-----------------------+----------------------+
| Debian 12 | PASS | SKIPPED | SKIPPED |
+---------------------+--------------------+-----------------------+----------------------+
| Fedora 39 (Clang) | PASS | SKIPPED | SKIPPED |
+---------------------+--------------------+-----------------------+----------------------+
| Fedora 39 | PASS | SKIPPED | SKIPPED |
+---------------------+--------------------+-----------------------+----------------------+
| Fedora 40 | PASS | SKIPPED | SKIPPED |
+---------------------+--------------------+-----------------------+----------------------+
| openSUSE Leap 15 | PASS | SKIPPED | SKIPPED |
+---------------------+--------------------+-----------------------+----------------------+
| Fedora 40 (Clang) | PASS | SKIPPED | SKIPPED |
+---------------------+--------------------+-----------------------+----------------------+
| RHEL8 | PASS | SKIPPED | SKIPPED |
+---------------------+--------------------+-----------------------+----------------------+
| RHEL9 | PASS | SKIPPED | SKIPPED |
+---------------------+--------------------+-----------------------+----------------------+
| Ubuntu 20.04 | PASS | SKIPPED | SKIPPED |
+---------------------+--------------------+-----------------------+----------------------+
| Ubuntu 22.04 | PASS | SKIPPED | SKIPPED |
+---------------------+--------------------+-----------------------+----------------------+
| Ubuntu 24.04 | PASS | SKIPPED | SKIPPED |
+---------------------+--------------------+-----------------------+----------------------+
| FreeBSD 13.4 | PASS | SKIPPED | SKIPPED |
+---------------------+--------------------+-----------------------+----------------------+
| FreeBSD 14.1 | PASS | SKIPPED | SKIPPED |
+---------------------+--------------------+-----------------------+----------------------+
| Windows Server 2022 | SKIPPED | FAIL | FAIL |
+---------------------+--------------------+-----------------------+----------------------+
==== 20 line log output for Windows Server 2022 (dpdk_mingw64_compile): ====
[675/719] Compiling C object app/test/dpdk-test.exe.p/test_trace.c.obj
[676/719] Compiling C object app/test/dpdk-test.exe.p/test_trace_register.c.obj
[677/719] Compiling C object app/test/dpdk-test.exe.p/test_timer_racecond.c.obj
[678/719] Compiling C object app/test/dpdk-test.exe.p/test_version.c.obj
[679/719] Compiling C object app/test/dpdk-test.exe.p/test_trace_perf.c.obj
[680/719] Compiling C object app/test/dpdk-test.exe.p/test_timer_secondary.c.obj
[681/719] Compiling C object app/test/dpdk-test.exe.p/test_ticketlock.c.obj
[682/719] Compiling C object app/test/dpdk-test.exe.p/test_metrics.c.obj
[683/719] Compiling C object app/test/dpdk-test.exe.p/virtual_pmd.c.obj
[684/719] Linking static target lib/net/libnet_crc_avx512_lib.a
[685/719] Compiling C object app/test/dpdk-test.exe.p/test_bpf.c.obj
[686/719] Compiling C object examples/dpdk-helloworld.exe.p/helloworld_main.c.obj
[687/719] Linking target lib/librte_bitratestats-23.dll
[688/719] Linking target lib/librte_cmdline-23.dll
[689/719] Linking target lib/librte_gpudev-23.dll
[690/719] Linking target lib/librte_gso-23.dll
[691/719] Linking target lib/librte_timer-23.dll
[692/719] Linking target lib/librte_cfgfile-23.dll
[693/719] Linking target lib/librte_gro-23.dll
[694/719] Linking target drivers/librte_common_idpf-23.dll
==== End log output ====
CentOS Stream 9
Kernel: Depends on container host
Compiler: gcc 11.4.1 20231218 (Red Hat 11.4.1-3)
Debian 12
Kernel: Depends on container host
Compiler: gcc (Debian 12.2.0-14) 12.2.0
Fedora 39 (Clang)
Kernel: Depends on container host
Compiler: clang 17.0.6 (Fedora 17.0.6-2.fc39)
Fedora 39
Kernel: Depends on container host
Compiler: gcc 13.3.1 20240522 (Red Hat 13.3.1-1)
Fedora 40
Kernel: Depends on container host
Compiler: gcc 14.2.1 20240801 (Red Hat 14.2.1-1)
openSUSE Leap 15
Kernel: Depends on container host
Compiler: gcc (SUSE Linux) 7.5.0
Fedora 40 (Clang)
Kernel: Depends on container host
Compiler: clang 18.1.6 (Fedora 18.1.6-3.fc40)
RHEL8
Kernel: Depends on container host
Compiler: gcc 8.5.0 20210514 (Red Hat 8.5.0-22)
RHEL9
Kernel: Depends on container host
Compiler: gcc 11.4.1 20231218 (Red Hat 11.4.1-3)
Ubuntu 20.04
Kernel: Depends on container host
Compiler: gcc (Ubuntu 9.4.0-1ubuntu1~20.04.2) 9.4.0
Ubuntu 22.04
Kernel: Depends on container host
Compiler: gcc (Ubuntu 11.4.0-1ubuntu1~22.04) 11.4.0
Ubuntu 24.04
Kernel: Depends on container host
Compiler: gcc (Ubuntu 13.2.0-23ubuntu4) 13.2.0
FreeBSD 13.4
Kernel: 13.4-RELEASE-p1
Compiler: clang 18.1.6
FreeBSD 14.1
Kernel: 14.1-RELEASE-p3
Compiler: clang 18.1.5
Windows Server 2022
Kernel: 10.0.20348.2031
Compiler: clang 15.0.7, gcc 14.1.0 (MinGW), and MSVC VS 19.39.33521
To view detailed results, visit:
https://lab.dpdk.org/results/dashboard/tarballs/31699/
UNH-IOL DPDK Community Lab
To manage your email subscriptions, visit:
https://lab.dpdk.org/results/dashboard/preferences/subscriptions/
More information about the test-report
mailing list