|FAILURE| pw148854-148861 [PATCH] [v4,8/8] devtools: add script to g

dpdklab at iol.unh.edu dpdklab at iol.unh.edu
Tue Nov 26 18:37:00 CET 2024


Test-Label: iol-compile-arm64-testing
Test-Status: FAILURE
http://dpdk.org/patch/148861

_Testing issues_

Submitter: Burakov, Anatoly <anatoly.burakov at intel.com>
Date: Tuesday, November 26 2024 14:39:53 
DPDK git baseline: Repo:dpdk
  Branch: master
  CommitID:5744e912341ee26a0dd5b9ec28b16b8a4e45d1bc

148854-148861 --> testing issues

Upstream job id: Generic-DPDK-Compile-Meson#338135

Test environment and result as below:

+----------------------------------------+--------------------+
|              Environment               | dpdk_meson_compile |
+========================================+====================+
| RHEL9 (ARM)                            | PASS               |
+----------------------------------------+--------------------+
| Ubuntu 20.04 ARM GCC Cross Compile     | PASS               |
+----------------------------------------+--------------------+
| Ubuntu 20.04 ARM SVE                   | PASS               |
+----------------------------------------+--------------------+
| Debian 12 with MUSDK                   | FAIL               |
+----------------------------------------+--------------------+
| Fedora 39 (ARM)                        | PASS               |
+----------------------------------------+--------------------+
| Fedora 40 (ARM)                        | PASS               |
+----------------------------------------+--------------------+
| Fedora 40 (ARM Clang)                  | PASS               |
+----------------------------------------+--------------------+
| Fedora 39 (ARM Clang)                  | PASS               |
+----------------------------------------+--------------------+
| Ubuntu 20.04 (ARM)                     | PASS               |
+----------------------------------------+--------------------+
| Ubuntu 22.04 (ARM)                     | PASS               |
+----------------------------------------+--------------------+
| Ubuntu 24.04 (ARM)                     | PASS               |
+----------------------------------------+--------------------+
| CentOS Stream 9 (ARM)                  | PASS               |
+----------------------------------------+--------------------+
| Debian 12 (arm)                        | PASS               |
+----------------------------------------+--------------------+
| Ubuntu 20.04 ARM Clang Cross Compile   | PASS               |
+----------------------------------------+--------------------+
| Ubuntu 20.04 aarch32 GCC Cross Compile | PASS               |
+----------------------------------------+--------------------+

==== 20 line log output for Debian 12 with MUSDK (dpdk_meson_compile): ====
[753/1035] Compiling C object app/dpdk-test-bbdev.p/test-bbdev_test_bbdev_vector.c.o
[754/1035] Linking target app/dpdk-test-bbdev
[755/1035] Compiling C object app/dpdk-test-cmdline.p/test-cmdline_commands.c.o
[756/1035] Compiling C object app/dpdk-test-cmdline.p/test-cmdline_cmdline_test.c.o
[757/1035] Linking target app/dpdk-test-cmdline
[758/1035] Compiling C object app/dpdk-test-compress-perf.p/test-compress-perf_comp_perf_options_parse.c.o
[759/1035] Compiling C object app/dpdk-test-compress-perf.p/test-compress-perf_comp_perf_test_common.c.o
[760/1035] Compiling C object app/dpdk-test-compress-perf.p/test-compress-perf_comp_perf_test_cyclecount.c.o
[761/1035] Compiling C object app/dpdk-test-compress-perf.p/test-compress-perf_comp_perf_test_throughput.c.o
[762/1035] Compiling C object app/dpdk-test-compress-perf.p/test-compress-perf_comp_perf_test_verify.c.o
[763/1035] Compiling C object app/dpdk-test-compress-perf.p/test-compress-perf_main.c.o
[764/1035] Linking target app/dpdk-test-compress-perf
[765/1035] Compiling C object app/dpdk-test-crypto-perf.p/test-crypto-perf_cperf_ops.c.o
FAILED: app/dpdk-test-crypto-perf.p/test-crypto-perf_cperf_ops.c.o
ccache aarch64-linux-gnu-gcc -Iapp/dpdk-test-crypto-perf.p -Iapp -I../app -Ilib/cryptodev -I../lib/cryptodev -Ilib/mbuf -I../lib/mbuf -Ilib/mempool -I../lib/mempool -Ilib/ring -I../lib/ring -I. -I.. -Iconfig -I../config -Ilib/eal/include -I../lib/eal/include -Ilib/eal/linux/include -I../lib/eal/linux/include -Ilib/eal/arm/include -I../lib/eal/arm/include -I../kernel/linux -Ilib/eal/common -I../lib/eal/common -Ilib/eal -I../lib/eal -Ilib/kvargs -I../lib/kvargs -Ilib/log -I../lib/log -Ilib/metrics -I../lib/metrics -Ilib/telemetry -I../lib/telemetry -Ilib/rcu -I../lib/rcu -fdiagnostics-color=always -pipe -D_FILE_OFFSET_BITS=64 -Wall -Winvalid-pch -Wextra -Werror -std=c11 -O3 -include rte_config.h -Wcast-qual -Wdeprecated -Wformat -Wformat-nonliteral -Wformat-security -Wmissing-declarations -Wmissing-prototypes -Wnested-externs -Wold-style-definition -Wpointer-arith -Wsign-compare -Wstrict-prototypes -Wundef -Wwrite-strings -Wno-packed-not-aligned -Wno-missing-field-initializers -D_GNU_S
 OURCE -mcpu=cortex-a72 -DALLOW_EXPERIMENTAL_API -MD -MQ app/dpdk-test-crypto-perf.p/test-crypto-perf_cperf_ops.c.o -MF app/dpdk-test-crypto-perf.p/test-crypto-perf_cperf_ops.c.o.d -o app/dpdk-test-crypto-perf.p/test-crypto-perf_cperf_ops.c.o -c ../app/test-crypto-perf/cperf_ops.c
../app/test-crypto-perf/cperf_ops.c:6:10: fatal error: rte_ether.h: No such file or directory
6 | #include <rte_ether.h>
|          ^~~~~~~~~~~~~
compilation terminated.
ninja: build stopped: subcommand failed.
==== End log output ====

RHEL9 (ARM)
	Kernel: Depends on container host
	Compiler: gcc 11.4.1 20231218 (Red Hat 11.4.1-3)

Ubuntu 20.04 ARM GCC Cross Compile
	Kernel: Depends on container host
	Compiler: aarch64-linux-gnu-gcc (Ubuntu 9.4.0-1ubuntu1~20.04.2) 9.4.0

Ubuntu 20.04 ARM SVE
	Kernel: Depends on container host
	Compiler: gcc (Ubuntu 10.5.0-1ubuntu1~20.04) 10.5.0

Debian 12 with MUSDK
	Kernel: Depends on container host
	Compiler: gcc (Debian 12.2.0-14) 12.2.0

Fedora 39 (ARM)
	Kernel: Depends on container host
	Compiler: gcc 13.3.1 20240522 (Red Hat 13.3.1-1)

Fedora 40 (ARM)
	Kernel: Depends on container host
	Compiler: gcc 14.2.1 20240801 (Red Hat 14.2.1-1)

Fedora 40 (ARM Clang)
	Kernel: Depends on container host
	Compiler: clang 18.1.6 (Fedora 18.1.6-3.fc40)

Fedora 39 (ARM Clang)
	Kernel: Depends on container host
	Compiler: clang 17.0.6 (Fedora 17.0.6-2.fc39)

Ubuntu 20.04 (ARM)
	Kernel: Depends on container host
	Compiler: gcc (Ubuntu 9.4.0-1ubuntu1~20.04.2) 9.4.0

Ubuntu 22.04 (ARM)
	Kernel: Depends on container host
	Compiler: gcc (Ubuntu 11.4.0-1ubuntu1~22.04) 11.4.0

Ubuntu 24.04 (ARM)
	Kernel: Depends on container host
	Compiler: gcc (Ubuntu 13.2.0-23ubuntu4) 13.2.0

CentOS Stream 9 (ARM)
	Kernel: Depends on container host
	Compiler: gcc 11.4.1 20231218 (Red Hat 11.4.1-3)

Debian 12 (arm)
	Kernel: Depends on container host
	Compiler: gcc (Debian 12.2.0-14) 12.2.0

Ubuntu 20.04 ARM Clang Cross Compile
	Kernel: Depends on container host
	Compiler: clang 10.0.0-4ubuntu1

Ubuntu 20.04 aarch32 GCC Cross Compile
	Kernel: Depends on container host
	Compiler: gcc 9.4.0

To view detailed results, visit:
https://lab.dpdk.org/results/dashboard/patchsets/32021/

UNH-IOL DPDK Community Lab

To manage your email subscriptions, visit: 
https://lab.dpdk.org/results/dashboard/preferences/subscriptions/


More information about the test-report mailing list