|FAILURE| pw145777 [PATCH] [v4] fib: network byte order IPv4 lookup
    dpdklab at iol.unh.edu 
    dpdklab at iol.unh.edu
       
    Sun Oct 13 23:13:22 CEST 2024
    
    
  
Test-Label: iol-compile-arm64-testing
Test-Status: FAILURE
http://dpdk.org/patch/145777
_Testing issues_
Submitter: Vladimir Medvedkin <vladimir.medvedkin at intel.com>
Date: Friday, October 11 2024 17:57:01 
DPDK git baseline: Repo:dpdk
  Branch: master
  CommitID:98613d32e3dac58d685f4f236cf8cc9733abaaf3
145777 --> testing issues
Upstream job id: Generic-DPDK-Compile-Meson#315035
Test environment and result as below:
+------------------------------------+--------------------+
|            Environment             | dpdk_meson_compile |
+====================================+====================+
| RHEL9 (ARM)                        | FAIL               |
+------------------------------------+--------------------+
| Ubuntu 20.04 ARM GCC Cross Compile | FAIL               |
+------------------------------------+--------------------+
| Ubuntu 20.04 ARM SVE               | PASS               |
+------------------------------------+--------------------+
| Debian 12 with MUSDK               | FAIL               |
+------------------------------------+--------------------+
| Fedora 37 (ARM)                    | FAIL               |
+------------------------------------+--------------------+
| Fedora 38 (ARM Clang)              | FAIL               |
+------------------------------------+--------------------+
| Fedora 39 (ARM)                    | FAIL               |
+------------------------------------+--------------------+
| Fedora 39 (ARM Clang)              | FAIL               |
+------------------------------------+--------------------+
| Fedora 40 (ARM Clang)              | FAIL               |
+------------------------------------+--------------------+
| Ubuntu 20.04 (ARM)                 | FAIL               |
+------------------------------------+--------------------+
| Ubuntu 22.04 (ARM)                 | FAIL               |
+------------------------------------+--------------------+
| Ubuntu 24.04 (ARM)                 | PEND               |
+------------------------------------+--------------------+
| CentOS Stream 9 (ARM)              | PEND               |
+------------------------------------+--------------------+
==== 20 line log output for Ubuntu 22.04 (ARM) (dpdk_meson_compile): ====
Message: lib/rawdev: Defining dependency "rawdev"
Message: lib/regexdev: Defining dependency "regexdev"
Fetching value of define "__ARM_NEON" : 1 (cached)
Fetching value of define "__ARM_NEON" : 1 (cached)
Fetching value of define "__ARM_FEATURE_BF16" :
Message: lib/mldev: Defining dependency "mldev"
Message: lib/rib: Defining dependency "rib"
Message: lib/reorder: Defining dependency "reorder"
Message: lib/sched: Defining dependency "sched"
Message: lib/security: Defining dependency "security"
Message: lib/stack: Defining dependency "stack"
Has header "linux/userfaultfd.h" : YES
Has header "linux/vduse.h" : YES
Message: lib/vhost: Defining dependency "vhost"
Message: lib/ipsec: Defining dependency "ipsec"
Message: lib/pdcp: Defining dependency "pdcp"
lib/fib/meson.build:15:3: ERROR: Unknown variable "target_has_avx512".
A full log can be found at /home-local/jenkins-local/jenkins-agent/workspace/Generic-DPDK-Compile-Meson/dpdk/build/meson-logs/meson-log.txt
==== End log output ====
RHEL9 (ARM)
	Kernel: Depends on container host
	Compiler: gcc 11.4.1 20231218 (Red Hat 11.4.1-3)
Ubuntu 20.04 ARM GCC Cross Compile
	Kernel: Depends on container host
	Compiler: aarch64-linux-gnu-gcc (Ubuntu 9.4.0-1ubuntu1~20.04.2) 9.4.0
Ubuntu 20.04 ARM SVE
	Kernel: Depends on container host
	Compiler: gcc (Ubuntu 10.5.0-1ubuntu1~20.04) 10.5.0
Debian 12 with MUSDK
	Kernel: Depends on container host
	Compiler: gcc (Debian 12.2.0-14) 12.2.0
Fedora 37 (ARM)
	Kernel: Depends on container host
	Compiler: gcc 12.3.1 20230508 (Red Hat 12.3.1-1)
Fedora 38 (ARM Clang)
	Kernel: Depends on container host
	Compiler: clang 16.0.6 (Fedora 16.0.6-4.fc38)
Fedora 39 (ARM)
	Kernel: Depends on container host
	Compiler: gcc 13.3.1 20240522 (Red Hat 13.3.1-1)
Fedora 39 (ARM Clang)
	Kernel: Depends on container host
	Compiler: clang 17.0.6 (Fedora 17.0.6-2.fc39)
Fedora 40 (ARM Clang)
	Kernel: Depends on container host
	Compiler: clang 18.1.6 (Fedora 18.1.6-3.fc40)
Ubuntu 20.04 (ARM)
	Kernel: Depends on container host
	Compiler: gcc (Ubuntu 9.4.0-1ubuntu1~20.04.2) 9.4.0
Ubuntu 22.04 (ARM)
	Kernel: Depends on container host
	Compiler: gcc (Ubuntu 11.4.0-1ubuntu1~22.04) 11.4.0
Ubuntu 24.04 (ARM)
	Kernel: Depends on container host
	Compiler: gcc (Ubuntu 13.2.0-23ubuntu4) 13.2.0
CentOS Stream 9 (ARM)
	Kernel: Depends on container host
	Compiler: gcc 11.4.1 20231218 (Red Hat 11.4.1-3)
To view detailed results, visit:
https://lab.dpdk.org/results/dashboard/patchsets/31441/
UNH-IOL DPDK Community Lab
To manage your email subscriptions, visit: 
https://lab.dpdk.org/results/dashboard/preferences/subscriptions/
    
    
More information about the test-report
mailing list