|FAILURE| [GIT MASTER] 49b2102bf9fea000d36860353016a5c6ddf993a9

dpdklab at iol.unh.edu dpdklab at iol.unh.edu
Sun Sep 1 10:11:00 CEST 2024


_Testing issues_

Branch: tags/v21.11

49b2102bf9fea000d36860353016a5c6ddf993a9 --> testing issues

Upstream job id: Generic-DPDK-Compile-Meson#294182

Test environment and result as below:

+-------------------+--------------------+
|    Environment    | dpdk_meson_compile |
+===================+====================+
| FreeBSD 13.3      | PASS               |
+-------------------+--------------------+
| FreeBSD 14.1      | PASS               |
+-------------------+--------------------+
| CentOS Stream 9   | PEND               |
+-------------------+--------------------+
| Debian Bullseye   | PASS               |
+-------------------+--------------------+
| Debian 12         | PASS               |
+-------------------+--------------------+
| Fedora 38 (Clang) | PASS               |
+-------------------+--------------------+
| Fedora 38         | PASS               |
+-------------------+--------------------+
| Fedora 39 (Clang) | PASS               |
+-------------------+--------------------+
| Fedora 40 (Clang) | PEND               |
+-------------------+--------------------+
| Fedora 40         | PEND               |
+-------------------+--------------------+
| openSUSE Leap 15  | PEND               |
+-------------------+--------------------+
| RHEL8             | PASS               |
+-------------------+--------------------+
| RHEL9             | PASS               |
+-------------------+--------------------+
| Ubuntu 20.04      | PEND               |
+-------------------+--------------------+
| Ubuntu 22.04      | PEND               |
+-------------------+--------------------+
| Ubuntu 24.04      | FAIL               |
+-------------------+--------------------+
| RHEL 7            | PEND               |
+-------------------+--------------------+
| Fedora 37         | PEND               |
+-------------------+--------------------+
| Fedora 39         | PEND               |
+-------------------+--------------------+

==== 20 line log output for Ubuntu 24.04 (dpdk_meson_compile): ====
inlined from 'pcapng_add_option' at ../lib/pcapng/rte_pcapng.c:112:2,
inlined from 'pcapng_section_block' at ../lib/pcapng/rte_pcapng.c:175:8,
inlined from 'rte_pcapng_fdopen' at ../lib/pcapng/rte_pcapng.c:626:6:
/usr/include/x86_64-linux-gnu/bits/string_fortified.h:29:10: error: argument 2 null where non-null expected [-Werror=nonnull]
29 |   return __builtin___memcpy_chk (__dest, __src, __len,
|          ^~~~~~~~~~~~~~~~~~~~~~~~~~~~~~~~~~~~~~~~~~~~~
30 |                                  __glibc_objsize0 (__dest));
|                                  ~~~~~~~~~~~~~~~~~~~~~~~~~~
/usr/include/x86_64-linux-gnu/bits/string_fortified.h:29:10: note: in a call to built-in function '__builtin___memcpy_chk'
In function 'memcpy',
inlined from 'pcapng_add_option' at ../lib/pcapng/rte_pcapng.c:112:2,
inlined from 'rte_pcapng_write_stats' at ../lib/pcapng/rte_pcapng.c:350:9:
/usr/include/x86_64-linux-gnu/bits/string_fortified.h:29:10: error: argument 2 null where non-null expected [-Werror=nonnull]
29 |   return __builtin___memcpy_chk (__dest, __src, __len,
|          ^~~~~~~~~~~~~~~~~~~~~~~~~~~~~~~~~~~~~~~~~~~~~
30 |                                  __glibc_objsize0 (__dest));
|                                  ~~~~~~~~~~~~~~~~~~~~~~~~~~
/usr/include/x86_64-linux-gnu/bits/string_fortified.h:29:10: note: in a call to built-in function '__builtin___memcpy_chk'
cc1: all warnings being treated as errors
ninja: build stopped: subcommand failed.
==== End log output ====

FreeBSD 13.3
	Kernel: 13.3-RELEASE-p5
	Compiler: clang 17.0.6

FreeBSD 14.1
	Kernel: 14.1-RELEASE-p3
	Compiler: clang 18.1.5

CentOS Stream 9
	Kernel: Depends on container host
	Compiler: gcc 11.4.1 20231218 (Red Hat 11.4.1-3)

Debian Bullseye
	Kernel: Depends on container host
	Compiler: gcc (Debian 10.2.1-6) 10.2.1 20210110

Debian 12
	Kernel: Depends on container host
	Compiler: gcc (Debian 12.2.0-14) 12.2.0

Fedora 38 (Clang)
	Kernel: Depends on container host
	Compiler: clang 16.0.6 (Fedora 16.0.6-4.fc38)

Fedora 38
	Kernel: Depends on container host
	Compiler: gcc 13.2.1 20240316 (Red Hat 13.2.1-7)

Fedora 39 (Clang)
	Kernel: Depends on container host
	Compiler: clang 17.0.6 (Fedora 17.0.6-2.fc39)

Fedora 40 (Clang)
	Kernel: Depends on container host
	Compiler: clang 18.1.6 (Fedora 18.1.6-3.fc40)

Fedora 40
	Kernel: Depends on container host
	Compiler: gcc 14.2.1 20240801 (Red Hat 14.2.1-1)

openSUSE Leap 15
	Kernel: Depends on container host
	Compiler: gcc (SUSE Linux) 7.5.0

RHEL8
	Kernel: Depends on container host
	Compiler: gcc 8.5.0 20210514 (Red Hat 8.5.0-22)

RHEL9
	Kernel: Depends on container host
	Compiler: gcc 11.4.1 20231218 (Red Hat 11.4.1-3)

Ubuntu 20.04
	Kernel: Depends on container host
	Compiler: gcc (Ubuntu 9.4.0-1ubuntu1~20.04.2) 9.4.0

Ubuntu 22.04
	Kernel: Depends on container host
	Compiler: gcc (Ubuntu 11.4.0-1ubuntu1~22.04) 11.4.0

Ubuntu 24.04
	Kernel: Depends on container host
	Compiler: gcc (Ubuntu 13.2.0-23ubuntu4) 13.2.0

RHEL 7
	Kernel: Depends on container host
	Compiler: gcc 4.8.5 20150623 (Red Hat 4.8.5-44)

Fedora 37
	Kernel: Depends on container host system
	Compiler: gcc 12.3.1 20230508 (Red Hat 12.3.1-1)

Fedora 39
	Kernel: Depends on container host
	Compiler: gcc 13.3.1 20240522 (Red Hat 13.3.1-1)

To view detailed results, visit:
https://lab.dpdk.org/results/dashboard/tarballs/30410/

UNH-IOL DPDK Community Lab

To manage your email subscriptions, visit: 
https://lab.dpdk.org/results/dashboard/preferences/subscriptions/


More information about the test-report mailing list