|FAILURE| pw143668-143673 [PATCH] [6/6] app/test: add asymmetric tes

dpdklab at iol.unh.edu dpdklab at iol.unh.edu
Fri Sep 6 08:32:41 CEST 2024


Test-Label: iol-compile-arm64-testing
Test-Status: FAILURE
http://dpdk.org/patch/143673

_Testing issues_

Submitter: Gowrishankar Muthukrishnan <gmuthukrishn at marvell.com>
Date: Thursday, September 05 2024 14:56:10 
DPDK git baseline: Repo:dpdk
  Branch: master
  CommitID:41dd9a6bc2d9c6e20e139ad713cc9d172572dd43

143668-143673 --> testing issues

Upstream job id: Generic-DPDK-Compile-Meson#296217

Test environment and result as below:

+----------------------------------------+--------------------+
|              Environment               | dpdk_meson_compile |
+========================================+====================+
| Ubuntu 20.04 ARM GCC Cross Compile     | PASS               |
+----------------------------------------+--------------------+
| RHEL9 (ARM)                            | PASS               |
+----------------------------------------+--------------------+
| Ubuntu 20.04 ARM SVE                   | PASS               |
+----------------------------------------+--------------------+
| Debian 12 with MUSDK                   | PASS               |
+----------------------------------------+--------------------+
| Fedora 37 (ARM)                        | PASS               |
+----------------------------------------+--------------------+
| Fedora 38 (ARM)                        | PASS               |
+----------------------------------------+--------------------+
| Fedora 38 (ARM Clang)                  | FAIL               |
+----------------------------------------+--------------------+
| Fedora 39 (ARM)                        | PASS               |
+----------------------------------------+--------------------+
| Fedora 39 (ARM Clang)                  | FAIL               |
+----------------------------------------+--------------------+
| Fedora 40 (ARM)                        | PASS               |
+----------------------------------------+--------------------+
| Fedora 40 (ARM Clang)                  | FAIL               |
+----------------------------------------+--------------------+
| Ubuntu 20.04 (ARM)                     | PASS               |
+----------------------------------------+--------------------+
| Ubuntu 22.04 (ARM)                     | PASS               |
+----------------------------------------+--------------------+
| Ubuntu 24.04 (ARM)                     | PASS               |
+----------------------------------------+--------------------+
| CentOS Stream 9 (ARM)                  | PASS               |
+----------------------------------------+--------------------+
| Debian 11 (Buster) (ARM)               | PASS               |
+----------------------------------------+--------------------+
| Debian 12 (arm)                        | PASS               |
+----------------------------------------+--------------------+
| Ubuntu 20.04 ARM Clang Cross Compile   | FAIL               |
+----------------------------------------+--------------------+
| Ubuntu 20.04 aarch32 GCC Cross Compile | PASS               |
+----------------------------------------+--------------------+

==== 20 line log output for Ubuntu 20.04 ARM Clang Cross Compile (dpdk_meson_compile): ====
../lib/vhost/vhost_crypto.c:1449:24: error: calling function 'get_data_ptr' requires holding mutex 'vc_req->vq->iotlb_lock' [-Werror,-Wthread-safety-analysis]
rsa->message.data = get_data_ptr(vc_req, desc, VHOST_ACCESS_RO);
^
../lib/vhost/vhost_crypto.c:1454:24: error: calling function 'get_data_ptr' requires holding mutex 'vc_req->vq->iotlb_lock' [-Werror,-Wthread-safety-analysis]
rsa->message.data = get_data_ptr(vc_req, desc, VHOST_ACCESS_RO);
^
../lib/vhost/vhost_crypto.c:1465:23: error: calling function 'get_data_ptr' requires holding mutex 'vc_req->vq->iotlb_lock' [-Werror,-Wthread-safety-analysis]
rsa->cipher.data = get_data_ptr(vc_req, desc, VHOST_ACCESS_RW);
^
../lib/vhost/vhost_crypto.c:1474:23: error: calling function 'get_data_ptr' requires holding mutex 'vc_req->vq->iotlb_lock' [-Werror,-Wthread-safety-analysis]
rsa->cipher.data = get_data_ptr(vc_req, desc, VHOST_ACCESS_RO);
^
../lib/vhost/vhost_crypto.c:1477:24: error: calling function 'get_data_ptr' requires holding mutex 'vc_req->vq->iotlb_lock' [-Werror,-Wthread-safety-analysis]
rsa->message.data = get_data_ptr(vc_req, desc, VHOST_ACCESS_RO);
^
../lib/vhost/vhost_crypto.c:1493:18: error: calling function 'get_data_ptr' requires holding mutex 'vc_req->vq->iotlb_lock' [-Werror,-Wthread-safety-analysis]
vc_req->inhdr = get_data_ptr(vc_req, desc, VHOST_ACCESS_WO);
^
9 errors generated.
ninja: build stopped: subcommand failed.
==== End log output ====

Ubuntu 20.04 ARM GCC Cross Compile
	Kernel: Depends on container host
	Compiler: aarch64-linux-gnu-gcc (Ubuntu 9.4.0-1ubuntu1~20.04.2) 9.4.0

RHEL9 (ARM)
	Kernel: Depends on container host
	Compiler: gcc 11.4.1 20231218 (Red Hat 11.4.1-3)

Ubuntu 20.04 ARM SVE
	Kernel: Depends on container host
	Compiler: gcc (Ubuntu 10.5.0-1ubuntu1~20.04) 10.5.0

Debian 12 with MUSDK
	Kernel: Depends on container host
	Compiler: gcc (Debian 12.2.0-14) 12.2.0

Fedora 37 (ARM)
	Kernel: Depends on container host
	Compiler: gcc 12.3.1 20230508 (Red Hat 12.3.1-1)

Fedora 38 (ARM)
	Kernel: Depends on container host
	Compiler: gcc 13.2.1 20240316 (Red Hat 13.2.1-7)

Fedora 38 (ARM Clang)
	Kernel: Depends on container host
	Compiler: clang 16.0.6 (Fedora 16.0.6-4.fc38)

Fedora 39 (ARM)
	Kernel: Depends on container host
	Compiler: gcc 13.3.1 20240522 (Red Hat 13.3.1-1)

Fedora 39 (ARM Clang)
	Kernel: Depends on container host
	Compiler: clang 17.0.6 (Fedora 17.0.6-2.fc39)

Fedora 40 (ARM)
	Kernel: Depends on container host
	Compiler: gcc 14.2.1 20240801 (Red Hat 14.2.1-1)

Fedora 40 (ARM Clang)
	Kernel: Depends on container host
	Compiler: clang 18.1.6 (Fedora 18.1.6-3.fc40)

Ubuntu 20.04 (ARM)
	Kernel: Depends on container host
	Compiler: gcc (Ubuntu 9.4.0-1ubuntu1~20.04.2) 9.4.0

Ubuntu 22.04 (ARM)
	Kernel: Depends on container host
	Compiler: gcc (Ubuntu 11.4.0-1ubuntu1~22.04) 11.4.0

Ubuntu 24.04 (ARM)
	Kernel: Depends on container host
	Compiler: gcc (Ubuntu 13.2.0-23ubuntu4) 13.2.0

CentOS Stream 9 (ARM)
	Kernel: Depends on container host
	Compiler: gcc 11.4.1 20231218 (Red Hat 11.4.1-3)

Debian 11 (Buster) (ARM)
	Kernel: Depends on container host
	Compiler: gcc (Debian 10.2.1-6) 10.2.1 20210110

Debian 12 (arm)
	Kernel: Depends on container host
	Compiler: gcc (Debian 12.2.0-14) 12.2.0

Ubuntu 20.04 ARM Clang Cross Compile
	Kernel: Depends on container host
	Compiler: clang 10.0.0-4ubuntu1

Ubuntu 20.04 aarch32 GCC Cross Compile
	Kernel: Depends on container host
	Compiler: gcc 9.4.0

To view detailed results, visit:
https://lab.dpdk.org/results/dashboard/patchsets/30925/

UNH-IOL DPDK Community Lab

To manage your email subscriptions, visit: 
https://lab.dpdk.org/results/dashboard/preferences/subscriptions/


More information about the test-report mailing list