|WARNING| [GIT MASTER] 41dd9a6bc2d9c6e20e139ad713cc9d172572dd43

dpdklab at iol.unh.edu dpdklab at iol.unh.edu
Fri Sep 6 10:08:43 CEST 2024


_Testing issues_

Branch: dpdk

41dd9a6bc2d9c6e20e139ad713cc9d172572dd43 --> testing issues

Upstream job id: Generic-DPDK-Compile-ABI#103851

Test environment and result as below:

+-------------------+----------+
|    Environment    | abi_test |
+===================+==========+
| CentOS Stream 9   | FAIL     |
+-------------------+----------+
| Debian Bullseye   | FAIL     |
+-------------------+----------+
| Debian 12         | FAIL     |
+-------------------+----------+
| Fedora 37         | FAIL     |
+-------------------+----------+
| Fedora 38         | FAIL     |
+-------------------+----------+
| Fedora 38 (Clang) | FAIL     |
+-------------------+----------+
| Fedora 39 (Clang) | FAIL     |
+-------------------+----------+
| Fedora 39         | FAIL     |
+-------------------+----------+
| Fedora 40         | FAIL     |
+-------------------+----------+
| openSUSE Leap 15  | FAIL     |
+-------------------+----------+
| RHEL8             | FAIL     |
+-------------------+----------+
| RHEL9             | FAIL     |
+-------------------+----------+
| Ubuntu 22.04      | FAIL     |
+-------------------+----------+
| Ubuntu 24.04      | FAIL     |
+-------------------+----------+
| Arch Linux        | FAIL     |
+-------------------+----------+
| Fedora 40 (Clang) | FAIL     |
+-------------------+----------+

==== 20 line log output for Fedora 40 (Clang) (abi_test): ====
Error: cannot find librte_reorder.so.24.0 in build_install
Error: cannot find librte_bpf.so.24.0 in build_install
Error: cannot find librte_pcapng.so.24.0 in build_install
Error: cannot find librte_cmdline.so.24.0 in build_install
Error: cannot find librte_distributor.so.24.0 in build_install
Error: cannot find librte_jobstats.so.24.0 in build_install
Error: cannot find librte_bitratestats.so.24.0 in build_install
Error: cannot find librte_compressdev.so.24.0 in build_install
Error: cannot find librte_ring.so.24.0 in build_install
Error: cannot find librte_latencystats.so.24.0 in build_install
Error: cannot find librte_cryptodev.so.24.0 in build_install
Error: cannot find librte_pdump.so.24.0 in build_install
Error: cannot find librte_timer.so.24.0 in build_install
Error: cannot find librte_mbuf.so.24.0 in build_install
Error: cannot find librte_kvargs.so.24.0 in build_install
Error: cannot find librte_rib.so.24.0 in build_install
Error: cannot find librte_sched.so.24.0 in build_install
Error: cannot find librte_gpudev.so.24.0 in build_install
Error: cannot find librte_node.so.24.0 in build_install
Error: cannot find librte_member.so.24.0 in build_install
==== End log output ====

CentOS Stream 9
	Kernel: Depends on container host
	Compiler: gcc 11.4.1 20231218 (Red Hat 11.4.1-3)

Debian Bullseye
	Kernel: Depends on container host
	Compiler: gcc (Debian 10.2.1-6) 10.2.1 20210110

Debian 12
	Kernel: Depends on container host
	Compiler: gcc (Debian 12.2.0-14) 12.2.0

Fedora 37
	Kernel: Depends on container host system
	Compiler: gcc 12.3.1 20230508 (Red Hat 12.3.1-1)

Fedora 38
	Kernel: Depends on container host
	Compiler: gcc 13.2.1 20240316 (Red Hat 13.2.1-7)

Fedora 38 (Clang)
	Kernel: Depends on container host
	Compiler: clang 16.0.6 (Fedora 16.0.6-4.fc38)

Fedora 39 (Clang)
	Kernel: Depends on container host
	Compiler: clang 17.0.6 (Fedora 17.0.6-2.fc39)

Fedora 39
	Kernel: Depends on container host
	Compiler: gcc 13.3.1 20240522 (Red Hat 13.3.1-1)

Fedora 40
	Kernel: Depends on container host
	Compiler: gcc 14.2.1 20240801 (Red Hat 14.2.1-1)

openSUSE Leap 15
	Kernel: Depends on container host
	Compiler: gcc (SUSE Linux) 7.5.0

RHEL8
	Kernel: Depends on container host
	Compiler: gcc 8.5.0 20210514 (Red Hat 8.5.0-22)

RHEL9
	Kernel: Depends on container host
	Compiler: gcc 11.4.1 20231218 (Red Hat 11.4.1-3)

Ubuntu 22.04
	Kernel: Depends on container host
	Compiler: gcc (Ubuntu 11.4.0-1ubuntu1~22.04) 11.4.0

Ubuntu 24.04
	Kernel: Depends on container host
	Compiler: gcc (Ubuntu 13.2.0-23ubuntu4) 13.2.0

Arch Linux
	Kernel: Depends on container host
	Compiler: gcc 14.2.1 20240805

Fedora 40 (Clang)
	Kernel: Depends on container host
	Compiler: clang 18.1.6 (Fedora 18.1.6-3.fc40)

To view detailed results, visit:
https://lab.dpdk.org/results/dashboard/tarballs/30478/

UNH-IOL DPDK Community Lab

To manage your email subscriptions, visit: 
https://lab.dpdk.org/results/dashboard/preferences/subscriptions/


More information about the test-report mailing list