|WARNING| [GIT MASTER] 41dd9a6bc2d9c6e20e139ad713cc9d172572dd43
dpdklab at iol.unh.edu
dpdklab at iol.unh.edu
Sun Sep 8 03:28:50 CEST 2024
_Testing issues_
Branch: dpdk
41dd9a6bc2d9c6e20e139ad713cc9d172572dd43 --> testing issues
Upstream job id: Generic-DPDK-Compile-ABI#103957
Test environment and result as below:
+-------------------+----------+
| Environment | abi_test |
+===================+==========+
| Fedora 37 | FAIL |
+-------------------+----------+
| Fedora 38 (Clang) | FAIL |
+-------------------+----------+
| CentOS Stream 9 | FAIL |
+-------------------+----------+
| Fedora 39 | FAIL |
+-------------------+----------+
| Debian 12 | FAIL |
+-------------------+----------+
| Fedora 40 (Clang) | FAIL |
+-------------------+----------+
| Debian Bullseye | FAIL |
+-------------------+----------+
| Fedora 38 | FAIL |
+-------------------+----------+
| Arch Linux | FAIL |
+-------------------+----------+
| openSUSE Leap 15 | FAIL |
+-------------------+----------+
| Ubuntu 22.04 | FAIL |
+-------------------+----------+
| Ubuntu 24.04 | FAIL |
+-------------------+----------+
| Fedora 39 (Clang) | FAIL |
+-------------------+----------+
| RHEL9 | FAIL |
+-------------------+----------+
| RHEL8 | FAIL |
+-------------------+----------+
| Fedora 40 | FAIL |
+-------------------+----------+
==== 20 line log output for Fedora 40 (abi_test): ====
Error: cannot find librte_net_atlantic.so.24.0 in build_install
Error: cannot find librte_crypto_dpaa_sec.so.24.0 in build_install
Error: cannot find librte_net_memif.so.24.0 in build_install
Error: cannot find librte_crypto_caam_jr.so.24.0 in build_install
Error: cannot find librte_net_cpfl.so.24.0 in build_install
Error: cannot find librte_baseband_turbo_sw.so.24.0 in build_install
Error: cannot find librte_regex_cn9k.so.24.0 in build_install
Error: cannot find librte_common_mlx5.so.24.0 in build_install
Error: cannot find librte_common_cpt.so.24.0 in build_install
Error: cannot find librte_event_dpaa2.so.24.0 in build_install
Error: cannot find librte_net_vdev_netvsc.so.24.0 in build_install
Error: cannot find librte_net_pfe.so.24.0 in build_install
Error: cannot find librte_compress_zlib.so.24.0 in build_install
Error: cannot find librte_baseband_la12xx.so.24.0 in build_install
Error: cannot find librte_net_tap.so.24.0 in build_install
Error: cannot find librte_net_iavf.so.24.0 in build_install
Error: cannot find librte_cryptodev.so.24.0 in build_install
Error: cannot find librte_bitratestats.so.24.0 in build_install
Error: cannot find librte_gro.so.24.0 in build_install
Error: cannot find librte_member.so.24.0 in build_install
==== End log output ====
Fedora 37
Kernel: Depends on container host system
Compiler: gcc 12.3.1 20230508 (Red Hat 12.3.1-1)
Fedora 38 (Clang)
Kernel: Depends on container host
Compiler: clang 16.0.6 (Fedora 16.0.6-4.fc38)
CentOS Stream 9
Kernel: Depends on container host
Compiler: gcc 11.4.1 20231218 (Red Hat 11.4.1-3)
Fedora 39
Kernel: Depends on container host
Compiler: gcc 13.3.1 20240522 (Red Hat 13.3.1-1)
Debian 12
Kernel: Depends on container host
Compiler: gcc (Debian 12.2.0-14) 12.2.0
Fedora 40 (Clang)
Kernel: Depends on container host
Compiler: clang 18.1.6 (Fedora 18.1.6-3.fc40)
Debian Bullseye
Kernel: Depends on container host
Compiler: gcc (Debian 10.2.1-6) 10.2.1 20210110
Fedora 38
Kernel: Depends on container host
Compiler: gcc 13.2.1 20240316 (Red Hat 13.2.1-7)
Arch Linux
Kernel: Depends on container host
Compiler: gcc 14.2.1 20240805
openSUSE Leap 15
Kernel: Depends on container host
Compiler: gcc (SUSE Linux) 7.5.0
Ubuntu 22.04
Kernel: Depends on container host
Compiler: gcc (Ubuntu 11.4.0-1ubuntu1~22.04) 11.4.0
Ubuntu 24.04
Kernel: Depends on container host
Compiler: gcc (Ubuntu 13.2.0-23ubuntu4) 13.2.0
Fedora 39 (Clang)
Kernel: Depends on container host
Compiler: clang 17.0.6 (Fedora 17.0.6-2.fc39)
RHEL9
Kernel: Depends on container host
Compiler: gcc 11.4.1 20231218 (Red Hat 11.4.1-3)
RHEL8
Kernel: Depends on container host
Compiler: gcc 8.5.0 20210514 (Red Hat 8.5.0-22)
Fedora 40
Kernel: Depends on container host
Compiler: gcc 14.2.1 20240801 (Red Hat 14.2.1-1)
To view detailed results, visit:
https://lab.dpdk.org/results/dashboard/tarballs/30506/
UNH-IOL DPDK Community Lab
To manage your email subscriptions, visit:
https://lab.dpdk.org/results/dashboard/preferences/subscriptions/
More information about the test-report
mailing list