|FAILURE| pw143816 [PATCH] [v3] net/zxdh: Provided zxdh basic init
dpdklab at iol.unh.edu
dpdklab at iol.unh.edu
Mon Sep 9 17:41:27 CEST 2024
Test-Label: iol-compile-arm64-testing
Test-Status: FAILURE
http://dpdk.org/patch/143816
_Testing issues_
Submitter: Junlong Wang <wang.junlong1 at zte.com.cn>
Date: Monday, September 09 2024 11:31:40
DPDK git baseline: Repo:dpdk
Branch: master
CommitID:523fd7b3adfdf5a87651e8ca33bc69223b3211d5
143816 --> testing issues
Upstream job id: Generic-DPDK-Compile-Meson#297901
Test environment and result as below:
+----------------------------------------+--------------------+
| Environment | dpdk_meson_compile |
+========================================+====================+
| RHEL9 (ARM) | FAIL |
+----------------------------------------+--------------------+
| Ubuntu 20.04 ARM GCC Cross Compile | PEND |
+----------------------------------------+--------------------+
| Ubuntu 20.04 ARM SVE | PASS |
+----------------------------------------+--------------------+
| Debian 12 with MUSDK | FAIL |
+----------------------------------------+--------------------+
| Fedora 37 (ARM) | FAIL |
+----------------------------------------+--------------------+
| Fedora 38 (ARM) | PEND |
+----------------------------------------+--------------------+
| Fedora 38 (ARM Clang) | PEND |
+----------------------------------------+--------------------+
| Fedora 39 (ARM) | PEND |
+----------------------------------------+--------------------+
| Fedora 39 (ARM Clang) | PEND |
+----------------------------------------+--------------------+
| Fedora 40 (ARM) | FAIL |
+----------------------------------------+--------------------+
| Fedora 40 (ARM Clang) | PEND |
+----------------------------------------+--------------------+
| Ubuntu 20.04 (ARM) | PEND |
+----------------------------------------+--------------------+
| Ubuntu 22.04 (ARM) | PEND |
+----------------------------------------+--------------------+
| Ubuntu 24.04 (ARM) | PEND |
+----------------------------------------+--------------------+
| CentOS Stream 9 (ARM) | PEND |
+----------------------------------------+--------------------+
| Debian 11 (Buster) (ARM) | FAIL |
+----------------------------------------+--------------------+
| Debian 12 (arm) | PEND |
+----------------------------------------+--------------------+
| Ubuntu 20.04 ARM Clang Cross Compile | PEND |
+----------------------------------------+--------------------+
| Ubuntu 20.04 aarch32 GCC Cross Compile | PEND |
+----------------------------------------+--------------------+
==== 20 line log output for Debian 11 (Buster) (ARM) (dpdk_meson_compile): ====
../drivers/net/zxdh/zxdh_msg.c:13:1: note: include '<stdlib.h>' or provide a declaration of 'malloc'
12 | #include "zxdh_msg.h"
+++ |+#include <stdlib.h>
13 |
../drivers/net/zxdh/zxdh_msg.c:859:2: error: implicit declaration of function 'free' [-Werror=implicit-function-declaration]
859 | free(reps_buffer);
| ^~~~
../drivers/net/zxdh/zxdh_msg.c:859:2: error: incompatible implicit declaration of built-in function 'free' [-Werror]
../drivers/net/zxdh/zxdh_msg.c:859:2: note: include '<stdlib.h>' or provide a declaration of 'free'
../drivers/net/zxdh/zxdh_msg.c: In function 'zxdh_bar_irq_recv':
../drivers/net/zxdh/zxdh_msg.c:903:24: error: incompatible implicit declaration of built-in function 'malloc' [-Werror]
903 | uint8_t *recved_msg = malloc(msg_header.len);
| ^~~~~~
../drivers/net/zxdh/zxdh_msg.c:903:24: note: include '<stdlib.h>' or provide a declaration of 'malloc'
../drivers/net/zxdh/zxdh_msg.c:924:2: error: incompatible implicit declaration of built-in function 'free' [-Werror]
924 | free(recved_msg);
| ^~~~
../drivers/net/zxdh/zxdh_msg.c:924:2: note: include '<stdlib.h>' or provide a declaration of 'free'
cc1: all warnings being treated as errors
ninja: build stopped: subcommand failed.
==== End log output ====
RHEL9 (ARM)
Kernel: Depends on container host
Compiler: gcc 11.4.1 20231218 (Red Hat 11.4.1-3)
Ubuntu 20.04 ARM GCC Cross Compile
Kernel: Depends on container host
Compiler: aarch64-linux-gnu-gcc (Ubuntu 9.4.0-1ubuntu1~20.04.2) 9.4.0
Ubuntu 20.04 ARM SVE
Kernel: Depends on container host
Compiler: gcc (Ubuntu 10.5.0-1ubuntu1~20.04) 10.5.0
Debian 12 with MUSDK
Kernel: Depends on container host
Compiler: gcc (Debian 12.2.0-14) 12.2.0
Fedora 37 (ARM)
Kernel: Depends on container host
Compiler: gcc 12.3.1 20230508 (Red Hat 12.3.1-1)
Fedora 38 (ARM)
Kernel: Depends on container host
Compiler: gcc 13.2.1 20240316 (Red Hat 13.2.1-7)
Fedora 38 (ARM Clang)
Kernel: Depends on container host
Compiler: clang 16.0.6 (Fedora 16.0.6-4.fc38)
Fedora 39 (ARM)
Kernel: Depends on container host
Compiler: gcc 13.3.1 20240522 (Red Hat 13.3.1-1)
Fedora 39 (ARM Clang)
Kernel: Depends on container host
Compiler: clang 17.0.6 (Fedora 17.0.6-2.fc39)
Fedora 40 (ARM)
Kernel: Depends on container host
Compiler: gcc 14.2.1 20240801 (Red Hat 14.2.1-1)
Fedora 40 (ARM Clang)
Kernel: Depends on container host
Compiler: clang 18.1.6 (Fedora 18.1.6-3.fc40)
Ubuntu 20.04 (ARM)
Kernel: Depends on container host
Compiler: gcc (Ubuntu 9.4.0-1ubuntu1~20.04.2) 9.4.0
Ubuntu 22.04 (ARM)
Kernel: Depends on container host
Compiler: gcc (Ubuntu 11.4.0-1ubuntu1~22.04) 11.4.0
Ubuntu 24.04 (ARM)
Kernel: Depends on container host
Compiler: gcc (Ubuntu 13.2.0-23ubuntu4) 13.2.0
CentOS Stream 9 (ARM)
Kernel: Depends on container host
Compiler: gcc 11.4.1 20231218 (Red Hat 11.4.1-3)
Debian 11 (Buster) (ARM)
Kernel: Depends on container host
Compiler: gcc (Debian 10.2.1-6) 10.2.1 20210110
Debian 12 (arm)
Kernel: Depends on container host
Compiler: gcc (Debian 12.2.0-14) 12.2.0
Ubuntu 20.04 ARM Clang Cross Compile
Kernel: Depends on container host
Compiler: clang 10.0.0-4ubuntu1
Ubuntu 20.04 aarch32 GCC Cross Compile
Kernel: Depends on container host
Compiler: gcc 9.4.0
To view detailed results, visit:
https://lab.dpdk.org/results/dashboard/patchsets/30971/
UNH-IOL DPDK Community Lab
To manage your email subscriptions, visit:
https://lab.dpdk.org/results/dashboard/preferences/subscriptions/
More information about the test-report
mailing list