|FAILURE| pw143775-143785 [PATCH] [11/11] drivers: use per line logg

dpdklab at iol.unh.edu dpdklab at iol.unh.edu
Tue Sep 10 02:33:49 CEST 2024


Test-Label: iol-unit-amd64-testing
Test-Status: FAILURE
http://dpdk.org/patch/143785

_Testing issues_

Submitter: David Marchand <david.marchand at redhat.com>
Date: Saturday, September 07 2024 14:54:31 
DPDK git baseline: Repo:dpdk
  Branch: master
  CommitID:41dd9a6bc2d9c6e20e139ad713cc9d172572dd43

143775-143785 --> testing issues

Upstream job id: Generic-Unit-Test-DPDK#260320

Test environment and result as below:

+---------------------+----------------+
|     Environment     | dpdk_unit_test |
+=====================+================+
| CentOS Stream 9     | PASS           |
+---------------------+----------------+
| Windows Server 2022 | PASS           |
+---------------------+----------------+
| Debian Bullseye     | PASS           |
+---------------------+----------------+
| Debian 12           | PASS           |
+---------------------+----------------+
| Fedora 37           | PEND           |
+---------------------+----------------+
| Fedora 39           | WARN           |
+---------------------+----------------+
| Fedora 38 (Clang)   | PEND           |
+---------------------+----------------+
| Fedora 40           | PEND           |
+---------------------+----------------+
| Fedora 39 (Clang)   | PEND           |
+---------------------+----------------+
| Fedora 40 (Clang)   | PEND           |
+---------------------+----------------+
| RHEL8               | PEND           |
+---------------------+----------------+
| Ubuntu 22.04        | PEND           |
+---------------------+----------------+
| RHEL9               | PEND           |
+---------------------+----------------+
| Ubuntu 20.04        | PEND           |
+---------------------+----------------+
| Ubuntu 24.04        | PEND           |
+---------------------+----------------+
| Fedora 38           | PEND           |
+---------------------+----------------+

==== 20 line log output for Fedora 39 (dpdk_unit_test): ====
[1941/2945] Compiling C object 'drivers/a715181@@tmp_rte_net_octeontx at sta/net_octeontx_octeontx_rxtx.c.o'.
[1942/2945] Linking static target drivers/libtmp_rte_net_octeontx.a.
[1943/2945] Generating rte_net_octeontx.pmd.c with a custom command.
[1944/2945] Compiling C object 'drivers/a715181@@rte_net_octeontx at sta/meson-generated_.._rte_net_octeontx.pmd.c.o'.
[1945/2945] Linking static target drivers/librte_net_octeontx.a.
[1946/2945] Compiling C object 'drivers/a715181@@tmp_rte_net_octeon_ep at sta/net_octeon_ep_otx_ep_ethdev.c.o'.
FAILED: drivers/a715181@@tmp_rte_net_octeon_ep at sta/net_octeon_ep_otx_ep_ethdev.c.o
ccache cc -Idrivers/a715181@@tmp_rte_net_octeon_ep at sta -Idrivers -I../drivers -Idrivers/net/octeon_ep -I../drivers/net/octeon_ep -Ilib/ethdev -I../lib/ethdev -I. -I../ -Iconfig -I../config -Ilib/eal/include -I../lib/eal/include -Ilib/eal/linux/include -I../lib/eal/linux/include -Ilib/eal/x86/include -I../lib/eal/x86/include -Ilib/eal/common -I../lib/eal/common -Ilib/eal -I../lib/eal -Ilib/kvargs -I../lib/kvargs -Ilib/log -I../lib/log -Ilib/telemetry/../metrics -I../lib/telemetry/../metrics -Ilib/telemetry -I../lib/telemetry -Ilib/net -I../lib/net -Ilib/mbuf -I../lib/mbuf -Ilib/mempool -I../lib/mempool -Ilib/ring -I../lib/ring -Ilib/meter -I../lib/meter -Idrivers/bus/pci -I../drivers/bus/pci -I../drivers/bus/pci/linux -Ilib/pci -I../lib/pci -Idrivers/bus/vdev -I../drivers/bus/vdev -fdiagnostics-color=always -pipe -D_FILE_OFFSET_BITS=64 -Wall -Winvalid-pch -Wextra -Werror -std=c11 -O3 -include rte_config.h -Wcast-qual -Wdeprecated -Wformat -Wformat-nonliteral -Wformat-security -Wmissin
 g-declarations -Wmissing-prototypes -Wnested-externs -Wold-style-definition -Wpointer-arith -Wsign-compare -Wstrict-prototypes -Wundef -Wwrite-strings -Wno-address-of-packed-member -Wno-packed-not-aligned -Wno-missing-field-initializers -Wno-zero-length-bounds -D_GNU_SOURCE -fPIC -march=native -mrtm -DALLOW_EXPERIMENTAL_API -DALLOW_INTERNAL_API -Wno-format-truncation -DCC_AVX2_SUPPORT -Wno-strict-aliasing -flax-vector-conversions -DRTE_LOG_DEFAULT_LOGTYPE=pmd.net.octeon_ep -MD -MQ 'drivers/a715181@@tmp_rte_net_octeon_ep at sta/net_octeon_ep_otx_ep_ethdev.c.o' -MF 'drivers/a715181@@tmp_rte_net_octeon_ep at sta/net_octeon_ep_otx_ep_ethdev.c.o.d' -o 'drivers/a715181@@tmp_rte_net_octeon_ep at sta/net_octeon_ep_otx_ep_ethdev.c.o' -c ../drivers/net/octeon_ep/otx_ep_ethdev.c
../drivers/net/octeon_ep/otx_ep_ethdev.c: In function 'otx_ep_dev_mtu_set':
../drivers/net/octeon_ep/otx_ep_ethdev.c:200:12: error: 'devinfo.max_mtu' may be used uninitialized [-Werror=maybe-uninitialized]
200 |         if (mtu > devinfo.max_mtu) {
|            ^
../drivers/net/octeon_ep/otx_ep_ethdev.c:186:33: note: 'devinfo.max_mtu' was declared here
186 |         struct rte_eth_dev_info devinfo;
|                                 ^~~~~~~
cc1: all warnings being treated as errors
[1947/2945] Compiling C object 'drivers/a715181@@tmp_rte_net_octeon_ep at sta/net_octeon_ep_otx_ep_rxtx.c.o'.
[1948/2945] Compiling C object 'drivers/a715181@@tmp_rte_net_octeon_ep at sta/net_octeon_ep_otx_ep_vf.c.o'.
[1949/2945] Generating rte_net_octeontx.sym_chk with a meson_exe.py custom command.
ninja: build stopped: subcommand failed.
==== End log output ====

CentOS Stream 9
	Kernel: Depends on container host
	Compiler: gcc 11.4.1 20231218 (Red Hat 11.4.1-3)

Windows Server 2022
	Kernel: 10.0.20348.2031
	Compiler: clang 15.0.7, gcc 14.1.0 (MinGW), and MSVC VS 19.39.33521

Debian Bullseye
	Kernel: Depends on container host
	Compiler: gcc (Debian 10.2.1-6) 10.2.1 20210110

Debian 12
	Kernel: Depends on container host
	Compiler: gcc (Debian 12.2.0-14) 12.2.0

Fedora 37
	Kernel: Depends on container host system
	Compiler: gcc 12.3.1 20230508 (Red Hat 12.3.1-1)

Fedora 39
	Kernel: Depends on container host
	Compiler: gcc 13.3.1 20240522 (Red Hat 13.3.1-1)

Fedora 38 (Clang)
	Kernel: Depends on container host
	Compiler: clang 16.0.6 (Fedora 16.0.6-4.fc38)

Fedora 40
	Kernel: Depends on container host
	Compiler: gcc 14.2.1 20240801 (Red Hat 14.2.1-1)

Fedora 39 (Clang)
	Kernel: Depends on container host
	Compiler: clang 17.0.6 (Fedora 17.0.6-2.fc39)

Fedora 40 (Clang)
	Kernel: Depends on container host
	Compiler: clang 18.1.6 (Fedora 18.1.6-3.fc40)

RHEL8
	Kernel: Depends on container host
	Compiler: gcc 8.5.0 20210514 (Red Hat 8.5.0-22)

Ubuntu 22.04
	Kernel: Depends on container host
	Compiler: gcc (Ubuntu 11.4.0-1ubuntu1~22.04) 11.4.0

RHEL9
	Kernel: Depends on container host
	Compiler: gcc 11.4.1 20231218 (Red Hat 11.4.1-3)

Ubuntu 20.04
	Kernel: Depends on container host
	Compiler: gcc (Ubuntu 9.4.0-1ubuntu1~20.04.2) 9.4.0

Ubuntu 24.04
	Kernel: Depends on container host
	Compiler: gcc (Ubuntu 13.2.0-23ubuntu4) 13.2.0

Fedora 38
	Kernel: Depends on container host
	Compiler: gcc 13.2.1 20240316 (Red Hat 13.2.1-7)

To view detailed results, visit:
https://lab.dpdk.org/results/dashboard/patchsets/30959/

UNH-IOL DPDK Community Lab

To manage your email subscriptions, visit: 
https://lab.dpdk.org/results/dashboard/preferences/subscriptions/


More information about the test-report mailing list