|FAILURE| pw143768-143770 [PATCH] [RFC,3/3] graph: add IPv4 output f

dpdklab at iol.unh.edu dpdklab at iol.unh.edu
Tue Sep 10 05:19:47 CEST 2024


Test-Label: iol-compile-amd64-testing
Test-Status: FAILURE
http://dpdk.org/patch/143770

_Testing issues_

Submitter: Nitin Saxena <nsaxena at marvell.com>
Date: Saturday, September 07 2024 07:31:08 
DPDK git baseline: Repo:dpdk
  Branch: master
  CommitID:41dd9a6bc2d9c6e20e139ad713cc9d172572dd43

143768-143770 --> testing issues

Upstream job id: Generic-VM-DPDK-Compile-Meson#29298

Test environment and result as below:

+---------------------+-----------------------+----------------------+--------------------+-------------------+
|     Environment     | dpdk_win_llvm_compile | dpdk_mingw64_compile | dpdk_meson_compile | dpdk_msvc_compile |
+=====================+=======================+======================+====================+===================+
| Windows Server 2022 | PASS                  | PEND                 | SKIPPED            | PEND              |
+---------------------+-----------------------+----------------------+--------------------+-------------------+
| FreeBSD 13.3        | SKIPPED               | SKIPPED              | FAIL               | SKIPPED           |
+---------------------+-----------------------+----------------------+--------------------+-------------------+
| FreeBSD 14.1        | SKIPPED               | SKIPPED              | FAIL               | SKIPPED           |
+---------------------+-----------------------+----------------------+--------------------+-------------------+

==== 20 line log output for FreeBSD 14.1 (dpdk_meson_compile): ====
[460/1854] Compiling C object lib/librte_graph.a.p/graph_graph_debug.c.o
[461/1854] Compiling C object lib/librte_graph.a.p/graph_graph_stats.c.o
[462/1854] Compiling C object lib/librte_graph.a.p/graph_graph_populate.c.o
[463/1854] Generating lib/port.sym_chk with a custom command (wrapped by meson to capture output)
[464/1854] Compiling C object lib/librte_pipeline.a.p/pipeline_rte_swx_pipeline.c.o
[465/1854] Linking target lib/librte_port.so.25.0
[466/1854] Compiling C object lib/librte_graph.a.p/graph_graph_feature_arc.c.o
FAILED: lib/librte_graph.a.p/graph_graph_feature_arc.c.o
cc -Ilib/librte_graph.a.p -Ilib -I../lib -Ilib/graph -I../lib/graph -I. -I.. -Iconfig -I../config -Ilib/eal/include -I../lib/eal/include -Ilib/eal/freebsd/include -I../lib/eal/freebsd/include -Ilib/eal/x86/include -I../lib/eal/x86/include -Ilib/eal/common -I../lib/eal/common -Ilib/eal -I../lib/eal -Ilib/kvargs -I../lib/kvargs -Ilib/log -I../lib/log -Ilib/metrics -I../lib/metrics -Ilib/telemetry -I../lib/telemetry -Ilib/pcapng -I../lib/pcapng -Ilib/ethdev -I../lib/ethdev -Ilib/net -I../lib/net -Ilib/mbuf -I../lib/mbuf -Ilib/mempool -I../lib/mempool -Ilib/ring -I../lib/ring -Ilib/meter -I../lib/meter -fdiagnostics-color=always -D_FILE_OFFSET_BITS=64 -Wall -Winvalid-pch -Wextra -Werror -std=c11 -O3 -include rte_config.h -Wcast-qual -Wdeprecated -Wformat -Wformat-nonliteral -Wformat-security -Wmissing-declarations -Wmissing-prototypes -Wnested-externs -Wold-style-definition -Wpointer-arith -Wsign-compare -Wstrict-prototypes -Wundef -Wwrite-strings -Wno-address-of-packed-member -Wno-missi
 ng-field-initializers -D_GNU_SOURCE -D__BSD_VISIBLE -fPIC -march=native -mrtm -DALLOW_EXPERIMENTAL_API -DALLOW_INTERNAL_API -Wno-format-truncation -DRTE_LOG_DEFAULT_LOGTYPE=lib.graph -DRTE_ANNOTATE_LOCKS -Wthread-safety -MD -MQ lib/librte_graph.a.p/graph_graph_feature_arc.c.o -MF lib/librte_graph.a.p/graph_graph_feature_arc.c.o.d -o lib/librte_graph.a.p/graph_graph_feature_arc.c.o -c ../lib/graph/graph_feature_arc.c
../lib/graph/graph_feature_arc.c:21:31: error: '_Static_assert' with no message is a C23 extension [-Werror,-Wc23-extensions]
21 |                <= RTE_CACHE_LINE_SIZE);
|                                      ^
|                                      , ""
1 error generated.
[467/1854] Generating symbol file lib/librte_port.so.25.0.p/librte_port.so.25.0.symbols
[468/1854] Compiling C object lib/librte_graph.a.p/graph_graph_pcap.c.o
[469/1854] Generating lib/table.sym_chk with a custom command (wrapped by meson to capture output)
[470/1854] Compiling C object lib/librte_graph.a.p/graph_rte_graph_worker.c.o
[471/1854] Compiling C object lib/librte_pipeline.a.p/pipeline_rte_table_action.c.o
ninja: build stopped: subcommand failed.
==== End log output ====

Windows Server 2022
	Kernel: 10.0.20348.2031
	Compiler: clang 15.0.7, gcc 14.1.0 (MinGW), and MSVC VS 19.39.33521

FreeBSD 13.3
	Kernel: 13.3-RELEASE-p5
	Compiler: clang 17.0.6

FreeBSD 14.1
	Kernel: 14.1-RELEASE-p3
	Compiler: clang 18.1.5

To view detailed results, visit:
https://lab.dpdk.org/results/dashboard/patchsets/30956/

UNH-IOL DPDK Community Lab

To manage your email subscriptions, visit: 
https://lab.dpdk.org/results/dashboard/preferences/subscriptions/


More information about the test-report mailing list