|WARNING| pw143768-143770 [PATCH] [RFC,3/3] graph: add IPv4 output f

dpdklab at iol.unh.edu dpdklab at iol.unh.edu
Tue Sep 10 06:19:47 CEST 2024


Test-Label: iol-unit-amd64-testing
Test-Status: WARNING
http://dpdk.org/patch/143770

_Testing issues_

Submitter: Nitin Saxena <nsaxena at marvell.com>
Date: Saturday, September 07 2024 07:31:08 
DPDK git baseline: Repo:dpdk
  Branch: master
  CommitID:41dd9a6bc2d9c6e20e139ad713cc9d172572dd43

143768-143770 --> testing issues

Upstream job id: Generic-Unit-Test-DPDK#260466

Test environment and result as below:

+---------------------+----------------+
|     Environment     | dpdk_unit_test |
+=====================+================+
| Windows Server 2022 | PASS           |
+---------------------+----------------+
| CentOS Stream 9     | PASS           |
+---------------------+----------------+
| Debian Bullseye     | PASS           |
+---------------------+----------------+
| Debian 12           | PASS           |
+---------------------+----------------+
| Fedora 37           | PASS           |
+---------------------+----------------+
| Fedora 38           | PASS           |
+---------------------+----------------+
| Fedora 38 (Clang)   | WARN           |
+---------------------+----------------+
| Fedora 39 (Clang)   | WARN           |
+---------------------+----------------+
| Fedora 40           | PASS           |
+---------------------+----------------+
| Fedora 39           | PASS           |
+---------------------+----------------+
| RHEL8               | WARN           |
+---------------------+----------------+
| RHEL9               | PASS           |
+---------------------+----------------+
| Fedora 40 (Clang)   | WARN           |
+---------------------+----------------+
| Ubuntu 20.04        | PASS           |
+---------------------+----------------+
| Ubuntu 22.04        | PASS           |
+---------------------+----------------+
| Ubuntu 24.04        | PASS           |
+---------------------+----------------+

==== 20 line log output for Fedora 40 (Clang) (dpdk_unit_test): ====
[502/2946] Compiling C object 'lib/76b5a35@@rte_graph at sta/graph_graph_stats.c.o'.
[503/2946] Compiling C object 'lib/76b5a35@@rte_graph at sta/graph_graph_ops.c.o'.
[504/2946] Compiling C object 'lib/76b5a35@@rte_graph at sta/graph_graph.c.o'.
[505/2946] Compiling C object 'lib/76b5a35@@rte_graph at sta/graph_graph_populate.c.o'.
[506/2946] Compiling C object 'lib/76b5a35@@rte_pipeline at sta/pipeline_rte_swx_pipeline.c.o'.
[507/2946] Linking static target lib/librte_pipeline.a.
[508/2946] Compiling C object 'lib/76b5a35@@rte_graph at sta/graph_rte_graph_worker.c.o'.
[509/2946] Compiling C object 'lib/76b5a35@@rte_graph at sta/graph_graph_pcap.c.o'.
[510/2946] Compiling C object 'lib/76b5a35@@rte_graph at sta/graph_graph_feature_arc.c.o'.
FAILED: lib/76b5a35@@rte_graph at sta/graph_graph_feature_arc.c.o
clang -Ilib/76b5a35@@rte_graph at sta -Ilib -I../lib -Ilib/graph -I../lib/graph -I. -I../ -Iconfig -I../config -Ilib/eal/include -I../lib/eal/include -Ilib/eal/linux/include -I../lib/eal/linux/include -Ilib/eal/x86/include -I../lib/eal/x86/include -Ilib/eal/common -I../lib/eal/common -Ilib/eal -I../lib/eal -Ilib/kvargs -I../lib/kvargs -Ilib/log -I../lib/log -Ilib/telemetry/../metrics -I../lib/telemetry/../metrics -Ilib/telemetry -I../lib/telemetry -Ilib/pcapng -I../lib/pcapng -Ilib/ethdev -I../lib/ethdev -Ilib/net -I../lib/net -Ilib/mbuf -I../lib/mbuf -Ilib/mempool -I../lib/mempool -Ilib/ring -I../lib/ring -Ilib/meter -I../lib/meter -Xclang -fcolor-diagnostics -pipe -D_FILE_OFFSET_BITS=64 -Wall -Winvalid-pch -Wextra -Werror -std=c11 -O3 -include rte_config.h -Wcast-qual -Wdeprecated -Wformat -Wformat-nonliteral -Wformat-security -Wmissing-declarations -Wmissing-prototypes -Wnested-externs -Wold-style-definition -Wpointer-arith -Wsign-compare -Wstrict-prototypes -Wundef -Wwrite-strings -
 Wno-address-of-packed-member -Wno-missing-field-initializers -D_GNU_SOURCE -fPIC -march=native -mrtm -DALLOW_EXPERIMENTAL_API -DALLOW_INTERNAL_API -Wno-format-truncation -DRTE_LOG_DEFAULT_LOGTYPE=lib.graph -DRTE_ANNOTATE_LOCKS -Wthread-safety -MD -MQ 'lib/76b5a35@@rte_graph at sta/graph_graph_feature_arc.c.o' -MF 'lib/76b5a35@@rte_graph at sta/graph_graph_feature_arc.c.o.d' -o 'lib/76b5a35@@rte_graph at sta/graph_graph_feature_arc.c.o' -c ../lib/graph/graph_feature_arc.c
../lib/graph/graph_feature_arc.c:21:31: error: '_Static_assert' with no message is a C23 extension [-Werror,-Wc23-extensions]
21 |                <= RTE_CACHE_LINE_SIZE);
|                                      ^
|                                      , ""
1 error generated.
[511/2946] Compiling C object 'lib/76b5a35@@rte_graph at sta/graph_rte_graph_model_mcore_dispatch.c.o'.
[512/2946] Compiling C object 'lib/76b5a35@@rte_node at sta/node_ethdev_ctrl.c.o'.
[513/2946] Generating pipeline.sym_chk with a meson_exe.py custom command.
ninja: build stopped: subcommand failed.
==== End log output ====

Windows Server 2022
	Kernel: 10.0.20348.2031
	Compiler: clang 15.0.7, gcc 14.1.0 (MinGW), and MSVC VS 19.39.33521

CentOS Stream 9
	Kernel: Depends on container host
	Compiler: gcc 11.4.1 20231218 (Red Hat 11.4.1-3)

Debian Bullseye
	Kernel: Depends on container host
	Compiler: gcc (Debian 10.2.1-6) 10.2.1 20210110

Debian 12
	Kernel: Depends on container host
	Compiler: gcc (Debian 12.2.0-14) 12.2.0

Fedora 37
	Kernel: Depends on container host system
	Compiler: gcc 12.3.1 20230508 (Red Hat 12.3.1-1)

Fedora 38
	Kernel: Depends on container host
	Compiler: gcc 13.2.1 20240316 (Red Hat 13.2.1-7)

Fedora 38 (Clang)
	Kernel: Depends on container host
	Compiler: clang 16.0.6 (Fedora 16.0.6-4.fc38)

Fedora 39 (Clang)
	Kernel: Depends on container host
	Compiler: clang 17.0.6 (Fedora 17.0.6-2.fc39)

Fedora 40
	Kernel: Depends on container host
	Compiler: gcc 14.2.1 20240801 (Red Hat 14.2.1-1)

Fedora 39
	Kernel: Depends on container host
	Compiler: gcc 13.3.1 20240522 (Red Hat 13.3.1-1)

RHEL8
	Kernel: Depends on container host
	Compiler: gcc 8.5.0 20210514 (Red Hat 8.5.0-22)

RHEL9
	Kernel: Depends on container host
	Compiler: gcc 11.4.1 20231218 (Red Hat 11.4.1-3)

Fedora 40 (Clang)
	Kernel: Depends on container host
	Compiler: clang 18.1.6 (Fedora 18.1.6-3.fc40)

Ubuntu 20.04
	Kernel: Depends on container host
	Compiler: gcc (Ubuntu 9.4.0-1ubuntu1~20.04.2) 9.4.0

Ubuntu 22.04
	Kernel: Depends on container host
	Compiler: gcc (Ubuntu 11.4.0-1ubuntu1~22.04) 11.4.0

Ubuntu 24.04
	Kernel: Depends on container host
	Compiler: gcc (Ubuntu 13.2.0-23ubuntu4) 13.2.0

To view detailed results, visit:
https://lab.dpdk.org/results/dashboard/patchsets/30956/

UNH-IOL DPDK Community Lab

To manage your email subscriptions, visit: 
https://lab.dpdk.org/results/dashboard/preferences/subscriptions/


More information about the test-report mailing list