|FAILURE| pw143768-143770 [PATCH] [RFC,3/3] graph: add IPv4 output f

dpdklab at iol.unh.edu dpdklab at iol.unh.edu
Tue Sep 10 07:56:54 CEST 2024


Test-Label: iol-compile-arm64-testing
Test-Status: FAILURE
http://dpdk.org/patch/143770

_Testing issues_

Submitter: Nitin Saxena <nsaxena at marvell.com>
Date: Saturday, September 07 2024 07:31:08 
DPDK git baseline: Repo:dpdk
  Branch: master
  CommitID:41dd9a6bc2d9c6e20e139ad713cc9d172572dd43

143768-143770 --> testing issues

Upstream job id: Generic-DPDK-Compile-Meson#298396

Test environment and result as below:

+----------------------------------------+--------------------+
|              Environment               | dpdk_meson_compile |
+========================================+====================+
| RHEL9 (ARM)                            | PASS               |
+----------------------------------------+--------------------+
| Ubuntu 20.04 ARM GCC Cross Compile     | PEND               |
+----------------------------------------+--------------------+
| Ubuntu 20.04 ARM SVE                   | PASS               |
+----------------------------------------+--------------------+
| Debian 12 with MUSDK                   | PASS               |
+----------------------------------------+--------------------+
| Fedora 37 (ARM)                        | PASS               |
+----------------------------------------+--------------------+
| Fedora 38 (ARM)                        | PEND               |
+----------------------------------------+--------------------+
| Fedora 38 (ARM Clang)                  | FAIL               |
+----------------------------------------+--------------------+
| Fedora 39 (ARM)                        | PEND               |
+----------------------------------------+--------------------+
| Fedora 39 (ARM Clang)                  | PEND               |
+----------------------------------------+--------------------+
| Fedora 40 (ARM)                        | PEND               |
+----------------------------------------+--------------------+
| Fedora 40 (ARM Clang)                  | PEND               |
+----------------------------------------+--------------------+
| Ubuntu 20.04 (ARM)                     | PEND               |
+----------------------------------------+--------------------+
| Ubuntu 22.04 (ARM)                     | PEND               |
+----------------------------------------+--------------------+
| Ubuntu 24.04 (ARM)                     | PEND               |
+----------------------------------------+--------------------+
| CentOS Stream 9 (ARM)                  | PEND               |
+----------------------------------------+--------------------+
| Debian 11 (Buster) (ARM)               | PEND               |
+----------------------------------------+--------------------+
| Debian 12 (arm)                        | PEND               |
+----------------------------------------+--------------------+
| Ubuntu 20.04 ARM Clang Cross Compile   | PEND               |
+----------------------------------------+--------------------+
| Ubuntu 20.04 aarch32 GCC Cross Compile | PEND               |
+----------------------------------------+--------------------+

==== 20 line log output for Fedora 38 (ARM Clang) (dpdk_meson_compile): ====
[505/3231] Compiling C object 'lib/76b5a35@@rte_pipeline at sta/pipeline_rte_swx_ctl.c.o'.
[506/3231] Linking static target lib/librte_pipeline.a.
[507/3231] Generating pipeline.sym_chk with a meson_exe.py custom command.
[508/3231] Linking target lib/librte_pipeline.so.25.0.
[509/3231] Generating symbol file 'lib/76b5a35@@rte_pipeline at sha/librte_pipeline.so.25.0.symbols'.
[510/3231] Compiling C object 'lib/76b5a35@@rte_graph at sta/graph_node.c.o'.
[511/3231] Compiling C object 'lib/76b5a35@@rte_graph at sta/graph_graph.c.o'.
[512/3231] Compiling C object 'lib/76b5a35@@rte_graph at sta/graph_graph_ops.c.o'.
[513/3231] Compiling C object 'lib/76b5a35@@rte_graph at sta/graph_graph_debug.c.o'.
[514/3231] Compiling C object 'lib/76b5a35@@rte_graph at sta/graph_graph_stats.c.o'.
[515/3231] Compiling C object 'lib/76b5a35@@rte_graph at sta/graph_graph_populate.c.o'.
[516/3231] Compiling C object 'lib/76b5a35@@rte_graph at sta/graph_graph_feature_arc.c.o'.
FAILED: lib/76b5a35@@rte_graph at sta/graph_graph_feature_arc.c.o
clang -Ilib/76b5a35@@rte_graph at sta -Ilib -I../lib -Ilib/graph -I../lib/graph -I. -I../ -Iconfig -I../config -Ilib/eal/include -I../lib/eal/include -Ilib/eal/linux/include -I../lib/eal/linux/include -Ilib/eal/arm/include -I../lib/eal/arm/include -Ilib/eal/common -I../lib/eal/common -Ilib/eal -I../lib/eal -Ilib/kvargs -I../lib/kvargs -Ilib/log -I../lib/log -Ilib/telemetry/../metrics -I../lib/telemetry/../metrics -Ilib/telemetry -I../lib/telemetry -Ilib/pcapng -I../lib/pcapng -Ilib/ethdev -I../lib/ethdev -Ilib/net -I../lib/net -Ilib/mbuf -I../lib/mbuf -Ilib/mempool -I../lib/mempool -Ilib/ring -I../lib/ring -Ilib/meter -I../lib/meter -Xclang -fcolor-diagnostics -pipe -D_FILE_OFFSET_BITS=64 -Wall -Winvalid-pch -Wextra -Werror -std=c11 -O3 -include rte_config.h -Wcast-qual -Wdeprecated -Wformat -Wformat-nonliteral -Wformat-security -Wmissing-declarations -Wmissing-prototypes -Wnested-externs -Wold-style-definition -Wpointer-arith -Wsign-compare -Wstrict-prototypes -Wundef -Wwrite-strings -
 Wno-address-of-packed-member -Wno-missing-field-initializers -D_GNU_SOURCE -fPIC -mcpu=thunderx2t99+crc+crypto -DALLOW_EXPERIMENTAL_API -DALLOW_INTERNAL_API -DRTE_LOG_DEFAULT_LOGTYPE=lib.graph -DRTE_ANNOTATE_LOCKS -Wthread-safety -MD -MQ 'lib/76b5a35@@rte_graph at sta/graph_graph_feature_arc.c.o' -MF 'lib/76b5a35@@rte_graph at sta/graph_graph_feature_arc.c.o.d' -o 'lib/76b5a35@@rte_graph at sta/graph_graph_feature_arc.c.o' -c ../lib/graph/graph_feature_arc.c
../lib/graph/graph_feature_arc.c:21:31: error: '_Static_assert' with no message is a C2x extension [-Werror,-Wc2x-extensions]
<= RTE_CACHE_LINE_SIZE);
^
, ""
1 error generated.
ninja: build stopped: subcommand failed.
==== End log output ====

RHEL9 (ARM)
	Kernel: Depends on container host
	Compiler: gcc 11.4.1 20231218 (Red Hat 11.4.1-3)

Ubuntu 20.04 ARM GCC Cross Compile
	Kernel: Depends on container host
	Compiler: aarch64-linux-gnu-gcc (Ubuntu 9.4.0-1ubuntu1~20.04.2) 9.4.0

Ubuntu 20.04 ARM SVE
	Kernel: Depends on container host
	Compiler: gcc (Ubuntu 10.5.0-1ubuntu1~20.04) 10.5.0

Debian 12 with MUSDK
	Kernel: Depends on container host
	Compiler: gcc (Debian 12.2.0-14) 12.2.0

Fedora 37 (ARM)
	Kernel: Depends on container host
	Compiler: gcc 12.3.1 20230508 (Red Hat 12.3.1-1)

Fedora 38 (ARM)
	Kernel: Depends on container host
	Compiler: gcc 13.2.1 20240316 (Red Hat 13.2.1-7)

Fedora 38 (ARM Clang)
	Kernel: Depends on container host
	Compiler: clang 16.0.6 (Fedora 16.0.6-4.fc38)

Fedora 39 (ARM)
	Kernel: Depends on container host
	Compiler: gcc 13.3.1 20240522 (Red Hat 13.3.1-1)

Fedora 39 (ARM Clang)
	Kernel: Depends on container host
	Compiler: clang 17.0.6 (Fedora 17.0.6-2.fc39)

Fedora 40 (ARM)
	Kernel: Depends on container host
	Compiler: gcc 14.2.1 20240801 (Red Hat 14.2.1-1)

Fedora 40 (ARM Clang)
	Kernel: Depends on container host
	Compiler: clang 18.1.6 (Fedora 18.1.6-3.fc40)

Ubuntu 20.04 (ARM)
	Kernel: Depends on container host
	Compiler: gcc (Ubuntu 9.4.0-1ubuntu1~20.04.2) 9.4.0

Ubuntu 22.04 (ARM)
	Kernel: Depends on container host
	Compiler: gcc (Ubuntu 11.4.0-1ubuntu1~22.04) 11.4.0

Ubuntu 24.04 (ARM)
	Kernel: Depends on container host
	Compiler: gcc (Ubuntu 13.2.0-23ubuntu4) 13.2.0

CentOS Stream 9 (ARM)
	Kernel: Depends on container host
	Compiler: gcc 11.4.1 20231218 (Red Hat 11.4.1-3)

Debian 11 (Buster) (ARM)
	Kernel: Depends on container host
	Compiler: gcc (Debian 10.2.1-6) 10.2.1 20210110

Debian 12 (arm)
	Kernel: Depends on container host
	Compiler: gcc (Debian 12.2.0-14) 12.2.0

Ubuntu 20.04 ARM Clang Cross Compile
	Kernel: Depends on container host
	Compiler: clang 10.0.0-4ubuntu1

Ubuntu 20.04 aarch32 GCC Cross Compile
	Kernel: Depends on container host
	Compiler: gcc 9.4.0

To view detailed results, visit:
https://lab.dpdk.org/results/dashboard/patchsets/30956/

UNH-IOL DPDK Community Lab

To manage your email subscriptions, visit: 
https://lab.dpdk.org/results/dashboard/preferences/subscriptions/


More information about the test-report mailing list