|FAILURE| pw143891-143898 [PATCH] [v5,8/8] zsda: add zsda crypto-ses

dpdklab at iol.unh.edu dpdklab at iol.unh.edu
Wed Sep 11 03:43:30 CEST 2024


Test-Label: iol-compile-arm64-testing
Test-Status: FAILURE
http://dpdk.org/patch/143898

_Testing issues_

Submitter: Hanxiao Li <li.hanxiao at zte.com.cn>
Date: Tuesday, September 10 2024 09:18:39 
DPDK git baseline: Repo:dpdk
  Branch: master
  CommitID:b3485f4293997d35b6daecc3437bb0c183a51fb3

143891-143898 --> testing issues

Upstream job id: Generic-DPDK-Compile-Meson#298942

Test environment and result as below:

+----------------------------------------+--------------------+
|              Environment               | dpdk_meson_compile |
+========================================+====================+
| Ubuntu 20.04 (ARM)                     | PASS               |
+----------------------------------------+--------------------+
| Ubuntu 20.04 ARM SVE                   | PASS               |
+----------------------------------------+--------------------+
| Ubuntu 20.04 ARM GCC Cross Compile     | PEND               |
+----------------------------------------+--------------------+
| RHEL9 (ARM)                            | PEND               |
+----------------------------------------+--------------------+
| Fedora 38 (ARM)                        | PEND               |
+----------------------------------------+--------------------+
| Fedora 37 (ARM)                        | PEND               |
+----------------------------------------+--------------------+
| Fedora 38 (ARM Clang)                  | PEND               |
+----------------------------------------+--------------------+
| Debian 12 with MUSDK                   | PASS               |
+----------------------------------------+--------------------+
| Fedora 39 (ARM)                        | PEND               |
+----------------------------------------+--------------------+
| Fedora 39 (ARM Clang)                  | PEND               |
+----------------------------------------+--------------------+
| Fedora 40 (ARM Clang)                  | PEND               |
+----------------------------------------+--------------------+
| Fedora 40 (ARM)                        | PEND               |
+----------------------------------------+--------------------+
| Ubuntu 22.04 (ARM)                     | PEND               |
+----------------------------------------+--------------------+
| Ubuntu 20.04 aarch32 GCC Cross Compile | PASS               |
+----------------------------------------+--------------------+
| Ubuntu 24.04 (ARM)                     | PEND               |
+----------------------------------------+--------------------+
| Debian 11 (Buster) (ARM)               | PEND               |
+----------------------------------------+--------------------+
| Debian 12 (arm)                        | PEND               |
+----------------------------------------+--------------------+
| CentOS Stream 9 (ARM)                  | PEND               |
+----------------------------------------+--------------------+
| Ubuntu 20.04 ARM Clang Cross Compile   | FAIL               |
+----------------------------------------+--------------------+

==== 20 line log output for Ubuntu 20.04 ARM Clang Cross Compile (dpdk_meson_compile): ====
[913/3210] Generating rte_common_sfc_efx.pmd.c with a custom command.
[914/3210] Compiling C object 'drivers/a715181@@rte_common_sfc_efx at sta/meson-generated_.._rte_common_sfc_efx.pmd.c.o'.
[915/3210] Linking static target drivers/librte_common_sfc_efx.a.
[916/3210] Generating rte_common_sfc_efx.sym_chk with a meson_exe.py custom command.
[917/3210] Compiling C object 'drivers/a715181@@rte_common_sfc_efx at sha/meson-generated_.._rte_common_sfc_efx.pmd.c.o'.
[918/3210] Linking target drivers/librte_common_sfc_efx.so.24.2.
[919/3210] Generating symbol file 'drivers/a715181@@rte_common_sfc_efx at sha/librte_common_sfc_efx.so.24.2.symbols'.
[920/3210] Compiling C object 'drivers/a715181@@tmp_rte_common_zsda at sta/common_zsda_zsda_common.c.o'.
[921/3210] Compiling C object 'drivers/a715181@@tmp_rte_common_zsda at sta/common_zsda_zsda_logs.c.o'.
[922/3210] Compiling C object 'drivers/a715181@@tmp_rte_common_zsda at sta/common_zsda_zsda_device.c.o'.
[923/3210] Compiling C object 'drivers/a715181@@tmp_rte_common_zsda at sta/common_zsda_zsda_qp.c.o'.
[924/3210] Compiling C object 'drivers/a715181@@tmp_rte_common_zsda at sta/compress_zsda_zsda_comp_pmd.c.o'.
[925/3210] Compiling C object 'drivers/a715181@@tmp_rte_common_zsda at sta/compress_zsda_zsda_comp.c.o'.
FAILED: drivers/a715181@@tmp_rte_common_zsda at sta/compress_zsda_zsda_comp.c.o
ccache clang -Idrivers/a715181@@tmp_rte_common_zsda at sta -Idrivers -I../drivers -Idrivers/common/zsda -I../drivers/common/zsda -I../drivers/common/zsda/../../compress/zsda -Idrivers/bus/pci -I../drivers/bus/pci -I../drivers/bus/pci/linux -I. -I../ -Iconfig -I../config -Ilib/eal/include -I../lib/eal/include -Ilib/eal/linux/include -I../lib/eal/linux/include -Ilib/eal/arm/include -I../lib/eal/arm/include -Ilib/eal/common -I../lib/eal/common -Ilib/eal -I../lib/eal -Ilib/kvargs -I../lib/kvargs -Ilib/log -I../lib/log -Ilib/telemetry/../metrics -I../lib/telemetry/../metrics -Ilib/telemetry -I../lib/telemetry -Ilib/pci -I../lib/pci -Ilib/cryptodev -I../lib/cryptodev -Ilib/mbuf -I../lib/mbuf -Ilib/mempool -I../lib/mempool -Ilib/ring -I../lib/ring -Ilib/rcu -I../lib/rcu -Ilib/compressdev -I../lib/compressdev -Ilib/security -I../lib/security -Ilib/net -I../lib/net -Xclang -fcolor-diagnostics -pipe -D_FILE_OFFSET_BITS=64 -Wall -Winvalid-pch -Wextra -Werror -std=c11 -O3 -include rte_config.h -Wca
 st-qual -Wdeprecated -Wformat -Wformat-nonliteral -Wformat-security -Wmissing-declarations -Wmissing-prototypes -Wnested-externs -Wold-style-definition -Wpointer-arith -Wsign-compare -Wstrict-prototypes -Wundef -Wwrite-strings -Wno-address-of-packed-member -Wno-missing-field-initializers -D_GNU_SOURCE -target aarch64-linux-gnu --sysroot /usr/aarch64-linux-gnu -fPIC -march=armv8-a+crc -DALLOW_EXPERIMENTAL_API -DALLOW_INTERNAL_API -DBUILD_ZSDA_SYM -DRTE_LOG_DEFAULT_LOGTYPE=pmd.common.zsda -DRTE_ANNOTATE_LOCKS -Wthread-safety -MD -MQ 'drivers/a715181@@tmp_rte_common_zsda at sta/compress_zsda_zsda_comp.c.o' -MF 'drivers/a715181@@tmp_rte_common_zsda at sta/compress_zsda_zsda_comp.c.o.d' -o 'drivers/a715181@@tmp_rte_common_zsda at sta/compress_zsda_zsda_comp.c.o' -c ../drivers/compress/zsda/zsda_comp.c
../drivers/compress/zsda/zsda_comp.c:7:10: fatal error: 'zlib.h' file not found
#include <zlib.h>
^~~~~~~~
1 error generated.
ninja: build stopped: subcommand failed.
==== End log output ====

Ubuntu 20.04 (ARM)
	Kernel: Depends on container host
	Compiler: gcc (Ubuntu 9.4.0-1ubuntu1~20.04.2) 9.4.0

Ubuntu 20.04 ARM SVE
	Kernel: Depends on container host
	Compiler: gcc (Ubuntu 10.5.0-1ubuntu1~20.04) 10.5.0

Ubuntu 20.04 ARM GCC Cross Compile
	Kernel: Depends on container host
	Compiler: aarch64-linux-gnu-gcc (Ubuntu 9.4.0-1ubuntu1~20.04.2) 9.4.0

RHEL9 (ARM)
	Kernel: Depends on container host
	Compiler: gcc 11.4.1 20231218 (Red Hat 11.4.1-3)

Fedora 38 (ARM)
	Kernel: Depends on container host
	Compiler: gcc 13.2.1 20240316 (Red Hat 13.2.1-7)

Fedora 37 (ARM)
	Kernel: Depends on container host
	Compiler: gcc 12.3.1 20230508 (Red Hat 12.3.1-1)

Fedora 38 (ARM Clang)
	Kernel: Depends on container host
	Compiler: clang 16.0.6 (Fedora 16.0.6-4.fc38)

Debian 12 with MUSDK
	Kernel: Depends on container host
	Compiler: gcc (Debian 12.2.0-14) 12.2.0

Fedora 39 (ARM)
	Kernel: Depends on container host
	Compiler: gcc 13.3.1 20240522 (Red Hat 13.3.1-1)

Fedora 39 (ARM Clang)
	Kernel: Depends on container host
	Compiler: clang 17.0.6 (Fedora 17.0.6-2.fc39)

Fedora 40 (ARM Clang)
	Kernel: Depends on container host
	Compiler: clang 18.1.6 (Fedora 18.1.6-3.fc40)

Fedora 40 (ARM)
	Kernel: Depends on container host
	Compiler: gcc 14.2.1 20240801 (Red Hat 14.2.1-1)

Ubuntu 22.04 (ARM)
	Kernel: Depends on container host
	Compiler: gcc (Ubuntu 11.4.0-1ubuntu1~22.04) 11.4.0

Ubuntu 20.04 aarch32 GCC Cross Compile
	Kernel: Depends on container host
	Compiler: gcc 9.4.0

Ubuntu 24.04 (ARM)
	Kernel: Depends on container host
	Compiler: gcc (Ubuntu 13.2.0-23ubuntu4) 13.2.0

Debian 11 (Buster) (ARM)
	Kernel: Depends on container host
	Compiler: gcc (Debian 10.2.1-6) 10.2.1 20210110

Debian 12 (arm)
	Kernel: Depends on container host
	Compiler: gcc (Debian 12.2.0-14) 12.2.0

CentOS Stream 9 (ARM)
	Kernel: Depends on container host
	Compiler: gcc 11.4.1 20231218 (Red Hat 11.4.1-3)

Ubuntu 20.04 ARM Clang Cross Compile
	Kernel: Depends on container host
	Compiler: clang 10.0.0-4ubuntu1

To view detailed results, visit:
https://lab.dpdk.org/results/dashboard/patchsets/30988/

UNH-IOL DPDK Community Lab

To manage your email subscriptions, visit: 
https://lab.dpdk.org/results/dashboard/preferences/subscriptions/


More information about the test-report mailing list