|WARNING| pw143845-143840 [PATCH] [6/6] eal: keep per-lcore power in

dpdklab at iol.unh.edu dpdklab at iol.unh.edu
Wed Sep 11 06:17:46 CEST 2024


Test-Label: iol-compile-amd64-testing
Test-Status: WARNING
http://dpdk.org/patch/143840

_Testing issues_

Submitter: Mattias Ronnblom <mattias.ronnblom at ericsson.com>
Date: Tuesday, September 10 2024 07:03:44 
DPDK git baseline: Repo:dpdk
  Branch: master
  CommitID:41dd9a6bc2d9c6e20e139ad713cc9d172572dd43

143845-143840 --> testing issues

Upstream job id: Windows-Compile-DPDK-Native#22111

Test environment and result as below:

+---------------------+--------------------+------------------+-------------------+----------------------+-----------------------+
|     Environment     | dpdk_meson_compile | dpdk_compile_ovs | dpdk_compile_spdk | dpdk_mingw64_compile | dpdk_win_llvm_compile |
+=====================+====================+==================+===================+======================+=======================+
| CentOS Stream 9     | PEND               | PEND             | PEND              | SKIPPED              | SKIPPED               |
+---------------------+--------------------+------------------+-------------------+----------------------+-----------------------+
| Debian Bullseye     | PEND               | PEND             | PEND              | SKIPPED              | SKIPPED               |
+---------------------+--------------------+------------------+-------------------+----------------------+-----------------------+
| Debian 12           | PEND               | PEND             | PEND              | SKIPPED              | SKIPPED               |
+---------------------+--------------------+------------------+-------------------+----------------------+-----------------------+
| Fedora 37           | PEND               | PEND             | PEND              | SKIPPED              | SKIPPED               |
+---------------------+--------------------+------------------+-------------------+----------------------+-----------------------+
| Fedora 38 (Clang)   | PEND               | PEND             | PEND              | SKIPPED              | SKIPPED               |
+---------------------+--------------------+------------------+-------------------+----------------------+-----------------------+
| Fedora 38           | PEND               | PEND             | PEND              | SKIPPED              | SKIPPED               |
+---------------------+--------------------+------------------+-------------------+----------------------+-----------------------+
| Fedora 39 (Clang)   | PEND               | PEND             | PEND              | SKIPPED              | SKIPPED               |
+---------------------+--------------------+------------------+-------------------+----------------------+-----------------------+
| Fedora 39           | PEND               | PEND             | PEND              | SKIPPED              | SKIPPED               |
+---------------------+--------------------+------------------+-------------------+----------------------+-----------------------+
| Fedora 40 (Clang)   | PEND               | PEND             | PEND              | SKIPPED              | SKIPPED               |
+---------------------+--------------------+------------------+-------------------+----------------------+-----------------------+
| Fedora 40           | PEND               | PEND             | PEND              | SKIPPED              | SKIPPED               |
+---------------------+--------------------+------------------+-------------------+----------------------+-----------------------+
| openSUSE Leap 15    | PEND               | PEND             | SKIPPED           | SKIPPED              | SKIPPED               |
+---------------------+--------------------+------------------+-------------------+----------------------+-----------------------+
| RHEL8               | PEND               | PEND             | SKIPPED           | SKIPPED              | SKIPPED               |
+---------------------+--------------------+------------------+-------------------+----------------------+-----------------------+
| RHEL9               | PEND               | PEND             | SKIPPED           | SKIPPED              | SKIPPED               |
+---------------------+--------------------+------------------+-------------------+----------------------+-----------------------+
| FreeBSD 13.3        | PASS               | SKIPPED          | SKIPPED           | SKIPPED              | SKIPPED               |
+---------------------+--------------------+------------------+-------------------+----------------------+-----------------------+
| Ubuntu 20.04        | PEND               | PEND             | SKIPPED           | SKIPPED              | SKIPPED               |
+---------------------+--------------------+------------------+-------------------+----------------------+-----------------------+
| Ubuntu 22.04        | PEND               | PEND             | PEND              | SKIPPED              | SKIPPED               |
+---------------------+--------------------+------------------+-------------------+----------------------+-----------------------+
| Ubuntu 24.04        | PEND               | PEND             | PEND              | SKIPPED              | SKIPPED               |
+---------------------+--------------------+------------------+-------------------+----------------------+-----------------------+
| Windows Server 2022 | SKIPPED            | SKIPPED          | SKIPPED           | FAIL                 | FAIL                  |
+---------------------+--------------------+------------------+-------------------+----------------------+-----------------------+

==== 20 line log output for Windows Server 2022 (dpdk_win_llvm_compile): ====
[306/764] Generating symbol file lib/rte_kvargs-25.dll.p/rte_kvargs-25.dll.symbols
[307/764] Compiling C object lib/librte_eal.a.p/eal_common_eal_common_interrupts.c.obj
[308/764] Compiling C object lib/librte_eal.a.p/eal_common_eal_common_hexdump.c.obj
[309/764] Compiling C object lib/librte_eal.a.p/eal_common_eal_common_errno.c.obj
[310/764] Compiling C object lib/librte_eal.a.p/eal_common_eal_common_devargs.c.obj
[311/764] Compiling C object lib/librte_eal.a.p/eal_common_eal_common_fbarray.c.obj
[312/764] Compiling C object lib/librte_eal.a.p/eal_common_eal_common_lcore_var.c.obj
FAILED: lib/librte_eal.a.p/eal_common_eal_common_lcore_var.c.obj
"clang" "-Ilib\librte_eal.a.p" "-Ilib" "-I..\lib" "-I." "-I.." "-Iconfig" "-I..\config" "-Ilib\eal\include" "-I..\lib\eal\include" "-Ilib\eal\windows\include" "-I..\lib\eal\windows\include" "-Ilib\eal\x86\include" "-I..\lib\eal\x86\include" "-Ilib\eal\common" "-I..\lib\eal\common" "-Ilib\eal" "-I..\lib\eal" "-Ilib\log" "-I..\lib\log" "-Ilib\kvargs" "-I..\lib\kvargs" "-Xclang" "-fcolor-diagnostics" "-pipe" "-D_FILE_OFFSET_BITS=64" "-Wall" "-Winvalid-pch" "-Wextra" "-Werror" "-std=c11" "-O3" "-include" "rte_config.h" "-Wcast-qual" "-Wdeprecated" "-Wformat" "-Wformat-nonliteral" "-Wformat-security" "-Wmissing-declarations" "-Wmissing-prototypes" "-Wnested-externs" "-Wold-style-definition" "-Wpointer-arith" "-Wsign-compare" "-Wstrict-prototypes" "-Wundef" "-Wwrite-strings" "-Wno-address-of-packed-member" "-Wno-missing-field-initializers" "-D_GNU_SOURCE" "-D_WIN32_WINNT=0x0A00" "-D_CRT_SECURE_NO_WARNINGS" "-march=native" "-mrtm" "-DALLOW_EXPERIMENTAL_API" "-DALLOW_INTERNAL_API" "-DABI_VER
 SION=\"25.0\"" "-DRTE_LOG_DEFAULT_LOGTYPE=lib.eal" "-DRTE_ANNOTATE_LOCKS" "-Wthread-safety" -MD -MQ lib/librte_eal.a.p/eal_common_eal_common_lcore_var.c.obj -MF "lib\librte_eal.a.p\eal_common_eal_common_lcore_var.c.obj.d" -o lib/librte_eal.a.p/eal_common_eal_common_lcore_var.c.obj "-c" ../lib/eal/common/eal_common_lcore_var.c
../lib/eal/common/eal_common_lcore_var.c:30:18: error: call to undeclared library function 'aligned_alloc' with type 'void *(unsigned long long, unsigned long long)'; ISO C99 and later do not support implicit function declarations [-Werror,-Wimplicit-function-declaration]
lcore_buffer = aligned_alloc(RTE_CACHE_LINE_SIZE,
^
../lib/eal/common/eal_common_lcore_var.c:30:18: note: include the header <stdlib.h> or explicitly provide a declaration for 'aligned_alloc'
1 error generated.
[313/764] Compiling C object lib/librte_eal.a.p/eal_common_eal_common_lcore.c.obj
[314/764] Compiling C object lib/librte_eal.a.p/eal_common_eal_common_mcfg.c.obj
[315/764] Compiling C object lib/librte_eal.a.p/eal_common_eal_common_memalloc.c.obj
[316/764] Compiling C object lib/librte_eal.a.p/eal_common_eal_common_launch.c.obj
[317/764] Compiling C object lib/librte_eal.a.p/eal_common_eal_common_memzone.c.obj
ninja: build stopped: subcommand failed.
==== End log output ====

CentOS Stream 9
	Kernel: Depends on container host
	Compiler: gcc 11.4.1 20231218 (Red Hat 11.4.1-3)

Debian Bullseye
	Kernel: Depends on container host
	Compiler: gcc (Debian 10.2.1-6) 10.2.1 20210110

Debian 12
	Kernel: Depends on container host
	Compiler: gcc (Debian 12.2.0-14) 12.2.0

Fedora 37
	Kernel: Depends on container host system
	Compiler: gcc 12.3.1 20230508 (Red Hat 12.3.1-1)

Fedora 38 (Clang)
	Kernel: Depends on container host
	Compiler: clang 16.0.6 (Fedora 16.0.6-4.fc38)

Fedora 38
	Kernel: Depends on container host
	Compiler: gcc 13.2.1 20240316 (Red Hat 13.2.1-7)

Fedora 39 (Clang)
	Kernel: Depends on container host
	Compiler: clang 17.0.6 (Fedora 17.0.6-2.fc39)

Fedora 39
	Kernel: Depends on container host
	Compiler: gcc 13.3.1 20240522 (Red Hat 13.3.1-1)

Fedora 40 (Clang)
	Kernel: Depends on container host
	Compiler: clang 18.1.6 (Fedora 18.1.6-3.fc40)

Fedora 40
	Kernel: Depends on container host
	Compiler: gcc 14.2.1 20240801 (Red Hat 14.2.1-1)

openSUSE Leap 15
	Kernel: Depends on container host
	Compiler: gcc (SUSE Linux) 7.5.0

RHEL8
	Kernel: Depends on container host
	Compiler: gcc 8.5.0 20210514 (Red Hat 8.5.0-22)

RHEL9
	Kernel: Depends on container host
	Compiler: gcc 11.4.1 20231218 (Red Hat 11.4.1-3)

FreeBSD 13.3
	Kernel: 13.3-RELEASE-p5
	Compiler: clang 17.0.6

Ubuntu 20.04
	Kernel: Depends on container host
	Compiler: gcc (Ubuntu 9.4.0-1ubuntu1~20.04.2) 9.4.0

Ubuntu 22.04
	Kernel: Depends on container host
	Compiler: gcc (Ubuntu 11.4.0-1ubuntu1~22.04) 11.4.0

Ubuntu 24.04
	Kernel: Depends on container host
	Compiler: gcc (Ubuntu 13.2.0-23ubuntu4) 13.2.0

Windows Server 2022
	Kernel: 10.0.20348.2031
	Compiler: clang 15.0.7, gcc 14.1.0 (MinGW), and MSVC VS 19.39.33521

To view detailed results, visit:
https://lab.dpdk.org/results/dashboard/patchsets/30981/

UNH-IOL DPDK Community Lab

To manage your email subscriptions, visit: 
https://lab.dpdk.org/results/dashboard/preferences/subscriptions/


More information about the test-report mailing list