|FAILURE| [GIT MASTER] b5dfcacb9dc5e23868cf11ad6d49f804b8ff66cc
dpdklab at iol.unh.edu
dpdklab at iol.unh.edu
Wed Sep 11 23:20:07 CEST 2024
_Testing issues_
Branch: 21.11-staging
b5dfcacb9dc5e23868cf11ad6d49f804b8ff66cc --> testing issues
Upstream job id: Generic-DPDK-Compile-Meson#299531
Test environment and result as below:
+---------------------+-----------------------+----------------------+--------------------+
| Environment | dpdk_win_llvm_compile | dpdk_mingw64_compile | dpdk_meson_compile |
+=====================+=======================+======================+====================+
| Windows Server 2022 | PASS | PASS | SKIPPED |
+---------------------+-----------------------+----------------------+--------------------+
| FreeBSD 13.3 | SKIPPED | SKIPPED | PASS |
+---------------------+-----------------------+----------------------+--------------------+
| FreeBSD 14.1 | SKIPPED | SKIPPED | PASS |
+---------------------+-----------------------+----------------------+--------------------+
| CentOS Stream 9 | SKIPPED | SKIPPED | PASS |
+---------------------+-----------------------+----------------------+--------------------+
| Debian Bullseye | SKIPPED | SKIPPED | PASS |
+---------------------+-----------------------+----------------------+--------------------+
| Debian 12 | SKIPPED | SKIPPED | PEND |
+---------------------+-----------------------+----------------------+--------------------+
| Fedora 37 | SKIPPED | SKIPPED | PASS |
+---------------------+-----------------------+----------------------+--------------------+
| Fedora 38 (Clang) | SKIPPED | SKIPPED | PASS |
+---------------------+-----------------------+----------------------+--------------------+
| Fedora 38 | SKIPPED | SKIPPED | PEND |
+---------------------+-----------------------+----------------------+--------------------+
| Fedora 39 (Clang) | SKIPPED | SKIPPED | PASS |
+---------------------+-----------------------+----------------------+--------------------+
| Fedora 39 | SKIPPED | SKIPPED | PEND |
+---------------------+-----------------------+----------------------+--------------------+
| Fedora 40 (Clang) | SKIPPED | SKIPPED | PASS |
+---------------------+-----------------------+----------------------+--------------------+
| Fedora 40 | SKIPPED | SKIPPED | PASS |
+---------------------+-----------------------+----------------------+--------------------+
| openSUSE Leap 15 | SKIPPED | SKIPPED | PEND |
+---------------------+-----------------------+----------------------+--------------------+
| RHEL8 | SKIPPED | SKIPPED | PASS |
+---------------------+-----------------------+----------------------+--------------------+
| RHEL9 | SKIPPED | SKIPPED | PEND |
+---------------------+-----------------------+----------------------+--------------------+
| Ubuntu 20.04 | SKIPPED | SKIPPED | PASS |
+---------------------+-----------------------+----------------------+--------------------+
| Ubuntu 22.04 | SKIPPED | SKIPPED | PEND |
+---------------------+-----------------------+----------------------+--------------------+
| RHEL 7 | SKIPPED | SKIPPED | FAIL |
+---------------------+-----------------------+----------------------+--------------------+
==== 20 line log output for RHEL 7 (dpdk_meson_compile): ====
[2111/3074] Compiling C object 'drivers/a715181@@tmp_rte_net_softnic at sta/net_softnic_rte_eth_softnic.c.o'.
[2112/3074] Compiling C object 'drivers/a715181@@rte_net_sfc at sha/meson-generated_.._rte_net_sfc.pmd.c.o'.
[2113/3074] Linking static target drivers/librte_net_sfc.a.
[2114/3074] Generating rte_net_sfc.sym_chk with a meson_exe.py custom command.
[2115/3074] Compiling C object 'drivers/a715181@@tmp_rte_net_softnic at sta/net_softnic_conn.c.o'.
[2116/3074] Compiling C object 'drivers/a715181@@tmp_rte_net_softnic at sta/net_softnic_rte_eth_softnic_mempool.c.o'.
[2117/3074] Linking target drivers/librte_net_sfc.so.22.0.
[2118/3074] Compiling C object 'drivers/a715181@@tmp_rte_net_softnic at sta/net_softnic_parser.c.o'.
[2119/3074] Compiling C object 'drivers/a715181@@tmp_rte_net_softnic at sta/net_softnic_rte_eth_softnic_flow.c.o'.
[2120/3074] Compiling C object 'drivers/a715181@@tmp_rte_net_softnic at sta/net_softnic_rte_eth_softnic_link.c.o'.
[2121/3074] Compiling C object 'drivers/a715181@@tmp_rte_net_softnic at sta/net_softnic_rte_eth_softnic_meter.c.o'.
FAILED: drivers/a715181@@tmp_rte_net_softnic at sta/net_softnic_rte_eth_softnic_meter.c.o
ccache cc -Idrivers/a715181@@tmp_rte_net_softnic at sta -Idrivers -I../drivers -Idrivers/net/softnic -I../drivers/net/softnic -Ilib/ethdev -I../lib/ethdev -I. -I../ -Iconfig -I../config -Ilib/eal/include -I../lib/eal/include -Ilib/eal/linux/include -I../lib/eal/linux/include -Ilib/eal/x86/include -I../lib/eal/x86/include -Ilib/eal/common -I../lib/eal/common -Ilib/eal -I../lib/eal -Ilib/kvargs -I../lib/kvargs -Ilib/telemetry/../metrics -I../lib/telemetry/../metrics -Ilib/telemetry -I../lib/telemetry -Ilib/net -I../lib/net -Ilib/mbuf -I../lib/mbuf -Ilib/mempool -I../lib/mempool -Ilib/ring -I../lib/ring -Ilib/meter -I../lib/meter -Idrivers/bus/pci -I../drivers/bus/pci -I../drivers/bus/pci/linux -Ilib/pci -I../lib/pci -Idrivers/bus/vdev -I../drivers/bus/vdev -Ilib/pipeline -I../lib/pipeline -Ilib/port -I../lib/port -Ilib/sched -I../lib/sched -Ilib/ip_frag -I../lib/ip_frag -Ilib/hash -I../lib/hash -Ilib/rcu -I../lib/rcu -Ilib/cryptodev -I../lib/cryptodev -Ilib/eventdev -I../lib/eventdev -Ili
b/timer -I../lib/timer -Ilib/kni -I../lib/kni -Ilib/table -I../lib/table -Ilib/lpm -I../lib/lpm -Ilib/acl -I../lib/acl -pipe -D_FILE_OFFSET_BITS=64 -Wall -Winvalid-pch -Werror -O3 -include rte_config.h -Wextra -Wcast-qual -Wdeprecated -Wformat -Wformat-nonliteral -Wformat-security -Wmissing-declarations -Wmissing-prototypes -Wnested-externs -Wold-style-definition -Wpointer-arith -Wsign-compare -Wstrict-prototypes -Wundef -Wwrite-strings -Wno-missing-field-initializers -D_GNU_SOURCE -fPIC -march=native -DALLOW_EXPERIMENTAL_API -DALLOW_INTERNAL_API -DRTE_LOG_DEFAULT_LOGTYPE=pmd.net.softnic -MD -MQ 'drivers/a715181@@tmp_rte_net_softnic at sta/net_softnic_rte_eth_softnic_meter.c.o' -MF 'drivers/a715181@@tmp_rte_net_softnic at sta/net_softnic_rte_eth_softnic_meter.c.o.d' -o 'drivers/a715181@@tmp_rte_net_softnic at sta/net_softnic_rte_eth_softnic_meter.c.o' -c ../drivers/net/softnic/rte_eth_softnic_meter.c
../drivers/net/softnic/rte_eth_softnic_meter.c: In function 'pmd_mtr_stats_read':
../drivers/net/softnic/rte_eth_softnic_meter.c:906:10: error: missing braces around initializer [-Werror=missing-braces]
struct rte_mtr_stats s = {0};
^
../drivers/net/softnic/rte_eth_softnic_meter.c:906:10: error: (near initialization for 's.n_pkts') [-Werror=missing-braces]
cc1: all warnings being treated as errors
ninja: build stopped: subcommand failed.
==== End log output ====
Windows Server 2022
Kernel: 10.0.20348.2031
Compiler: clang 15.0.7, gcc 14.1.0 (MinGW), and MSVC VS 19.39.33521
FreeBSD 13.3
Kernel: 13.3-RELEASE-p5
Compiler: clang 17.0.6
FreeBSD 14.1
Kernel: 14.1-RELEASE-p3
Compiler: clang 18.1.5
CentOS Stream 9
Kernel: Depends on container host
Compiler: gcc 11.4.1 20231218 (Red Hat 11.4.1-3)
Debian Bullseye
Kernel: Depends on container host
Compiler: gcc (Debian 10.2.1-6) 10.2.1 20210110
Debian 12
Kernel: Depends on container host
Compiler: gcc (Debian 12.2.0-14) 12.2.0
Fedora 37
Kernel: Depends on container host system
Compiler: gcc 12.3.1 20230508 (Red Hat 12.3.1-1)
Fedora 38 (Clang)
Kernel: Depends on container host
Compiler: clang 16.0.6 (Fedora 16.0.6-4.fc38)
Fedora 38
Kernel: Depends on container host
Compiler: gcc 13.2.1 20240316 (Red Hat 13.2.1-7)
Fedora 39 (Clang)
Kernel: Depends on container host
Compiler: clang 17.0.6 (Fedora 17.0.6-2.fc39)
Fedora 39
Kernel: Depends on container host
Compiler: gcc 13.3.1 20240522 (Red Hat 13.3.1-1)
Fedora 40 (Clang)
Kernel: Depends on container host
Compiler: clang 18.1.6 (Fedora 18.1.6-3.fc40)
Fedora 40
Kernel: Depends on container host
Compiler: gcc 14.2.1 20240801 (Red Hat 14.2.1-1)
openSUSE Leap 15
Kernel: Depends on container host
Compiler: gcc (SUSE Linux) 7.5.0
RHEL8
Kernel: Depends on container host
Compiler: gcc 8.5.0 20210514 (Red Hat 8.5.0-22)
RHEL9
Kernel: Depends on container host
Compiler: gcc 11.4.1 20231218 (Red Hat 11.4.1-3)
Ubuntu 20.04
Kernel: Depends on container host
Compiler: gcc (Ubuntu 9.4.0-1ubuntu1~20.04.2) 9.4.0
Ubuntu 22.04
Kernel: Depends on container host
Compiler: gcc (Ubuntu 11.4.0-1ubuntu1~22.04) 11.4.0
RHEL 7
Kernel: Depends on container host
Compiler: gcc 4.8.5 20150623 (Red Hat 4.8.5-44)
To view detailed results, visit:
https://lab.dpdk.org/results/dashboard/tarballs/30560/
UNH-IOL DPDK Community Lab
To manage your email subscriptions, visit:
https://lab.dpdk.org/results/dashboard/preferences/subscriptions/
More information about the test-report
mailing list