|FAILURE| pw143968 [PATCH] [v2] dts: correct typos in user config do
dpdklab at iol.unh.edu
dpdklab at iol.unh.edu
Wed Sep 11 23:47:58 CEST 2024
Test-Label: iol-unit-amd64-testing
Test-Status: FAILURE
http://dpdk.org/patch/143968
_Testing issues_
Submitter: Dean Marx <dmarx at iol.unh.edu>
Date: Wednesday, September 11 2024 18:52:29
DPDK git baseline: Repo:dpdk
Branch: master
CommitID:41dd9a6bc2d9c6e20e139ad713cc9d172572dd43
143968 --> testing issues
Upstream job id: Generic-Unit-Test-DPDK#261461
Test environment and result as below:
+---------------------+----------------+
| Environment | dpdk_unit_test |
+=====================+================+
| Windows Server 2022 | PASS |
+---------------------+----------------+
| CentOS Stream 9 | PASS |
+---------------------+----------------+
| Debian Bullseye | PASS |
+---------------------+----------------+
| Debian 12 | PASS |
+---------------------+----------------+
| Fedora 37 | WARN |
+---------------------+----------------+
| Fedora 38 | PEND |
+---------------------+----------------+
| Fedora 38 (Clang) | PEND |
+---------------------+----------------+
| Fedora 39 | PEND |
+---------------------+----------------+
| Fedora 39 (Clang) | PEND |
+---------------------+----------------+
| Fedora 40 | PEND |
+---------------------+----------------+
==== 20 line log output for Fedora 37 (dpdk_unit_test): ====
Compiler for C supports arguments -Wformat-nonliteral: YES
Compiler for C supports arguments -Wformat-security: YES
Compiler for C supports arguments -Wmissing-declarations: YES
Compiler for C supports arguments -Wmissing-prototypes: YES
Compiler for C supports arguments -Wnested-externs: YES
Compiler for C supports arguments -Wold-style-definition: YES
Compiler for C supports arguments -Wpointer-arith: YES
Compiler for C supports arguments -Wsign-compare: YES
Compiler for C supports arguments -Wstrict-prototypes: YES
Compiler for C supports arguments -Wundef: YES
Compiler for C supports arguments -Wwrite-strings: YES
Compiler for C supports arguments -Wno-address-of-packed-member -Waddress-of-packed-member: YES
Compiler for C supports arguments -Wno-packed-not-aligned -Wpacked-not-aligned: YES
Compiler for C supports arguments -Wno-missing-field-initializers -Wmissing-field-initializers: YES
Compiler for C supports arguments -Wno-zero-length-bounds -Wzero-length-bounds: YES
Program /home-local/jenkins-local/jenkins-agent/workspace/Generic-Unit-Test-DPDK/dpdk/config/arm/armv8_machine.py found: YES (/home-local/jenkins-local/jenkins-agent/workspace/Generic-Unit-Test-DPDK/dpdk/config/arm/armv8_machine.py)
config/arm/meson.build:767:16: ERROR: Problem encountered: Error when getting Arm Implementer ID and part number.
A full log can be found at /home-local/jenkins-local/jenkins-agent/workspace/Generic-Unit-Test-DPDK/dpdk/build/meson-logs/meson-log.txt
==== End log output ====
Windows Server 2022
Kernel: 10.0.20348.2031
Compiler: clang 15.0.7, gcc 14.1.0 (MinGW), and MSVC VS 19.39.33521
CentOS Stream 9
Kernel: Depends on container host
Compiler: gcc 11.4.1 20231218 (Red Hat 11.4.1-3)
Debian Bullseye
Kernel: Depends on container host
Compiler: gcc (Debian 10.2.1-6) 10.2.1 20210110
Debian 12
Kernel: Depends on container host
Compiler: gcc (Debian 12.2.0-14) 12.2.0
Fedora 37
Kernel: Depends on container host system
Compiler: gcc 12.3.1 20230508 (Red Hat 12.3.1-1)
Fedora 38
Kernel: Depends on container host
Compiler: gcc 13.2.1 20240316 (Red Hat 13.2.1-7)
Fedora 38 (Clang)
Kernel: Depends on container host
Compiler: clang 16.0.6 (Fedora 16.0.6-4.fc38)
Fedora 39
Kernel: Depends on container host
Compiler: gcc 13.3.1 20240522 (Red Hat 13.3.1-1)
Fedora 39 (Clang)
Kernel: Depends on container host
Compiler: clang 17.0.6 (Fedora 17.0.6-2.fc39)
Fedora 40
Kernel: Depends on container host
Compiler: gcc 14.2.1 20240801 (Red Hat 14.2.1-1)
To view detailed results, visit:
https://lab.dpdk.org/results/dashboard/patchsets/31008/
UNH-IOL DPDK Community Lab
To manage your email subscriptions, visit:
https://lab.dpdk.org/results/dashboard/preferences/subscriptions/
More information about the test-report
mailing list