|WARNING| pw143965-143961 [PATCH] [v2,6/6] eal: keep per-lcore power
dpdklab at iol.unh.edu
dpdklab at iol.unh.edu
Thu Sep 12 04:28:34 CEST 2024
Test-Label: iol-compile-amd64-testing
Test-Status: WARNING
http://dpdk.org/patch/143961
_Testing issues_
Submitter: Mattias Ronnblom <mattias.ronnblom at ericsson.com>
Date: Wednesday, September 11 2024 17:04:30
DPDK git baseline: Repo:dpdk
Branch: master
CommitID:41dd9a6bc2d9c6e20e139ad713cc9d172572dd43
143965-143961 --> testing issues
Upstream job id: Generic-DPDK-Compile-Meson#299706
Test environment and result as below:
+---------------------+--------------------+------------------+-------------------+----------------------+-----------------------+-------------------+
| Environment | dpdk_meson_compile | dpdk_compile_ovs | dpdk_compile_spdk | dpdk_mingw64_compile | dpdk_win_llvm_compile | dpdk_msvc_compile |
+=====================+====================+==================+===================+======================+=======================+===================+
| CentOS Stream 9 | PASS | PASS | PASS | SKIPPED | SKIPPED | SKIPPED |
+---------------------+--------------------+------------------+-------------------+----------------------+-----------------------+-------------------+
| Debian 12 | PASS | PASS | PASS | SKIPPED | SKIPPED | SKIPPED |
+---------------------+--------------------+------------------+-------------------+----------------------+-----------------------+-------------------+
| Debian Bullseye | PASS | PASS | PASS | SKIPPED | SKIPPED | SKIPPED |
+---------------------+--------------------+------------------+-------------------+----------------------+-----------------------+-------------------+
| Fedora 37 | PASS | PASS | PASS | SKIPPED | SKIPPED | SKIPPED |
+---------------------+--------------------+------------------+-------------------+----------------------+-----------------------+-------------------+
| Fedora 38 (Clang) | PASS | PASS | PASS | SKIPPED | SKIPPED | SKIPPED |
+---------------------+--------------------+------------------+-------------------+----------------------+-----------------------+-------------------+
| Fedora 39 (Clang) | PASS | PASS | PASS | SKIPPED | SKIPPED | SKIPPED |
+---------------------+--------------------+------------------+-------------------+----------------------+-----------------------+-------------------+
| Fedora 39 | PASS | PASS | PASS | SKIPPED | SKIPPED | SKIPPED |
+---------------------+--------------------+------------------+-------------------+----------------------+-----------------------+-------------------+
| Fedora 40 | PASS | PASS | PASS | SKIPPED | SKIPPED | SKIPPED |
+---------------------+--------------------+------------------+-------------------+----------------------+-----------------------+-------------------+
| RHEL8 | PASS | PASS | SKIPPED | SKIPPED | SKIPPED | SKIPPED |
+---------------------+--------------------+------------------+-------------------+----------------------+-----------------------+-------------------+
| Ubuntu 20.04 | PASS | PASS | SKIPPED | SKIPPED | SKIPPED | SKIPPED |
+---------------------+--------------------+------------------+-------------------+----------------------+-----------------------+-------------------+
| openSUSE Leap 15 | PASS | PASS | SKIPPED | SKIPPED | SKIPPED | SKIPPED |
+---------------------+--------------------+------------------+-------------------+----------------------+-----------------------+-------------------+
| RHEL9 | PASS | PASS | SKIPPED | SKIPPED | SKIPPED | SKIPPED |
+---------------------+--------------------+------------------+-------------------+----------------------+-----------------------+-------------------+
| Ubuntu 24.04 | PASS | PASS | PASS | SKIPPED | SKIPPED | SKIPPED |
+---------------------+--------------------+------------------+-------------------+----------------------+-----------------------+-------------------+
| Alpine | PASS | PASS | SKIPPED | SKIPPED | SKIPPED | SKIPPED |
+---------------------+--------------------+------------------+-------------------+----------------------+-----------------------+-------------------+
| Ubuntu 22.04 | PASS | PASS | PASS | SKIPPED | SKIPPED | SKIPPED |
+---------------------+--------------------+------------------+-------------------+----------------------+-----------------------+-------------------+
| FreeBSD 13.3 | PASS | SKIPPED | SKIPPED | SKIPPED | SKIPPED | SKIPPED |
+---------------------+--------------------+------------------+-------------------+----------------------+-----------------------+-------------------+
| FreeBSD 14.1 | PASS | SKIPPED | SKIPPED | SKIPPED | SKIPPED | SKIPPED |
+---------------------+--------------------+------------------+-------------------+----------------------+-----------------------+-------------------+
| Fedora 38 | PASS | PASS | PASS | SKIPPED | SKIPPED | SKIPPED |
+---------------------+--------------------+------------------+-------------------+----------------------+-----------------------+-------------------+
| Fedora 40 (Clang) | PASS | PASS | PASS | SKIPPED | SKIPPED | SKIPPED |
+---------------------+--------------------+------------------+-------------------+----------------------+-----------------------+-------------------+
| Windows Server 2022 | SKIPPED | SKIPPED | SKIPPED | PASS | PASS | FAIL |
+---------------------+--------------------+------------------+-------------------+----------------------+-----------------------+-------------------+
==== 20 line log output for Windows Server 2022 (dpdk_msvc_compile): ====
[ 1 5 / 9 5 ] L i n k i n g s t a t i c t a r g e t l i b / l i b r t e _ t e l e m e t r y . a
[ 1 6 / 9 5 ] C o m p i l i n g C o b j e c t l i b / l i b r t e _ e a l . a . p / e a l _ c o m m o n _ e a l _ c o m m o n _ d e v a r g s . c . o b j
[ 1 7 / 9 5 ] C o m p i l i n g C o b j e c t l i b / l i b r t e _ e a l . a . p / e a l _ c o m m o n _ e a l _ c o m m o n _ f b a r r a y . c . o b j
[ 1 8 / 9 5 ] C o m p i l i n g C o b j e c t l i b / l i b r t e _ e a l . a . p / e a l _ c o m m o n _ e a l _ c o m m o n _ d e v . c . o b j
[ 1 9 / 9 5 ] C o m p i l i n g C o b j e c t l i b / l i b r t e _ e a l . a . p / e a l _ c o m m o n _ e a l _ c o m m o n _ m c f g . c . o b j
[ 2 0 / 9 5 ] C o m p i l i n g C o b j e c t l i b / l i b r t e _ e a l . a . p / e a l _ c o m m o n _ e a l _ c o m m o n _ l a u n c h . c . o b j
[ 2 1 / 9 5 ] C o m p i l i n g C o b j e c t l i b / l i b r t e _ e a l . a . p / e a l _ c o m m o n _ e a l _ c o m m o n _ s t r i n g _ f n s . c . o b j
[ 2 2 / 9 5 ] C o m p i l i n g C o b j e c t l i b / l i b r t e _ e a l . a . p / e a l _ c o m m o n _ e a l _ c o m m o n _ i n t e r r u p t s . c . o b j
[ 2 3 / 9 5 ] C o m p i l i n g C o b j e c t l i b / l i b r t e _ e a l . a . p / e a l _ c o m m o n _ e a l _ c o m m o n _ l c o r e . c . o b j
[ 2 4 / 9 5 ] C o m p i l i n g C o b j e c t l i b / l i b r t e _ e a l . a . p / e a l _ c o m m o n _ e a l _ c o m m o n _ l c o r e _ v a r . c . o b j
F A I L E D : l i b / l i b r t e _ e a l . a . p / e a l _ c o m m o n _ e a l _ c o m m o n _ l c o r e _ v a r . c . o b j
" c l " " - I l i b \ l i b r t e _ e a l . a . p " " - I l i b " " - I . . \ l i b " " - I . " " - I . . " " - I c o n f i g " " - I . . \ c o n f i g " " - I l i b \ e a l \ i n c l u d e " " - I . . \ l i b \ e a l \ i n c l u d e " " - I l i b \ e a l \ w i n d o w s \ i n c l u d e " " - I . . \ l i b \ e a l \ w i n d o w s \ i n c l u d e " " - I l i b \ e a l \ x 8 6 \ i n c l u d e " " - I . . \ l i b \ e a l \ x 8 6 \ i n c l u d e " " - I l i b \ e a l \ c o m m o n " " - I . . \ l i b \ e a l \ c o m m o n " " - I l i b \ e a l " " - I . . \ l i b \ e a l " " - I l i b \ l o g " " - I . . \ l i b \ l o g " " - I l i b \ k v a r g s " " - I . . \ l i b \ k v a r g s " " / M D " " / n o l o g o " " / s h o w I n c l u d e s " " / W 3 " " / W X " " / s t d : c 1 1 " " / O 2 " " / G w " " / w d 4 2 4 4 " " / w d 4 2 6 7 " " / w d 4 1 4 6 " " / e x p e r i m e n t a l : c 1 1 a t o m i c s " " / d 1 e x p e r
i m e n t a l : t y p e o f " " / e x p e r i m e n t a l : s t a t e m e n t E x p r e s s i o n s " " / F I " " r t e _ c o n f i g . h " " - D _ G N U _ S O U R C E " " - D _ W I N 3 2 _ W I N N T = 0 x 0 A 0 0 " " - D A L L O W _ E X P E R I M E N T A L _ A P I " " - D A L L O W _ I N T E R N A L _ A P I " " - D A B I _ V E R S I O N = \ " 2 5 . 0 \ " " " - D R T E _ L O G _ D E F A U L T _ L O G T Y P E = l i b . e a l " " / F d l i b \ l i b r t e _ e a l . a . p \ e a l _ c o m m o n _ e a l _ c o m m o n _ l c o r e _ v a r . c . p d b " / F o l i b / l i b r t e _ e a l . a . p / e a l _ c o m m o n _ e a l _ c o m m o n _ l c o r e _ v a r . c . o b j " / c " . . / l i b / e a l / c o m m o n / e a l _ c o m m o n _ l c o r e _ v a r . c
. . / l i b / e a l / c o m m o n / e a l _ c o m m o n _ l c o r e _ v a r . c ( 7 3 ) : e r r o r C 2 0 6 1 : s y n t a x e r r o r : i d e n t i f i e r ' m a x _ a l i g n _ t '
[ 2 5 / 9 5 ] C o m p i l i n g C o b j e c t l i b / l i b r t e _ e a l . a . p / e a l _ c o m m o n _ e a l _ c o m m o n _ u u i d . c . o b j
[ 2 6 / 9 5 ] C o m p i l i n g C o b j e c t l i b / l i b r t e _ e a l . a . p / e a l _ c o m m o n _ e a l _ c o m m o n _ m e m a l l o c . c . o b j
[ 2 7 / 9 5 ] C o m p i l i n g C o b j e c t l i b / l i b r t e _ e a l . a . p / e a l _ c o m m o n _ e a l _ c o m m o n _ m e m o r y . c . o b j
[ 2 8 / 9 5 ] C o m p i l i n g C o b j e c t l i b / l i b r t e _ e a l . a . p / e a l _ c o m m o n _ e a l _ c o m m o n _ m e m z o n e . c . o b j
[ 2 9 / 9 5 ] C o m p i l i n g C o b j e c t l i b / l i b r t e _ e a l . a . p / e a l _ c o m m o n _ e a l _ c o m m o n _ o p t i o n s . c . o b j
n i n j a : b u i l d s t o p p e d : s u b c o m m a n d f a i l e d .
==== End log output ====
CentOS Stream 9
Kernel: Depends on container host
Compiler: gcc 11.4.1 20231218 (Red Hat 11.4.1-3)
Debian 12
Kernel: Depends on container host
Compiler: gcc (Debian 12.2.0-14) 12.2.0
Debian Bullseye
Kernel: Depends on container host
Compiler: gcc (Debian 10.2.1-6) 10.2.1 20210110
Fedora 37
Kernel: Depends on container host system
Compiler: gcc 12.3.1 20230508 (Red Hat 12.3.1-1)
Fedora 38 (Clang)
Kernel: Depends on container host
Compiler: clang 16.0.6 (Fedora 16.0.6-4.fc38)
Fedora 39 (Clang)
Kernel: Depends on container host
Compiler: clang 17.0.6 (Fedora 17.0.6-2.fc39)
Fedora 39
Kernel: Depends on container host
Compiler: gcc 13.3.1 20240522 (Red Hat 13.3.1-1)
Fedora 40
Kernel: Depends on container host
Compiler: gcc 14.2.1 20240801 (Red Hat 14.2.1-1)
RHEL8
Kernel: Depends on container host
Compiler: gcc 8.5.0 20210514 (Red Hat 8.5.0-22)
Ubuntu 20.04
Kernel: Depends on container host
Compiler: gcc (Ubuntu 9.4.0-1ubuntu1~20.04.2) 9.4.0
openSUSE Leap 15
Kernel: Depends on container host
Compiler: gcc (SUSE Linux) 7.5.0
RHEL9
Kernel: Depends on container host
Compiler: gcc 11.4.1 20231218 (Red Hat 11.4.1-3)
Ubuntu 24.04
Kernel: Depends on container host
Compiler: gcc (Ubuntu 13.2.0-23ubuntu4) 13.2.0
Alpine
Kernel: Depends on container host
Compiler: gcc (Alpine 13.2.1_git20240309) 13.2.1 20240309
Ubuntu 22.04
Kernel: Depends on container host
Compiler: gcc (Ubuntu 11.4.0-1ubuntu1~22.04) 11.4.0
FreeBSD 13.3
Kernel: 13.3-RELEASE-p5
Compiler: clang 17.0.6
FreeBSD 14.1
Kernel: 14.1-RELEASE-p3
Compiler: clang 18.1.5
Fedora 38
Kernel: Depends on container host
Compiler: gcc 13.2.1 20240316 (Red Hat 13.2.1-7)
Fedora 40 (Clang)
Kernel: Depends on container host
Compiler: clang 18.1.6 (Fedora 18.1.6-3.fc40)
Windows Server 2022
Kernel: 10.0.20348.2031
Compiler: clang 15.0.7, gcc 14.1.0 (MinGW), and MSVC VS 19.39.33521
To view detailed results, visit:
https://lab.dpdk.org/results/dashboard/patchsets/31005/
UNH-IOL DPDK Community Lab
To manage your email subscriptions, visit:
https://lab.dpdk.org/results/dashboard/preferences/subscriptions/
More information about the test-report
mailing list