|WARNING| pw144005-144047 [PATCH] [v1,43/43] net/dpaa2: dpdmux singl
dpdklab at iol.unh.edu
dpdklab at iol.unh.edu
Fri Sep 13 13:12:05 CEST 2024
Test-Label: iol-unit-amd64-testing
Test-Status: WARNING
http://dpdk.org/patch/144047
_Testing issues_
Submitter: None <vanshika.shukla at nxp.com>
Date: Friday, September 13 2024 05:59:59
DPDK git baseline: Repo:dpdk
Branch: master
CommitID:41dd9a6bc2d9c6e20e139ad713cc9d172572dd43
144005-144047 --> testing issues
Upstream job id: Generic-Unit-Test-DPDK#262258
Test environment and result as below:
+---------------------+----------------+
| Environment | dpdk_unit_test |
+=====================+================+
| Windows Server 2022 | PASS |
+---------------------+----------------+
| CentOS Stream 9 | PASS |
+---------------------+----------------+
| Debian Bullseye | PASS |
+---------------------+----------------+
| Debian 12 | PASS |
+---------------------+----------------+
| Fedora 37 | PASS |
+---------------------+----------------+
| Fedora 38 | PASS |
+---------------------+----------------+
| Fedora 39 | PASS |
+---------------------+----------------+
| Fedora 39 (Clang) | WARN |
+---------------------+----------------+
| Fedora 40 | PASS |
+---------------------+----------------+
| Fedora 40 (Clang) | WARN |
+---------------------+----------------+
| RHEL8 | PASS |
+---------------------+----------------+
| RHEL9 | PASS |
+---------------------+----------------+
| Ubuntu 20.04 | PASS |
+---------------------+----------------+
| Ubuntu 22.04 | PASS |
+---------------------+----------------+
| Ubuntu 24.04 | PASS |
+---------------------+----------------+
| Fedora 38 (Clang) | WARN |
+---------------------+----------------+
==== 20 line log output for Fedora 38 (Clang) (dpdk_unit_test): ====
[1334/2945] Compiling C object 'drivers/a715181@@tmp_rte_net_dpaa at sta/net_dpaa_dpaa_rxtx.c.o'.
[1335/2945] Linking static target drivers/libtmp_rte_net_dpaa.a.
[1336/2945] Compiling C object 'drivers/a715181@@tmp_rte_net_dpaa2 at sta/net_dpaa2_base_dpaa2_hw_dpni.c.o'.
[1337/2945] Compiling C object 'drivers/a715181@@tmp_rte_net_dpaa2 at sta/net_dpaa2_dpaa2_tm.c.o'.
[1338/2945] Compiling C object 'drivers/a715181@@tmp_rte_net_dpaa2 at sta/net_dpaa2_dpaa2_ethdev.c.o'.
[1339/2945] Generating rte_net_dpaa.pmd.c with a custom command.
[1340/2945] Compiling C object 'drivers/a715181@@rte_net_dpaa at sta/meson-generated_.._rte_net_dpaa.pmd.c.o'.
[1341/2945] Linking static target drivers/librte_net_dpaa.a.
[1342/2945] Compiling C object 'drivers/a715181@@tmp_rte_net_dpaa2 at sta/net_dpaa2_dpaa2_rxtx.c.o'.
[1343/2945] Compiling C object 'drivers/a715181@@tmp_rte_net_dpaa2 at sta/net_dpaa2_dpaa2_flow.c.o'.
FAILED: drivers/a715181@@tmp_rte_net_dpaa2 at sta/net_dpaa2_dpaa2_flow.c.o
clang -Idrivers/a715181@@tmp_rte_net_dpaa2 at sta -Idrivers -I../drivers -Idrivers/net/dpaa2 -I../drivers/net/dpaa2 -I../drivers/net/dpaa2/base -I../drivers/net/dpaa2/mc -Ilib/ethdev -I../lib/ethdev -I. -I../ -Iconfig -I../config -Ilib/eal/include -I../lib/eal/include -Ilib/eal/linux/include -I../lib/eal/linux/include -Ilib/eal/x86/include -I../lib/eal/x86/include -Ilib/eal/common -I../lib/eal/common -Ilib/eal -I../lib/eal -Ilib/kvargs -I../lib/kvargs -Ilib/log -I../lib/log -Ilib/telemetry/../metrics -I../lib/telemetry/../metrics -Ilib/telemetry -I../lib/telemetry -Ilib/net -I../lib/net -Ilib/mbuf -I../lib/mbuf -Ilib/mempool -I../lib/mempool -Ilib/ring -I../lib/ring -Ilib/meter -I../lib/meter -Idrivers/bus/pci -I../drivers/bus/pci -I../drivers/bus/pci/linux -Ilib/pci -I../lib/pci -Idrivers/bus/vdev -I../drivers/bus/vdev -Idrivers/mempool/dpaa2 -I../drivers/mempool/dpaa2 -Idrivers/bus/fslmc -I../drivers/bus/fslmc -I../drivers/bus/fslmc/mc -I../drivers/bus/fslmc/qbman/include -I../drivers
/bus/fslmc/portal -Idrivers/bus/fslmc/../../../lib/eal/linux -I../drivers/bus/fslmc/../../../lib/eal/linux -Idrivers/common/dpaax -I../drivers/common/dpaax -I../drivers/common/dpaax/caamflib -Ilib/eventdev -I../lib/eventdev -Ilib/hash -I../lib/hash -Ilib/rcu -I../lib/rcu -Ilib/timer -I../lib/timer -Ilib/cryptodev -I../lib/cryptodev -Ilib/dmadev -I../lib/dmadev -Xclang -fcolor-diagnostics -pipe -D_FILE_OFFSET_BITS=64 -Wall -Winvalid-pch -Wextra -Werror -std=c11 -O3 -include rte_config.h -Wcast-qual -Wdeprecated -Wformat -Wformat-nonliteral -Wformat-security -Wmissing-declarations -Wmissing-prototypes -Wnested-externs -Wold-style-definition -Wpointer-arith -Wsign-compare -Wstrict-prototypes -Wundef -Wwrite-strings -Wno-address-of-packed-member -Wno-missing-field-initializers -D_GNU_SOURCE -fPIC -march=native -mrtm -DALLOW_EXPERIMENTAL_API -DALLOW_INTERNAL_API -DRTE_LOG_DEFAULT_LOGTYPE=pmd.net.dpaa2 -DRTE_ANNOTATE_LOCKS -Wthread-safety -MD -MQ 'drivers/a715181@@tmp_rte_net_dpaa2 at sta/ne
t_dpaa2_dpaa2_flow.c.o' -MF 'drivers/a715181@@tmp_rte_net_dpaa2 at sta/net_dpaa2_dpaa2_flow.c.o.d' -o 'drivers/a715181@@tmp_rte_net_dpaa2 at sta/net_dpaa2_dpaa2_flow.c.o' -c ../drivers/net/dpaa2/dpaa2_flow.c
../drivers/net/dpaa2/dpaa2_flow.c:4087:1: error: unused function 'dpaa2_fs_action_supported' [-Werror,-Wunused-function]
dpaa2_fs_action_supported(enum rte_flow_action_type action)
^
1 error generated.
[1344/2945] Compiling C object 'drivers/a715181@@rte_net_dpaa at sha/meson-generated_.._rte_net_dpaa.pmd.c.o'.
[1345/2945] Generating rte_net_dpaa.sym_chk with a meson_exe.py custom command.
[1346/2945] Compiling C object 'drivers/a715181@@tmp_rte_net_dpaa2 at sta/net_dpaa2_dpaa2_recycle.c.o'.
ninja: build stopped: subcommand failed.
==== End log output ====
Windows Server 2022
Kernel: 10.0.20348.2031
Compiler: clang 15.0.7, gcc 14.1.0 (MinGW), and MSVC VS 19.39.33521
CentOS Stream 9
Kernel: Depends on container host
Compiler: gcc 11.4.1 20231218 (Red Hat 11.4.1-3)
Debian Bullseye
Kernel: Depends on container host
Compiler: gcc (Debian 10.2.1-6) 10.2.1 20210110
Debian 12
Kernel: Depends on container host
Compiler: gcc (Debian 12.2.0-14) 12.2.0
Fedora 37
Kernel: Depends on container host system
Compiler: gcc 12.3.1 20230508 (Red Hat 12.3.1-1)
Fedora 38
Kernel: Depends on container host
Compiler: gcc 13.2.1 20240316 (Red Hat 13.2.1-7)
Fedora 39
Kernel: Depends on container host
Compiler: gcc 13.3.1 20240522 (Red Hat 13.3.1-1)
Fedora 39 (Clang)
Kernel: Depends on container host
Compiler: clang 17.0.6 (Fedora 17.0.6-2.fc39)
Fedora 40
Kernel: Depends on container host
Compiler: gcc 14.2.1 20240801 (Red Hat 14.2.1-1)
Fedora 40 (Clang)
Kernel: Depends on container host
Compiler: clang 18.1.6 (Fedora 18.1.6-3.fc40)
RHEL8
Kernel: Depends on container host
Compiler: gcc 8.5.0 20210514 (Red Hat 8.5.0-22)
RHEL9
Kernel: Depends on container host
Compiler: gcc 11.4.1 20231218 (Red Hat 11.4.1-3)
Ubuntu 20.04
Kernel: Depends on container host
Compiler: gcc (Ubuntu 9.4.0-1ubuntu1~20.04.2) 9.4.0
Ubuntu 22.04
Kernel: Depends on container host
Compiler: gcc (Ubuntu 11.4.0-1ubuntu1~22.04) 11.4.0
Ubuntu 24.04
Kernel: Depends on container host
Compiler: gcc (Ubuntu 13.2.0-23ubuntu4) 13.2.0
Fedora 38 (Clang)
Kernel: Depends on container host
Compiler: clang 16.0.6 (Fedora 16.0.6-4.fc38)
To view detailed results, visit:
https://lab.dpdk.org/results/dashboard/patchsets/31020/
UNH-IOL DPDK Community Lab
To manage your email subscriptions, visit:
https://lab.dpdk.org/results/dashboard/preferences/subscriptions/
More information about the test-report
mailing list