|FAILURE| [GIT MASTER] ff4d4839f9c2a6d05dca0a25ed6b1549402e1682
dpdklab at iol.unh.edu
dpdklab at iol.unh.edu
Mon Sep 16 09:38:26 CEST 2024
_Testing issues_
Branch: tags/v22.11
ff4d4839f9c2a6d05dca0a25ed6b1549402e1682 --> testing issues
Upstream job id: Generic-DPDK-Compile-Meson#301196
Test environment and result as below:
+---------------------+----------------------+--------------------+-----------------------+
| Environment | dpdk_mingw64_compile | dpdk_meson_compile | dpdk_win_llvm_compile |
+=====================+======================+====================+=======================+
| Windows Server 2022 | PASS | SKIPPED | PASS |
+---------------------+----------------------+--------------------+-----------------------+
| FreeBSD 13.3 | SKIPPED | PASS | SKIPPED |
+---------------------+----------------------+--------------------+-----------------------+
| FreeBSD 14.1 | SKIPPED | PASS | SKIPPED |
+---------------------+----------------------+--------------------+-----------------------+
| CentOS Stream 9 | SKIPPED | PASS | SKIPPED |
+---------------------+----------------------+--------------------+-----------------------+
| Debian Bullseye | SKIPPED | PASS | SKIPPED |
+---------------------+----------------------+--------------------+-----------------------+
| Debian 12 | SKIPPED | PASS | SKIPPED |
+---------------------+----------------------+--------------------+-----------------------+
| Fedora 37 | SKIPPED | PASS | SKIPPED |
+---------------------+----------------------+--------------------+-----------------------+
| Fedora 38 (Clang) | SKIPPED | PASS | SKIPPED |
+---------------------+----------------------+--------------------+-----------------------+
| Fedora 38 | SKIPPED | PASS | SKIPPED |
+---------------------+----------------------+--------------------+-----------------------+
| Fedora 39 | SKIPPED | PASS | SKIPPED |
+---------------------+----------------------+--------------------+-----------------------+
| Fedora 40 (Clang) | SKIPPED | PASS | SKIPPED |
+---------------------+----------------------+--------------------+-----------------------+
| Fedora 40 | SKIPPED | PASS | SKIPPED |
+---------------------+----------------------+--------------------+-----------------------+
| openSUSE Leap 15 | SKIPPED | PASS | SKIPPED |
+---------------------+----------------------+--------------------+-----------------------+
| RHEL8 | SKIPPED | PASS | SKIPPED |
+---------------------+----------------------+--------------------+-----------------------+
| RHEL9 | SKIPPED | PEND | SKIPPED |
+---------------------+----------------------+--------------------+-----------------------+
| Ubuntu 20.04 | SKIPPED | PEND | SKIPPED |
+---------------------+----------------------+--------------------+-----------------------+
| Ubuntu 22.04 | SKIPPED | PEND | SKIPPED |
+---------------------+----------------------+--------------------+-----------------------+
| Ubuntu 24.04 | SKIPPED | PEND | SKIPPED |
+---------------------+----------------------+--------------------+-----------------------+
| RHEL 7 | SKIPPED | FAIL | SKIPPED |
+---------------------+----------------------+--------------------+-----------------------+
| Fedora 39 (Clang) | SKIPPED | PEND | SKIPPED |
+---------------------+----------------------+--------------------+-----------------------+
==== 20 line log output for RHEL 7 (dpdk_meson_compile): ====
[2493/3509] Compiling C object 'drivers/a715181@@tmp_rte_crypto_octeontx at sta/crypto_octeontx_otx_cryptodev_ops.c.o'.
[2494/3509] Linking static target drivers/libtmp_rte_crypto_octeontx.a.
[2495/3509] Generating rte_crypto_octeontx.pmd.c with a custom command.
[2496/3509] Compiling C object 'drivers/a715181@@rte_crypto_octeontx at sta/meson-generated_.._rte_crypto_octeontx.pmd.c.o'.
[2497/3509] Linking static target drivers/librte_crypto_octeontx.a.
[2498/3509] Compiling C object 'drivers/a715181@@rte_crypto_octeontx at sha/meson-generated_.._rte_crypto_octeontx.pmd.c.o'.
[2499/3509] Generating rte_crypto_octeontx.sym_chk with a meson_exe.py custom command.
[2500/3509] Generating rte_crypto_octeontx_def with a custom command.
[2501/3509] Generating rte_crypto_octeontx_mingw with a custom command.
[2502/3509] Compiling C object 'drivers/a715181@@tmp_rte_crypto_openssl at sta/crypto_openssl_rte_openssl_pmd_ops.c.o'.
FAILED: drivers/a715181@@tmp_rte_crypto_openssl at sta/crypto_openssl_rte_openssl_pmd_ops.c.o
ccache cc -Idrivers/a715181@@tmp_rte_crypto_openssl at sta -Idrivers -I../drivers -Idrivers/crypto/openssl -I../drivers/crypto/openssl -Ilib/cryptodev -I../lib/cryptodev -I. -I../ -Iconfig -I../config -Ilib/eal/include -I../lib/eal/include -Ilib/eal/linux/include -I../lib/eal/linux/include -Ilib/eal/x86/include -I../lib/eal/x86/include -Ilib/eal/common -I../lib/eal/common -Ilib/eal -I../lib/eal -Ilib/kvargs -I../lib/kvargs -Ilib/telemetry/../metrics -I../lib/telemetry/../metrics -Ilib/telemetry -I../lib/telemetry -Ilib/mbuf -I../lib/mbuf -Ilib/mempool -I../lib/mempool -Ilib/ring -I../lib/ring -Ilib/rcu -I../lib/rcu -Idrivers/bus/vdev -I../drivers/bus/vdev -pipe -D_FILE_OFFSET_BITS=64 -Wall -Winvalid-pch -Wextra -Werror -O3 -include rte_config.h -Wcast-qual -Wdeprecated -Wformat -Wformat-nonliteral -Wformat-security -Wmissing-declarations -Wmissing-prototypes -Wnested-externs -Wold-style-definition -Wpointer-arith -Wsign-compare -Wstrict-prototypes -Wundef -Wwrite-strings -Wno-missing-fi
eld-initializers -D_GNU_SOURCE -fPIC -march=native -DALLOW_EXPERIMENTAL_API -DALLOW_INTERNAL_API -DRTE_LOG_DEFAULT_LOGTYPE=pmd.crypto.openssl -MD -MQ 'drivers/a715181@@tmp_rte_crypto_openssl at sta/crypto_openssl_rte_openssl_pmd_ops.c.o' -MF 'drivers/a715181@@tmp_rte_crypto_openssl at sta/crypto_openssl_rte_openssl_pmd_ops.c.o.d' -o 'drivers/a715181@@tmp_rte_crypto_openssl at sta/crypto_openssl_rte_openssl_pmd_ops.c.o' -c ../drivers/crypto/openssl/rte_openssl_pmd_ops.c
In file included from ../drivers/crypto/openssl/rte_openssl_pmd_ops.c:12:0:
../drivers/crypto/openssl/compat.h: In function 'free_hmac_ctx':
../drivers/crypto/openssl/compat.h:24:2: error: implicit declaration of function 'HMAC_CTX_free' [-Werror=implicit-function-declaration]
HMAC_CTX_free(ctx);
^
../drivers/crypto/openssl/compat.h:24:2: error: nested extern declaration of 'HMAC_CTX_free' [-Werror=nested-externs]
cc1: all warnings being treated as errors
ninja: build stopped: subcommand failed.
==== End log output ====
Windows Server 2022
Kernel: 10.0.20348.2031
Compiler: clang 15.0.7, gcc 14.1.0 (MinGW), and MSVC VS 19.39.33521
FreeBSD 13.3
Kernel: 13.3-RELEASE-p5
Compiler: clang 17.0.6
FreeBSD 14.1
Kernel: 14.1-RELEASE-p3
Compiler: clang 18.1.5
CentOS Stream 9
Kernel: Depends on container host
Compiler: gcc 11.4.1 20231218 (Red Hat 11.4.1-3)
Debian Bullseye
Kernel: Depends on container host
Compiler: gcc (Debian 10.2.1-6) 10.2.1 20210110
Debian 12
Kernel: Depends on container host
Compiler: gcc (Debian 12.2.0-14) 12.2.0
Fedora 37
Kernel: Depends on container host system
Compiler: gcc 12.3.1 20230508 (Red Hat 12.3.1-1)
Fedora 38 (Clang)
Kernel: Depends on container host
Compiler: clang 16.0.6 (Fedora 16.0.6-4.fc38)
Fedora 38
Kernel: Depends on container host
Compiler: gcc 13.2.1 20240316 (Red Hat 13.2.1-7)
Fedora 39
Kernel: Depends on container host
Compiler: gcc 13.3.1 20240522 (Red Hat 13.3.1-1)
Fedora 40 (Clang)
Kernel: Depends on container host
Compiler: clang 18.1.6 (Fedora 18.1.6-3.fc40)
Fedora 40
Kernel: Depends on container host
Compiler: gcc 14.2.1 20240801 (Red Hat 14.2.1-1)
openSUSE Leap 15
Kernel: Depends on container host
Compiler: gcc (SUSE Linux) 7.5.0
RHEL8
Kernel: Depends on container host
Compiler: gcc 8.5.0 20210514 (Red Hat 8.5.0-22)
RHEL9
Kernel: Depends on container host
Compiler: gcc 11.4.1 20231218 (Red Hat 11.4.1-3)
Ubuntu 20.04
Kernel: Depends on container host
Compiler: gcc (Ubuntu 9.4.0-1ubuntu1~20.04.2) 9.4.0
Ubuntu 22.04
Kernel: Depends on container host
Compiler: gcc (Ubuntu 11.4.0-1ubuntu1~22.04) 11.4.0
Ubuntu 24.04
Kernel: Depends on container host
Compiler: gcc (Ubuntu 13.2.0-23ubuntu4) 13.2.0
RHEL 7
Kernel: Depends on container host
Compiler: gcc 4.8.5 20150623 (Red Hat 4.8.5-44)
Fedora 39 (Clang)
Kernel: Depends on container host
Compiler: clang 17.0.6 (Fedora 17.0.6-2.fc39)
To view detailed results, visit:
https://lab.dpdk.org/results/dashboard/tarballs/30607/
UNH-IOL DPDK Community Lab
To manage your email subscriptions, visit:
https://lab.dpdk.org/results/dashboard/preferences/subscriptions/
More information about the test-report
mailing list