|WARNING| pw144117-144121 [PATCH] [v4,5/5] app/test: add unit tests
dpdklab at iol.unh.edu
dpdklab at iol.unh.edu
Wed Sep 18 03:14:53 CEST 2024
Test-Label: iol-compile-amd64-testing
Test-Status: WARNING
http://dpdk.org/patch/144121
_Testing issues_
Submitter: Konstantin Ananyev <konstantin.v.ananyev at yandex.ru>
Date: Tuesday, September 17 2024 12:09:46
DPDK git baseline: Repo:dpdk
Branch: master
CommitID:41dd9a6bc2d9c6e20e139ad713cc9d172572dd43
144117-144121 --> testing issues
Upstream job id: Windows-Compile-DPDK-VS#3127
Test environment and result as below:
+---------------------+-----------------------+----------------------+--------------------+------------------+-------------------+-------------------+
| Environment | dpdk_win_llvm_compile | dpdk_mingw64_compile | dpdk_meson_compile | dpdk_compile_ovs | dpdk_compile_spdk | dpdk_msvc_compile |
+=====================+=======================+======================+====================+==================+===================+===================+
| Windows Server 2022 | PASS | PASS | SKIPPED | SKIPPED | SKIPPED | FAIL |
+---------------------+-----------------------+----------------------+--------------------+------------------+-------------------+-------------------+
| FreeBSD 13.3 | SKIPPED | SKIPPED | PASS | SKIPPED | SKIPPED | SKIPPED |
+---------------------+-----------------------+----------------------+--------------------+------------------+-------------------+-------------------+
| FreeBSD 14.1 | SKIPPED | SKIPPED | PASS | SKIPPED | SKIPPED | SKIPPED |
+---------------------+-----------------------+----------------------+--------------------+------------------+-------------------+-------------------+
| CentOS Stream 9 | SKIPPED | SKIPPED | PASS | PASS | PASS | SKIPPED |
+---------------------+-----------------------+----------------------+--------------------+------------------+-------------------+-------------------+
| Debian Bullseye | SKIPPED | SKIPPED | PASS | PASS | PASS | SKIPPED |
+---------------------+-----------------------+----------------------+--------------------+------------------+-------------------+-------------------+
| Debian 12 | SKIPPED | SKIPPED | PASS | PASS | PASS | SKIPPED |
+---------------------+-----------------------+----------------------+--------------------+------------------+-------------------+-------------------+
| Fedora 37 | SKIPPED | SKIPPED | PASS | PASS | PASS | SKIPPED |
+---------------------+-----------------------+----------------------+--------------------+------------------+-------------------+-------------------+
| Fedora 38 (Clang) | SKIPPED | SKIPPED | PASS | PASS | PASS | SKIPPED |
+---------------------+-----------------------+----------------------+--------------------+------------------+-------------------+-------------------+
| Fedora 38 | SKIPPED | SKIPPED | PASS | PASS | PASS | SKIPPED |
+---------------------+-----------------------+----------------------+--------------------+------------------+-------------------+-------------------+
| Fedora 39 (Clang) | SKIPPED | SKIPPED | PASS | PASS | PASS | SKIPPED |
+---------------------+-----------------------+----------------------+--------------------+------------------+-------------------+-------------------+
| Fedora 39 | SKIPPED | SKIPPED | PASS | PASS | PASS | SKIPPED |
+---------------------+-----------------------+----------------------+--------------------+------------------+-------------------+-------------------+
| Fedora 40 (Clang) | SKIPPED | SKIPPED | PASS | PASS | PASS | SKIPPED |
+---------------------+-----------------------+----------------------+--------------------+------------------+-------------------+-------------------+
| Fedora 40 | SKIPPED | SKIPPED | PASS | PASS | PASS | SKIPPED |
+---------------------+-----------------------+----------------------+--------------------+------------------+-------------------+-------------------+
| openSUSE Leap 15 | SKIPPED | SKIPPED | PASS | PASS | SKIPPED | SKIPPED |
+---------------------+-----------------------+----------------------+--------------------+------------------+-------------------+-------------------+
| RHEL8 | SKIPPED | SKIPPED | PASS | PASS | SKIPPED | SKIPPED |
+---------------------+-----------------------+----------------------+--------------------+------------------+-------------------+-------------------+
| RHEL9 | SKIPPED | SKIPPED | PASS | PASS | SKIPPED | SKIPPED |
+---------------------+-----------------------+----------------------+--------------------+------------------+-------------------+-------------------+
| Ubuntu 20.04 | SKIPPED | SKIPPED | PASS | PASS | SKIPPED | SKIPPED |
+---------------------+-----------------------+----------------------+--------------------+------------------+-------------------+-------------------+
| Ubuntu 22.04 | SKIPPED | SKIPPED | PASS | PASS | PASS | SKIPPED |
+---------------------+-----------------------+----------------------+--------------------+------------------+-------------------+-------------------+
| Ubuntu 24.04 | SKIPPED | SKIPPED | PASS | PASS | PASS | SKIPPED |
+---------------------+-----------------------+----------------------+--------------------+------------------+-------------------+-------------------+
| Alpine | SKIPPED | SKIPPED | PASS | PASS | SKIPPED | SKIPPED |
+---------------------+-----------------------+----------------------+--------------------+------------------+-------------------+-------------------+
==== 20 line log output for Windows Server 2022 (dpdk_msvc_compile): ====
[ 5 2 / 9 6 ] C o m p i l i n g C o b j e c t l i b / l i b r t e _ e a l . a . p / e a l _ w i n d o w s _ g e t o p t . c . o b j
[ 5 3 / 9 6 ] C o m p i l i n g C o b j e c t l i b / l i b r t e _ e a l . a . p / e a l _ x 8 6 _ r t e _ h y p e r v i s o r . c . o b j
[ 5 4 / 9 6 ] C o m p i l i n g C o b j e c t l i b / l i b r t e _ e a l . a . p / e a l _ w i n d o w s _ e a l _ m p . c . o b j
[ 5 5 / 9 6 ] C o m p i l i n g C o b j e c t l i b / l i b r t e _ e a l . a . p / e a l _ w i n d o w s _ e a l _ t i m e r . c . o b j
[ 5 6 / 9 6 ] C o m p i l i n g C o b j e c t l i b / l i b r t e _ e a l . a . p / e a l _ x 8 6 _ r t e _ p o w e r _ i n t r i n s i c s . c . o b j
[ 5 7 / 9 6 ] C o m p i l i n g C o b j e c t l i b / l i b r t e _ e a l . a . p / e a l _ w i n d o w s _ r t e _ t h r e a d . c . o b j
[ 5 8 / 9 6 ] C o m p i l i n g C o b j e c t l i b / l i b r t e _ e a l . a . p / e a l _ w i n d o w s _ e a l _ m e m a l l o c . c . o b j
[ 5 9 / 9 6 ] C o m p i l i n g C o b j e c t l i b / l i b r t e _ r i n g . a . p / r i n g _ s o r i n g . c . o b j
F A I L E D : l i b / l i b r t e _ r i n g . a . p / r i n g _ s o r i n g . c . o b j
" c l " " - I l i b \ l i b r t e _ r i n g . a . p " " - I l i b " " - I . . \ l i b " " - I l i b \ r i n g " " - I . . \ l i b \ r i n g " " - I . " " - I . . " " - I c o n f i g " " - I . . \ c o n f i g " " - I l i b \ e a l \ i n c l u d e " " - I . . \ l i b \ e a l \ i n c l u d e " " - I l i b \ e a l \ w i n d o w s \ i n c l u d e " " - I . . \ l i b \ e a l \ w i n d o w s \ i n c l u d e " " - I l i b \ e a l \ x 8 6 \ i n c l u d e " " - I . . \ l i b \ e a l \ x 8 6 \ i n c l u d e " " - I l i b \ e a l \ c o m m o n " " - I . . \ l i b \ e a l \ c o m m o n " " - I l i b \ e a l " " - I . . \ l i b \ e a l " " - I l i b \ l o g " " - I . . \ l i b \ l o g " " - I l i b \ k v a r g s " " - I . . \ l i b \ k v a r g s " " - I l i b \ m e t r i c s " " - I . . \ l i b \ m e t r i c s " " - I l i b \ t e l e m e t r y " " - I . . \ l i b \ t e l e m e t r y " " - I C : \ P r o g r a m F i l e s \ M e l l a n o x \
M L N X _ W i n O F 2 _ D e v X _ S D K \ i n c " " / M D " " / n o l o g o " " / s h o w I n c l u d e s " " / W 3 " " / W X " " / s t d : c 1 1 " " / O 2 " " / G w " " / w d 4 2 4 4 " " / w d 4 2 6 7 " " / w d 4 1 4 6 " " / e x p e r i m e n t a l : c 1 1 a t o m i c s " " / d 1 e x p e r i m e n t a l : t y p e o f " " / e x p e r i m e n t a l : s t a t e m e n t E x p r e s s i o n s " " / F I " " r t e _ c o n f i g . h " " - D _ G N U _ S O U R C E " " - D _ W I N 3 2 _ W I N N T = 0 x 0 A 0 0 " " - D A L L O W _ E X P E R I M E N T A L _ A P I " " - D A L L O W _ I N T E R N A L _ A P I " " - D R T E _ L O G _ D E F A U L T _ L O G T Y P E = l i b . r i n g " " / F d l i b \ l i b r t e _ r i n g . a . p \ r i n g _ s o r i n g . c . p d b " / F o l i b / l i b r t e _ r i n g . a . p / r i n g _ s o r i n g . c . o b j " / c " . . / l i b / r i n g / s o r i n g . c
. . / l i b / r i n g / s o r i n g . c ( 4 2 8 ) : e r r o r C 2 2 2 0 : t h e f o l l o w i n g w a r n i n g i s t r e a t e d a s a n e r r o r
. . / l i b / r i n g / s o r i n g . c ( 4 2 8 ) : w a r n i n g C 4 0 9 8 : ' r t e _ s o r i n g _ r e l e a s e ' : ' v o i d ' f u n c t i o n r e t u r n i n g a v a l u e
. . / l i b / r i n g / s o r i n g . c ( 4 3 6 ) : w a r n i n g C 4 0 9 8 : ' r t e _ s o r i n g _ r e l e a s x ' : ' v o i d ' f u n c t i o n r e t u r n i n g a v a l u e
[ 6 0 / 9 6 ] C o m p i l i n g C o b j e c t l i b / l i b r t e _ r i n g . a . p / r i n g _ r t e _ r i n g . c . o b j
[ 6 1 / 9 6 ] C o m p i l i n g C o b j e c t l i b / l i b r t e _ r i n g . a . p / r i n g _ r t e _ s o r i n g . c . o b j
[ 6 2 / 9 6 ] C o m p i l i n g C o b j e c t l i b / l i b r t e _ e a l . a . p / e a l _ w i n d o w s _ e a l _ t h r e a d . c . o b j
[ 6 3 / 9 6 ] C o m p i l i n g C o b j e c t l i b / l i b r t e _ e a l . a . p / e a l _ x 8 6 _ r t e _ s p i n l o c k . c . o b j
[ 6 4 / 9 6 ] C o m p i l i n g C o b j e c t l i b / l i b r t e _ e a l . a . p / e a l _ x 8 6 _ r t e _ m m u . c . o b j
n i n j a : b u i l d s t o p p e d : s u b c o m m a n d f a i l e d .
==== End log output ====
Windows Server 2022
Kernel: 10.0.20348.2031
Compiler: clang 15.0.7, gcc 14.1.0 (MinGW), and MSVC VS 19.39.33521
FreeBSD 13.3
Kernel: 13.3-RELEASE-p5
Compiler: clang 17.0.6
FreeBSD 14.1
Kernel: 14.1-RELEASE-p3
Compiler: clang 18.1.5
CentOS Stream 9
Kernel: Depends on container host
Compiler: gcc 11.4.1 20231218 (Red Hat 11.4.1-3)
Debian Bullseye
Kernel: Depends on container host
Compiler: gcc (Debian 10.2.1-6) 10.2.1 20210110
Debian 12
Kernel: Depends on container host
Compiler: gcc (Debian 12.2.0-14) 12.2.0
Fedora 37
Kernel: Depends on container host system
Compiler: gcc 12.3.1 20230508 (Red Hat 12.3.1-1)
Fedora 38 (Clang)
Kernel: Depends on container host
Compiler: clang 16.0.6 (Fedora 16.0.6-4.fc38)
Fedora 38
Kernel: Depends on container host
Compiler: gcc 13.2.1 20240316 (Red Hat 13.2.1-7)
Fedora 39 (Clang)
Kernel: Depends on container host
Compiler: clang 17.0.6 (Fedora 17.0.6-2.fc39)
Fedora 39
Kernel: Depends on container host
Compiler: gcc 13.3.1 20240522 (Red Hat 13.3.1-1)
Fedora 40 (Clang)
Kernel: Depends on container host
Compiler: clang 18.1.6 (Fedora 18.1.6-3.fc40)
Fedora 40
Kernel: Depends on container host
Compiler: gcc 14.2.1 20240801 (Red Hat 14.2.1-1)
openSUSE Leap 15
Kernel: Depends on container host
Compiler: gcc (SUSE Linux) 7.5.0
RHEL8
Kernel: Depends on container host
Compiler: gcc 8.5.0 20210514 (Red Hat 8.5.0-22)
RHEL9
Kernel: Depends on container host
Compiler: gcc 11.4.1 20231218 (Red Hat 11.4.1-3)
Ubuntu 20.04
Kernel: Depends on container host
Compiler: gcc (Ubuntu 9.4.0-1ubuntu1~20.04.2) 9.4.0
Ubuntu 22.04
Kernel: Depends on container host
Compiler: gcc (Ubuntu 11.4.0-1ubuntu1~22.04) 11.4.0
Ubuntu 24.04
Kernel: Depends on container host
Compiler: gcc (Ubuntu 13.2.0-23ubuntu4) 13.2.0
Alpine
Kernel: Depends on container host
Compiler: gcc (Alpine 13.2.1_git20240309) 13.2.1 20240309
To view detailed results, visit:
https://lab.dpdk.org/results/dashboard/patchsets/31047/
UNH-IOL DPDK Community Lab
To manage your email subscriptions, visit:
https://lab.dpdk.org/results/dashboard/preferences/subscriptions/
More information about the test-report
mailing list