|FAILURE| pw144132-144146 [PATCH] [v22,15/15] doc: add release note

dpdklab at iol.unh.edu dpdklab at iol.unh.edu
Wed Sep 18 06:36:55 CEST 2024


Test-Label: iol-compile-amd64-testing
Test-Status: FAILURE
http://dpdk.org/patch/144146

_Testing issues_

Submitter: Stephen Hemminger <stephen at networkplumber.org>
Date: Tuesday, September 17 2024 20:35:57 
DPDK git baseline: Repo:dpdk
  Branch: master
  CommitID:41dd9a6bc2d9c6e20e139ad713cc9d172572dd43

144132-144146 --> testing issues

Upstream job id: Generic-VM-DPDK-Compile-Meson#29512

Test environment and result as below:

+---------------------+--------------------+------------------+-------------------+----------------------+-----------------------+
|     Environment     | dpdk_meson_compile | dpdk_compile_ovs | dpdk_compile_spdk | dpdk_mingw64_compile | dpdk_win_llvm_compile |
+=====================+====================+==================+===================+======================+=======================+
| CentOS Stream 9     | PASS               | PASS             | PASS              | SKIPPED              | SKIPPED               |
+---------------------+--------------------+------------------+-------------------+----------------------+-----------------------+
| Debian Bullseye     | PASS               | PASS             | PASS              | SKIPPED              | SKIPPED               |
+---------------------+--------------------+------------------+-------------------+----------------------+-----------------------+
| Debian 12           | PASS               | PASS             | PASS              | SKIPPED              | SKIPPED               |
+---------------------+--------------------+------------------+-------------------+----------------------+-----------------------+
| Fedora 37           | PASS               | PASS             | PASS              | SKIPPED              | SKIPPED               |
+---------------------+--------------------+------------------+-------------------+----------------------+-----------------------+
| Fedora 38 (Clang)   | PASS               | PASS             | PASS              | SKIPPED              | SKIPPED               |
+---------------------+--------------------+------------------+-------------------+----------------------+-----------------------+
| Fedora 40 (Clang)   | PASS               | PASS             | PASS              | SKIPPED              | SKIPPED               |
+---------------------+--------------------+------------------+-------------------+----------------------+-----------------------+
| Fedora 39 (Clang)   | PASS               | PASS             | PASS              | SKIPPED              | SKIPPED               |
+---------------------+--------------------+------------------+-------------------+----------------------+-----------------------+
| Fedora 39           | PASS               | PASS             | PASS              | SKIPPED              | SKIPPED               |
+---------------------+--------------------+------------------+-------------------+----------------------+-----------------------+
| Fedora 38           | PASS               | PASS             | PASS              | SKIPPED              | SKIPPED               |
+---------------------+--------------------+------------------+-------------------+----------------------+-----------------------+
| Fedora 40           | PASS               | PASS             | PASS              | SKIPPED              | SKIPPED               |
+---------------------+--------------------+------------------+-------------------+----------------------+-----------------------+
| openSUSE Leap 15    | PASS               | PASS             | SKIPPED           | SKIPPED              | SKIPPED               |
+---------------------+--------------------+------------------+-------------------+----------------------+-----------------------+
| RHEL8               | PASS               | PASS             | SKIPPED           | SKIPPED              | SKIPPED               |
+---------------------+--------------------+------------------+-------------------+----------------------+-----------------------+
| RHEL9               | PASS               | PASS             | SKIPPED           | SKIPPED              | SKIPPED               |
+---------------------+--------------------+------------------+-------------------+----------------------+-----------------------+
| Ubuntu 20.04        | PASS               | PASS             | SKIPPED           | SKIPPED              | SKIPPED               |
+---------------------+--------------------+------------------+-------------------+----------------------+-----------------------+
| Ubuntu 22.04        | PASS               | PASS             | PASS              | SKIPPED              | SKIPPED               |
+---------------------+--------------------+------------------+-------------------+----------------------+-----------------------+
| Ubuntu 24.04        | PASS               | PASS             | PASS              | SKIPPED              | SKIPPED               |
+---------------------+--------------------+------------------+-------------------+----------------------+-----------------------+
| Alpine              | PASS               | PASS             | SKIPPED           | SKIPPED              | SKIPPED               |
+---------------------+--------------------+------------------+-------------------+----------------------+-----------------------+
| FreeBSD 13.3        | FAIL               | SKIPPED          | SKIPPED           | SKIPPED              | SKIPPED               |
+---------------------+--------------------+------------------+-------------------+----------------------+-----------------------+
| FreeBSD 14.1        | FAIL               | SKIPPED          | SKIPPED           | SKIPPED              | SKIPPED               |
+---------------------+--------------------+------------------+-------------------+----------------------+-----------------------+
| Windows Server 2022 | SKIPPED            | SKIPPED          | SKIPPED           | FAIL                 | FAIL                  |
+---------------------+--------------------+------------------+-------------------+----------------------+-----------------------+

==== 20 line log output for Windows Server 2022 (dpdk_win_llvm_compile): ====

Build targets in project: 229

Found ninja-1.10.2 at "C:\Program Files\Meson\ninja.EXE"
ninja: Entering directory `build'
[1/835] Generating rte_net_i40e_def with a custom command
[2/835] Generating rte_dma_idxd_def with a custom command
[3/835] Compiling C object lib/librte_log.a.p/log_log.c.obj
FAILED: lib/librte_log.a.p/log_log.c.obj
"clang" "-Ilib\librte_log.a.p" "-Ilib" "-I..\lib" "-I." "-I.." "-Iconfig" "-I..\config" "-Ilib\eal\include" "-I..\lib\eal\include" "-Ilib\eal\windows\include" "-I..\lib\eal\windows\include" "-Ilib\eal\x86\include" "-I..\lib\eal\x86\include" "-Ilib\log" "-I..\lib\log" "-IC:\Program Files\Mellanox\MLNX_WinOF2_DevX_SDK\inc" "-Xclang" "-fcolor-diagnostics" "-pipe" "-D_FILE_OFFSET_BITS=64" "-Wall" "-Winvalid-pch" "-Wextra" "-Werror" "-std=c11" "-O3" "-include" "rte_config.h" "-Wcast-qual" "-Wdeprecated" "-Wformat" "-Wformat-nonliteral" "-Wformat-security" "-Wmissing-declarations" "-Wmissing-prototypes" "-Wnested-externs" "-Wold-style-definition" "-Wpointer-arith" "-Wsign-compare" "-Wstrict-prototypes" "-Wundef" "-Wwrite-strings" "-Wno-address-of-packed-member" "-Wno-missing-field-initializers" "-D_GNU_SOURCE" "-D_WIN32_WINNT=0x0A00" "-D_CRT_SECURE_NO_WARNINGS" "-march=native" "-mrtm" "-DALLOW_EXPERIMENTAL_API" "-DALLOW_INTERNAL_API" "-DRTE_LOG_DEFAULT_LOGTYPE=lib.log" "-DRTE_ANNOTATE_LOCK
 S" "-Wthread-safety" -MD -MQ lib/librte_log.a.p/log_log.c.obj -MF "lib\librte_log.a.p\log_log.c.obj.d" -o lib/librte_log.a.p/log_log.c.obj "-c" ../lib/log/log.c
../lib/log/log.c:540:1: error: unused label 'notice' [-Werror,-Wunused-label]
notice:
^~~~~~~
1 error generated.
[4/835] Compiling C object drivers/libtmp_rte_dma_idxd.a.p/dma_idxd_idxd_pci.c.obj
[5/835] Compiling C object drivers/libtmp_rte_dma_ioat.a.p/dma_ioat_ioat_dmadev.c.obj
[6/835] Compiling C object drivers/libtmp_rte_net_iavf.a.p/net_iavf_iavf_ethdev.c.obj
[7/835] Compiling C object drivers/net/iavf/libiavf_avx2_lib.a.p/iavf_rxtx_vec_avx2.c.obj
[8/835] Compiling C object drivers/net/iavf/libiavf_avx512_lib.a.p/iavf_rxtx_vec_avx512.c.obj
ninja: build stopped: subcommand failed.
==== End log output ====

CentOS Stream 9
	Kernel: Depends on container host
	Compiler: gcc 11.4.1 20231218 (Red Hat 11.4.1-3)

Debian Bullseye
	Kernel: Depends on container host
	Compiler: gcc (Debian 10.2.1-6) 10.2.1 20210110

Debian 12
	Kernel: Depends on container host
	Compiler: gcc (Debian 12.2.0-14) 12.2.0

Fedora 37
	Kernel: Depends on container host system
	Compiler: gcc 12.3.1 20230508 (Red Hat 12.3.1-1)

Fedora 38 (Clang)
	Kernel: Depends on container host
	Compiler: clang 16.0.6 (Fedora 16.0.6-4.fc38)

Fedora 40 (Clang)
	Kernel: Depends on container host
	Compiler: clang 18.1.6 (Fedora 18.1.6-3.fc40)

Fedora 39 (Clang)
	Kernel: Depends on container host
	Compiler: clang 17.0.6 (Fedora 17.0.6-2.fc39)

Fedora 39
	Kernel: Depends on container host
	Compiler: gcc 13.3.1 20240522 (Red Hat 13.3.1-1)

Fedora 38
	Kernel: Depends on container host
	Compiler: gcc 13.2.1 20240316 (Red Hat 13.2.1-7)

Fedora 40
	Kernel: Depends on container host
	Compiler: gcc 14.2.1 20240801 (Red Hat 14.2.1-1)

openSUSE Leap 15
	Kernel: Depends on container host
	Compiler: gcc (SUSE Linux) 7.5.0

RHEL8
	Kernel: Depends on container host
	Compiler: gcc 8.5.0 20210514 (Red Hat 8.5.0-22)

RHEL9
	Kernel: Depends on container host
	Compiler: gcc 11.4.1 20231218 (Red Hat 11.4.1-3)

Ubuntu 20.04
	Kernel: Depends on container host
	Compiler: gcc (Ubuntu 9.4.0-1ubuntu1~20.04.2) 9.4.0

Ubuntu 22.04
	Kernel: Depends on container host
	Compiler: gcc (Ubuntu 11.4.0-1ubuntu1~22.04) 11.4.0

Ubuntu 24.04
	Kernel: Depends on container host
	Compiler: gcc (Ubuntu 13.2.0-23ubuntu4) 13.2.0

Alpine
	Kernel: Depends on container host
	Compiler: gcc (Alpine 13.2.1_git20240309) 13.2.1 20240309

FreeBSD 13.3
	Kernel: 13.3-RELEASE-p5
	Compiler: clang 17.0.6

FreeBSD 14.1
	Kernel: 14.1-RELEASE-p3
	Compiler: clang 18.1.5

Windows Server 2022
	Kernel: 10.0.20348.2031
	Compiler: clang 15.0.7, gcc 14.1.0 (MinGW), and MSVC VS 19.39.33521

To view detailed results, visit:
https://lab.dpdk.org/results/dashboard/patchsets/31052/

UNH-IOL DPDK Community Lab

To manage your email subscriptions, visit: 
https://lab.dpdk.org/results/dashboard/preferences/subscriptions/


More information about the test-report mailing list