|FAILURE| pw144359-144364 [PATCH] [v3,6/6] app/crypto-perf: support

dpdklab at iol.unh.edu dpdklab at iol.unh.edu
Fri Sep 20 21:12:56 CEST 2024


Test-Label: iol-unit-amd64-testing
Test-Status: FAILURE
http://dpdk.org/patch/144364

_Testing issues_

Submitter: Gowrishankar Muthukrishnan <gmuthukrishn at marvell.com>
Date: Friday, September 20 2024 13:09:48 
DPDK git baseline: Repo:dpdk
  Branch: master
  CommitID:3b50d6c67a3c033a49739a0bd1a132aee6d9e324

144359-144364 --> testing issues

Upstream job id: Generic-Unit-Test-DPDK#265124

Test environment and result as below:

+-------------------+----------------+
|    Environment    | dpdk_unit_test |
+===================+================+
| Debian Bullseye   | PASS           |
+-------------------+----------------+
| Debian 12         | FAIL           |
+-------------------+----------------+
| Fedora 38         | FAIL           |
+-------------------+----------------+
| Fedora 38 (Clang) | FAIL           |
+-------------------+----------------+
| Fedora 39         | FAIL           |
+-------------------+----------------+
| Fedora 39 (Clang) | FAIL           |
+-------------------+----------------+
| Fedora 40 (Clang) | FAIL           |
+-------------------+----------------+
| Fedora 40         | FAIL           |
+-------------------+----------------+
| RHEL8             | PASS           |
+-------------------+----------------+
| RHEL9             | FAIL           |
+-------------------+----------------+
| Ubuntu 20.04      | PASS           |
+-------------------+----------------+
| Ubuntu 22.04      | FAIL           |
+-------------------+----------------+
| Ubuntu 24.04      | FAIL           |
+-------------------+----------------+

==== Unit test summary for Ubuntu 24.04 (dpdk_unit_test): ====
ninja: Entering directory `/home-local/jenkins-local/jenkins-agent/workspace/Generic-Unit-Test-DPDK/dpdk/build'
ninja: no work to do.
  1/112 DPDK:fast-tests / acl_autotest          OK       4.08 s 
  2/112 DPDK:fast-tests / argparse_autotest     OK       0.27 s 
  3/112 DPDK:fast-tests / atomic_autotest       OK       0.54 s 
  4/112 DPDK:fast-tests / bitcount_autotest     OK       0.30 s 
  5/112 DPDK:fast-tests / bitmap_autotest       OK       0.29 s 
  6/112 DPDK:fast-tests / bitops_autotest       OK       0.22 s 
  7/112 DPDK:fast-tests / bitratestats_autotest  OK       0.29 s 
  8/112 DPDK:fast-tests / bpf_autotest          OK       0.24 s 
  9/112 DPDK:fast-tests / bpf_convert_autotest  OK       0.24 s 
 10/112 DPDK:fast-tests / byteorder_autotest    OK       0.22 s 
 11/112 DPDK:fast-tests / cksum_autotest        OK       0.27 s 
 12/112 DPDK:fast-tests / cmdline_autotest      OK       0.26 s 
 13/112 DPDK:fast-tests / common_autotest       OK       0.73 s 
 14/112 DPDK:fast-tests / compressdev_autotest  SKIP     0.19 s 
 15/112 DPDK:fast-tests / cpuflags_autotest     OK       0.22 s 
 16/112 DPDK:fast-tests / crc_autotest          OK       0.19 s 
 17/112 DPDK:fast-tests / user_delay_us         OK       0.32 s 
 18/112 DPDK:fast-tests / debug_autotest        OK       0.65 s 
 19/112 DPDK:fast-tests / devargs_autotest      OK       0.23 s 
 20/112 DPDK:fast-tests / dispatcher_autotest   SKIP     0.17 s 
 21/112 DPDK:fast-tests / distributor_autotest  OK       1.35 s 
 22/112 DPDK:fast-tests / eal_flags_c_opt_autotest  OK       0.85 s 
 23/112 DPDK:fast-tests / eal_flags_main_opt_autotest  OK       0.37 s 
 24/112 DPDK:fast-tests / eal_flags_n_opt_autotest  OK       0.59 s 
 25/112 DPDK:fast-tests / eal_flags_hpet_autotest  OK       0.34 s 
 26/112 DPDK:fast-tests / eal_flags_no_huge_autotest  OK       0.61 s 
 27/112 DPDK:fast-tests / eal_flags_a_opt_autotest  OK       0.41 s 
 28/112 DPDK:fast-tests / eal_flags_b_opt_autotest  OK       0.42 s 
 29/112 DPDK:fast-tests / eal_flags_vdev_opt_autotest  OK       0.65 s 
 30/112 DPDK:fast-tests / eal_flags_r_opt_autotest  OK       0.33 s 
 31/112 DPDK:fast-tests / eal_flags_mem_autotest  OK       0.85 s 
 32/112 DPDK:fast-tests / eal_flags_file_prefix_autotest  OK       4.20 s 
 33/112 DPDK:fast-tests / eal_flags_misc_autotest  OK       2.11 s 
 34/112 DPDK:fast-tests / eal_fs_autotest       OK       0.27 s 
 35/112 DPDK:fast-tests / errno_autotest        OK       0.23 s 
 36/112 DPDK:fast-tests / ethdev_link_status    OK       0.22 s 
 37/112 DPDK:fast-tests / event_eth_tx_adapter_autotest  OK       0.66 s 
 38/112 DPDK:fast-tests / event_ring_autotest   OK       0.30 s 
 39/112 DPDK:fast-tests / eventdev_common_autotest  OK       0.22 s 
 40/112 DPDK:fast-tests / eventdev_selftest_sw  OK       0.37 s 
 41/112 DPDK:fast-tests / fbarray_autotest      OK       0.22 s 
 42/112 DPDK:fast-tests / fib_autotest          OK       1.03 s 
 43/112 DPDK:fast-tests / fib6_autotest         OK       1.00 s 
 44/112 DPDK:fast-tests / func_reentrancy_autotest  OK       0.90 s 
 45/112 DPDK:fast-tests / graph_autotest        OK       0.27 s 
 46/112 DPDK:fast-tests / node_list_dump        OK       0.17 s 
 47/112 DPDK:fast-tests / hash_autotest         OK       0.50 s 
 48/112 DPDK:fast-tests / hash_readwrite_func_autotest  SKIP     0.21 s 
 49/112 DPDK:fast-tests / interrupt_autotest    OK       1.43 s 
 50/112 DPDK:fast-tests / ipfrag_autotest       OK       0.20 s 
 51/112 DPDK:fast-tests / ipsec_autotest        SKIP     0.20 s 
 52/112 DPDK:fast-tests / kvargs_autotest       OK       0.19 s 
 53/112 DPDK:fast-tests / latencystats_autotest  OK       0.25 s 
 54/112 DPDK:fast-tests / lcores_autotest       OK      25.97 s 
 55/112 DPDK:fast-tests / logs_autotest         OK       0.28 s 
 56/112 DPDK:fast-tests / lpm_autotest          OK       2.15 s 
 57/112 DPDK:fast-tests / lpm6_autotest         OK       3.66 s 
 58/112 DPDK:fast-tests / malloc_autotest       OK       0.93 s 
 59/112 DPDK:fast-tests / mbuf_autotest         OK       0.17 s 
 60/112 DPDK:fast-tests / mcslock_autotest      OK       0.54 s 
 61/112 DPDK:fast-tests / member_autotest       OK       1.06 s 
 62/112 DPDK:fast-tests / memcpy_autotest       OK       2.89 s 
 63/112 DPDK:fast-tests / memory_autotest       OK       0.25 s 
 64/112 DPDK:fast-tests / mempool_autotest      OK       0.44 s 
 65/112 DPDK:fast-tests / memzone_autotest      OK       0.24 s 
 66/112 DPDK:fast-tests / meter_autotest        OK       0.22 s 
 67/112 DPDK:fast-tests / metrics_autotest      OK       0.24 s 
 68/112 DPDK:fast-tests / multiprocess_autotest  OK       0.36 s 
 69/112 DPDK:fast-tests / net_ether_autotest    OK       0.68 s 
 70/112 DPDK:fast-tests / pdcp_autotest         SKIP     0.19 s 
 71/112 DPDK:fast-tests / pdump_autotest        OK       0.40 s 
 72/112 DPDK:fast-tests / per_lcore_autotest    OK       0.35 s 
 73/112 DPDK:fast-tests / pflock_autotest       OK       0.40 s 
 74/112 DPDK:fast-tests / pie_autotest          OK       0.31 s 
 75/112 DPDK:fast-tests / ring_pmd_autotest     OK       0.28 s 
 76/112 DPDK:fast-tests / power_autotest        OK       0.18 s 
 77/112 DPDK:fast-tests / power_cpufreq_autotest  SKIP     0.20 s 
 78/112 DPDK:fast-tests / power_intel_uncore_autotest  SKIP     0.20 s 
 79/112 DPDK:fast-tests / power_kvm_vm_autotest  SKIP     0.20 s 
 80/112 DPDK:fast-tests / prefetch_autotest     OK       0.27 s 
 81/112 DPDK:fast-tests / ptr_compress_autotest  OK       0.22 s 
 82/112 DPDK:fast-tests / rawdev_autotest       OK       0.26 s 
 83/112 DPDK:fast-tests / rcu_qsbr_autotest     OK       0.46 s 
 84/112 DPDK:fast-tests / reorder_autotest      OK       0.50 s 
 85/112 DPDK:fast-tests / rib_autotest          OK       5.52 s 
 86/112 DPDK:fast-tests / rib6_autotest         OK       5.69 s 
 87/112 DPDK:fast-tests / ring_autotest         OK       0.22 s 
 88/112 DPDK:fast-tests / rwlock_test1_autotest  OK       0.40 s 
 89/112 DPDK:fast-tests / rwlock_rda_autotest   OK       5.27 s 
 90/112 DPDK:fast-tests / rwlock_rds_wrm_autotest  OK       5.18 s 
 91/112 DPDK:fast-tests / rwlock_rde_wro_autotest  OK       5.34 s 
 92/112 DPDK:fast-tests / sched_autotest        OK       0.27 s 
 93/112 DPDK:fast-tests / security_autotest     OK       0.17 s 
 94/112 DPDK:fast-tests / seqlock_autotest      SKIP     0.27 s 
 95/112 DPDK:fast-tests / service_autotest      OK       0.43 s 
 96/112 DPDK:fast-tests / spinlock_autotest     OK       0.36 s 
 97/112 DPDK:fast-tests / stack_autotest        OK       0.20 s 
 98/112 DPDK:fast-tests / stack_lf_autotest     OK       0.28 s 
 99/112 DPDK:fast-tests / string_autotest       OK       0.29 s 
100/112 DPDK:fast-tests / table_autotest        OK       8.09 s 
101/112 DPDK:fast-tests / tailq_autotest        OK       0.25 s 
102/112 DPDK:fast-tests / telemetry_data_autotest  OK       0.23 s 
103/112 DPDK:fast-tests / telemetry_json_autotest  OK       0.26 s 
104/112 DPDK:fast-tests / thash_autotest        OK       0.22 s 
105/112 DPDK:fast-tests / threads_autotest      OK       0.52 s 
106/112 DPDK:fast-tests / ticketlock_autotest   OK       0.21 s 
107/112 DPDK:fast-tests / timer_autotest        OK       2.79 s 
108/112 DPDK:fast-tests / trace_autotest        OK       0.31 s 
109/112 DPDK:fast-tests / trace_autotest_with_traces  OK       0.26 s 
110/112 DPDK:fast-tests / vdev_autotest         OK       0.25 s 
111/112 DPDK:fast-tests / version_autotest      OK       0.19 s 
112/112 DPDK:fast-tests / telemetry_all         OK       1.24 s 

Ok:                  103
Expected Fail:         0
Fail:                  0
Unexpected Pass:       0
Skipped:               9
Timeout:               0

Full log written to /home-local/jenkins-local/jenkins-agent/workspace/Generic-Unit-Test-DPDK/dpdk/build/meson-logs/testlog.txt
ninja: Entering directory `/home-local/jenkins-local/jenkins-agent/workspace/Generic-Unit-Test-DPDK/dpdk/build'
ninja: no work to do.
1/2 DPDK:driver-tests / cryptodev_openssl_autotest  OK       0.55 s 
2/2 DPDK:driver-tests / cryptodev_openssl_asym_autotest  FAIL     0.17 s (exit status 255 or signal 127 SIGinvalid)

Ok:                    1
Expected Fail:         0
Fail:                  1
Unexpected Pass:       0
Skipped:               0
Timeout:               0

Full log written to /home-local/jenkins-local/jenkins-agent/workspace/Generic-Unit-Test-DPDK/dpdk/build/meson-logs/testlog.txt



Test log output from the failed test cryptodev_openssl_asym_autotest:

Sorry, we were not able to find the logs for this test.
Download the log output from the CI site for this test run.
==== End log output ====

Debian Bullseye
	Kernel: Depends on container host
	Compiler: gcc (Debian 10.2.1-6) 10.2.1 20210110

Debian 12
	Kernel: Depends on container host
	Compiler: gcc (Debian 12.2.0-14) 12.2.0

Fedora 38
	Kernel: Depends on container host
	Compiler: gcc 13.2.1 20240316 (Red Hat 13.2.1-7)

Fedora 38 (Clang)
	Kernel: Depends on container host
	Compiler: clang 16.0.6 (Fedora 16.0.6-4.fc38)

Fedora 39
	Kernel: Depends on container host
	Compiler: gcc 13.3.1 20240522 (Red Hat 13.3.1-1)

Fedora 39 (Clang)
	Kernel: Depends on container host
	Compiler: clang 17.0.6 (Fedora 17.0.6-2.fc39)

Fedora 40 (Clang)
	Kernel: Depends on container host
	Compiler: clang 18.1.6 (Fedora 18.1.6-3.fc40)

Fedora 40
	Kernel: Depends on container host
	Compiler: gcc 14.2.1 20240801 (Red Hat 14.2.1-1)

RHEL8
	Kernel: Depends on container host
	Compiler: gcc 8.5.0 20210514 (Red Hat 8.5.0-22)

RHEL9
	Kernel: Depends on container host
	Compiler: gcc 11.4.1 20231218 (Red Hat 11.4.1-3)

Ubuntu 20.04
	Kernel: Depends on container host
	Compiler: gcc (Ubuntu 9.4.0-1ubuntu1~20.04.2) 9.4.0

Ubuntu 22.04
	Kernel: Depends on container host
	Compiler: gcc (Ubuntu 11.4.0-1ubuntu1~22.04) 11.4.0

Ubuntu 24.04
	Kernel: Depends on container host
	Compiler: gcc (Ubuntu 13.2.0-23ubuntu4) 13.2.0

To view detailed results, visit:
https://lab.dpdk.org/results/dashboard/patchsets/31100/

UNH-IOL DPDK Community Lab

To manage your email subscriptions, visit: 
https://lab.dpdk.org/results/dashboard/preferences/subscriptions/


More information about the test-report mailing list