|FAILURE| pw144354-144358 [PATCH] [5/5] build: replace deprecated me

dpdklab at iol.unh.edu dpdklab at iol.unh.edu
Fri Sep 20 22:39:00 CEST 2024


Test-Label: iol-compile-amd64-testing
Test-Status: FAILURE
http://dpdk.org/patch/144358

_Testing issues_

Submitter: Bruce Richardson <bruce.richardson at intel.com>
Date: Friday, September 20 2024 12:57:37 
DPDK git baseline: Repo:dpdk
  Branch: master
  CommitID:41dd9a6bc2d9c6e20e139ad713cc9d172572dd43

144354-144358 --> testing issues

Upstream job id: Generic-DPDK-Compile-Meson#304044

Test environment and result as below:

+---------------------+--------------------+-----------------------+----------------------+------------------+-------------------+-------------------+
|     Environment     | dpdk_meson_compile | dpdk_win_llvm_compile | dpdk_mingw64_compile | dpdk_compile_ovs | dpdk_compile_spdk | dpdk_msvc_compile |
+=====================+====================+=======================+======================+==================+===================+===================+
| FreeBSD 13.3        | PASS               | SKIPPED               | SKIPPED              | SKIPPED          | SKIPPED           | SKIPPED           |
+---------------------+--------------------+-----------------------+----------------------+------------------+-------------------+-------------------+
| FreeBSD 14.1        | PASS               | SKIPPED               | SKIPPED              | SKIPPED          | SKIPPED           | SKIPPED           |
+---------------------+--------------------+-----------------------+----------------------+------------------+-------------------+-------------------+
| CentOS Stream 9     | FAIL               | SKIPPED               | SKIPPED              | WARN             | WARN              | SKIPPED           |
+---------------------+--------------------+-----------------------+----------------------+------------------+-------------------+-------------------+
| Debian Bullseye     | FAIL               | SKIPPED               | SKIPPED              | WARN             | WARN              | SKIPPED           |
+---------------------+--------------------+-----------------------+----------------------+------------------+-------------------+-------------------+
| Debian 12           | FAIL               | SKIPPED               | SKIPPED              | WARN             | WARN              | SKIPPED           |
+---------------------+--------------------+-----------------------+----------------------+------------------+-------------------+-------------------+
| Fedora 37           | FAIL               | SKIPPED               | SKIPPED              | WARN             | WARN              | SKIPPED           |
+---------------------+--------------------+-----------------------+----------------------+------------------+-------------------+-------------------+
| Fedora 38 (Clang)   | FAIL               | SKIPPED               | SKIPPED              | WARN             | WARN              | SKIPPED           |
+---------------------+--------------------+-----------------------+----------------------+------------------+-------------------+-------------------+
| Fedora 38           | FAIL               | SKIPPED               | SKIPPED              | WARN             | WARN              | SKIPPED           |
+---------------------+--------------------+-----------------------+----------------------+------------------+-------------------+-------------------+
| Fedora 39 (Clang)   | FAIL               | SKIPPED               | SKIPPED              | WARN             | WARN              | SKIPPED           |
+---------------------+--------------------+-----------------------+----------------------+------------------+-------------------+-------------------+
| Fedora 39           | FAIL               | SKIPPED               | SKIPPED              | WARN             | WARN              | SKIPPED           |
+---------------------+--------------------+-----------------------+----------------------+------------------+-------------------+-------------------+
| Fedora 40 (Clang)   | FAIL               | SKIPPED               | SKIPPED              | WARN             | WARN              | SKIPPED           |
+---------------------+--------------------+-----------------------+----------------------+------------------+-------------------+-------------------+
| Fedora 40           | FAIL               | SKIPPED               | SKIPPED              | WARN             | WARN              | SKIPPED           |
+---------------------+--------------------+-----------------------+----------------------+------------------+-------------------+-------------------+
| openSUSE Leap 15    | FAIL               | SKIPPED               | SKIPPED              | WARN             | SKIPPED           | SKIPPED           |
+---------------------+--------------------+-----------------------+----------------------+------------------+-------------------+-------------------+
| RHEL8               | FAIL               | SKIPPED               | SKIPPED              | WARN             | SKIPPED           | SKIPPED           |
+---------------------+--------------------+-----------------------+----------------------+------------------+-------------------+-------------------+
| RHEL9               | FAIL               | SKIPPED               | SKIPPED              | WARN             | SKIPPED           | SKIPPED           |
+---------------------+--------------------+-----------------------+----------------------+------------------+-------------------+-------------------+
| Ubuntu 22.04        | FAIL               | SKIPPED               | SKIPPED              | WARN             | WARN              | SKIPPED           |
+---------------------+--------------------+-----------------------+----------------------+------------------+-------------------+-------------------+
| Ubuntu 24.04        | FAIL               | SKIPPED               | SKIPPED              | WARN             | WARN              | SKIPPED           |
+---------------------+--------------------+-----------------------+----------------------+------------------+-------------------+-------------------+
| Alpine              | FAIL               | SKIPPED               | SKIPPED              | WARN             | SKIPPED           | SKIPPED           |
+---------------------+--------------------+-----------------------+----------------------+------------------+-------------------+-------------------+
| Windows Server 2022 | SKIPPED            | PASS                  | PASS                 | SKIPPED          | SKIPPED           | PASS              |
+---------------------+--------------------+-----------------------+----------------------+------------------+-------------------+-------------------+

==== 20 line log output for Alpine (dpdk_compile_ovs): ====
 --- Failed to get log output --- 
==== End log output ====

FreeBSD 13.3
	Kernel: 13.3-RELEASE-p5
	Compiler: clang 17.0.6

FreeBSD 14.1
	Kernel: 14.1-RELEASE-p3
	Compiler: clang 18.1.5

CentOS Stream 9
	Kernel: Depends on container host
	Compiler: gcc 11.4.1 20231218 (Red Hat 11.4.1-3)

Debian Bullseye
	Kernel: Depends on container host
	Compiler: gcc (Debian 10.2.1-6) 10.2.1 20210110

Debian 12
	Kernel: Depends on container host
	Compiler: gcc (Debian 12.2.0-14) 12.2.0

Fedora 37
	Kernel: Depends on container host system
	Compiler: gcc 12.3.1 20230508 (Red Hat 12.3.1-1)

Fedora 38 (Clang)
	Kernel: Depends on container host
	Compiler: clang 16.0.6 (Fedora 16.0.6-4.fc38)

Fedora 38
	Kernel: Depends on container host
	Compiler: gcc 13.2.1 20240316 (Red Hat 13.2.1-7)

Fedora 39 (Clang)
	Kernel: Depends on container host
	Compiler: clang 17.0.6 (Fedora 17.0.6-2.fc39)

Fedora 39
	Kernel: Depends on container host
	Compiler: gcc 13.3.1 20240522 (Red Hat 13.3.1-1)

Fedora 40 (Clang)
	Kernel: Depends on container host
	Compiler: clang 18.1.6 (Fedora 18.1.6-3.fc40)

Fedora 40
	Kernel: Depends on container host
	Compiler: gcc 14.2.1 20240801 (Red Hat 14.2.1-1)

openSUSE Leap 15
	Kernel: Depends on container host
	Compiler: gcc (SUSE Linux) 7.5.0

RHEL8
	Kernel: Depends on container host
	Compiler: gcc 8.5.0 20210514 (Red Hat 8.5.0-22)

RHEL9
	Kernel: Depends on container host
	Compiler: gcc 11.4.1 20231218 (Red Hat 11.4.1-3)

Ubuntu 22.04
	Kernel: Depends on container host
	Compiler: gcc (Ubuntu 11.4.0-1ubuntu1~22.04) 11.4.0

Ubuntu 24.04
	Kernel: Depends on container host
	Compiler: gcc (Ubuntu 13.2.0-23ubuntu4) 13.2.0

Alpine
	Kernel: Depends on container host
	Compiler: gcc (Alpine 13.2.1_git20240309) 13.2.1 20240309

Windows Server 2022
	Kernel: 10.0.20348.2031
	Compiler: clang 15.0.7, gcc 14.1.0 (MinGW), and MSVC VS 19.39.33521

To view detailed results, visit:
https://lab.dpdk.org/results/dashboard/patchsets/31099/

UNH-IOL DPDK Community Lab

To manage your email subscriptions, visit: 
https://lab.dpdk.org/results/dashboard/preferences/subscriptions/


More information about the test-report mailing list