|FAILURE| pw144367 [PATCH] [RFC] mempool: obey configured cache size
dpdklab at iol.unh.edu
dpdklab at iol.unh.edu
Sat Sep 21 00:28:52 CEST 2024
Test-Label: iol-compile-amd64-testing
Test-Status: FAILURE
http://dpdk.org/patch/144367
_Testing issues_
Submitter: Morten Brorup <mb at smartsharesystems.com>
Date: Friday, September 20 2024 16:32:03
DPDK git baseline: Repo:dpdk
Branch: master
CommitID:41dd9a6bc2d9c6e20e139ad713cc9d172572dd43
144367 --> testing issues
Upstream job id: Generic-DPDK-Compile-Meson#304084
Test environment and result as below:
+---------------------+-----------------------+----------------------+-------------------+--------------------+------------------+-------------------+
| Environment | dpdk_win_llvm_compile | dpdk_mingw64_compile | dpdk_msvc_compile | dpdk_meson_compile | dpdk_compile_ovs | dpdk_compile_spdk |
+=====================+=======================+======================+===================+====================+==================+===================+
| Windows Server 2022 | FAIL | FAIL | PASS | SKIPPED | SKIPPED | SKIPPED |
+---------------------+-----------------------+----------------------+-------------------+--------------------+------------------+-------------------+
| FreeBSD 13.3 | SKIPPED | SKIPPED | SKIPPED | FAIL | SKIPPED | SKIPPED |
+---------------------+-----------------------+----------------------+-------------------+--------------------+------------------+-------------------+
| FreeBSD 14.1 | SKIPPED | SKIPPED | SKIPPED | FAIL | SKIPPED | SKIPPED |
+---------------------+-----------------------+----------------------+-------------------+--------------------+------------------+-------------------+
| CentOS Stream 9 | SKIPPED | SKIPPED | SKIPPED | FAIL | WARN | WARN |
+---------------------+-----------------------+----------------------+-------------------+--------------------+------------------+-------------------+
| Debian Bullseye | SKIPPED | SKIPPED | SKIPPED | FAIL | WARN | WARN |
+---------------------+-----------------------+----------------------+-------------------+--------------------+------------------+-------------------+
| Debian 12 | SKIPPED | SKIPPED | SKIPPED | FAIL | WARN | WARN |
+---------------------+-----------------------+----------------------+-------------------+--------------------+------------------+-------------------+
| Fedora 37 | SKIPPED | SKIPPED | SKIPPED | FAIL | WARN | WARN |
+---------------------+-----------------------+----------------------+-------------------+--------------------+------------------+-------------------+
| Fedora 38 (Clang) | SKIPPED | SKIPPED | SKIPPED | FAIL | WARN | WARN |
+---------------------+-----------------------+----------------------+-------------------+--------------------+------------------+-------------------+
| Fedora 38 | SKIPPED | SKIPPED | SKIPPED | PEND | PEND | PEND |
+---------------------+-----------------------+----------------------+-------------------+--------------------+------------------+-------------------+
| Fedora 39 | SKIPPED | SKIPPED | SKIPPED | FAIL | WARN | WARN |
+---------------------+-----------------------+----------------------+-------------------+--------------------+------------------+-------------------+
| Fedora 40 (Clang) | SKIPPED | SKIPPED | SKIPPED | FAIL | WARN | WARN |
+---------------------+-----------------------+----------------------+-------------------+--------------------+------------------+-------------------+
| Fedora 40 | SKIPPED | SKIPPED | SKIPPED | PEND | PEND | PEND |
+---------------------+-----------------------+----------------------+-------------------+--------------------+------------------+-------------------+
| openSUSE Leap 15 | SKIPPED | SKIPPED | SKIPPED | FAIL | WARN | SKIPPED |
+---------------------+-----------------------+----------------------+-------------------+--------------------+------------------+-------------------+
| RHEL8 | SKIPPED | SKIPPED | SKIPPED | FAIL | WARN | SKIPPED |
+---------------------+-----------------------+----------------------+-------------------+--------------------+------------------+-------------------+
| RHEL9 | SKIPPED | SKIPPED | SKIPPED | FAIL | WARN | SKIPPED |
+---------------------+-----------------------+----------------------+-------------------+--------------------+------------------+-------------------+
| Ubuntu 20.04 | SKIPPED | SKIPPED | SKIPPED | FAIL | WARN | SKIPPED |
+---------------------+-----------------------+----------------------+-------------------+--------------------+------------------+-------------------+
| Ubuntu 22.04 | SKIPPED | SKIPPED | SKIPPED | FAIL | WARN | WARN |
+---------------------+-----------------------+----------------------+-------------------+--------------------+------------------+-------------------+
| Ubuntu 24.04 | SKIPPED | SKIPPED | SKIPPED | PEND | PEND | PEND |
+---------------------+-----------------------+----------------------+-------------------+--------------------+------------------+-------------------+
| Alpine | SKIPPED | SKIPPED | SKIPPED | FAIL | PEND | SKIPPED |
+---------------------+-----------------------+----------------------+-------------------+--------------------+------------------+-------------------+
==== 20 line log output for Alpine (dpdk_meson_compile): ====
inlined from '[01m[Kevent_timer_arm_max[m[K' at [01m[K../app/test/test_event_timer_adapter.c:1544:8[m[K:
[01m[K../lib/mempool/rte_mempool.h:1692:38:[m[K [01;31m[Kerror: [m[Karray subscript 4096 is above array bounds of '[01m[Kvoid *[512][m[K' [[01;31m[K-Werror=array-bounds=[m[K]
1692 | cache_objs = [01;31m[K&cache->objs[cache->len][m[K;
| [01;31m[K^~~~~~~~~~~~~~~~~~~~~~~~[m[K
[01m[K../lib/mempool/rte_mempool.h:[m[K In function '[01m[Kevent_timer_arm_max[m[K':
[01m[K../lib/mempool/rte_mempool.h:111:44:[m[K [01;36m[Knote: [m[Kwhile referencing '[01m[Kobjs[m[K'
111 | alignas(RTE_CACHE_LINE_SIZE) void *[01;36m[Kobjs[m[K[RTE_MEMPOOL_CACHE_MAX_SIZE];
| [01;36m[K^~~~[m[K
In function '[01m[Krte_mempool_do_generic_get[m[K',
inlined from '[01m[Krte_mempool_generic_get[m[K' at [01m[K../lib/mempool/rte_mempool.h:1742:8[m[K,
inlined from '[01m[Krte_mempool_get_bulk[m[K' at [01m[K../lib/mempool/rte_mempool.h:1777:9[m[K,
inlined from '[01m[Kstat_inc_reset_ev_enq[m[K' at [01m[K../app/test/test_event_timer_adapter.c:1247:8[m[K:
[01m[K../lib/mempool/rte_mempool.h:1692:38:[m[K [01;31m[Kerror: [m[Karray subscript 4096 is above array bounds of '[01m[Kvoid *[512][m[K' [[01;31m[K-Werror=array-bounds=[m[K]
1692 | cache_objs = [01;31m[K&cache->objs[cache->len][m[K;
| [01;31m[K^~~~~~~~~~~~~~~~~~~~~~~~[m[K
[01m[K../lib/mempool/rte_mempool.h:[m[K In function '[01m[Kstat_inc_reset_ev_enq[m[K':
[01m[K../lib/mempool/rte_mempool.h:111:44:[m[K [01;36m[Knote: [m[Kwhile referencing '[01m[Kobjs[m[K'
111 | alignas(RTE_CACHE_LINE_SIZE) void *[01;36m[Kobjs[m[K[RTE_MEMPOOL_CACHE_MAX_SIZE];
| [01;36m[K^~~~[m[K
cc1: all warnings being treated as errors
==== End log output ====
Windows Server 2022
Kernel: 10.0.20348.2031
Compiler: clang 15.0.7, gcc 14.1.0 (MinGW), and MSVC VS 19.39.33521
FreeBSD 13.3
Kernel: 13.3-RELEASE-p5
Compiler: clang 17.0.6
FreeBSD 14.1
Kernel: 14.1-RELEASE-p3
Compiler: clang 18.1.5
CentOS Stream 9
Kernel: Depends on container host
Compiler: gcc 11.4.1 20231218 (Red Hat 11.4.1-3)
Debian Bullseye
Kernel: Depends on container host
Compiler: gcc (Debian 10.2.1-6) 10.2.1 20210110
Debian 12
Kernel: Depends on container host
Compiler: gcc (Debian 12.2.0-14) 12.2.0
Fedora 37
Kernel: Depends on container host system
Compiler: gcc 12.3.1 20230508 (Red Hat 12.3.1-1)
Fedora 38 (Clang)
Kernel: Depends on container host
Compiler: clang 16.0.6 (Fedora 16.0.6-4.fc38)
Fedora 38
Kernel: Depends on container host
Compiler: gcc 13.2.1 20240316 (Red Hat 13.2.1-7)
Fedora 39
Kernel: Depends on container host
Compiler: gcc 13.3.1 20240522 (Red Hat 13.3.1-1)
Fedora 40 (Clang)
Kernel: Depends on container host
Compiler: clang 18.1.6 (Fedora 18.1.6-3.fc40)
Fedora 40
Kernel: Depends on container host
Compiler: gcc 14.2.1 20240801 (Red Hat 14.2.1-1)
openSUSE Leap 15
Kernel: Depends on container host
Compiler: gcc (SUSE Linux) 7.5.0
RHEL8
Kernel: Depends on container host
Compiler: gcc 8.5.0 20210514 (Red Hat 8.5.0-22)
RHEL9
Kernel: Depends on container host
Compiler: gcc 11.4.1 20231218 (Red Hat 11.4.1-3)
Ubuntu 20.04
Kernel: Depends on container host
Compiler: gcc (Ubuntu 9.4.0-1ubuntu1~20.04.2) 9.4.0
Ubuntu 22.04
Kernel: Depends on container host
Compiler: gcc (Ubuntu 11.4.0-1ubuntu1~22.04) 11.4.0
Ubuntu 24.04
Kernel: Depends on container host
Compiler: gcc (Ubuntu 13.2.0-23ubuntu4) 13.2.0
Alpine
Kernel: Depends on container host
Compiler: gcc (Alpine 13.2.1_git20240309) 13.2.1 20240309
To view detailed results, visit:
https://lab.dpdk.org/results/dashboard/patchsets/31102/
UNH-IOL DPDK Community Lab
To manage your email subscriptions, visit:
https://lab.dpdk.org/results/dashboard/preferences/subscriptions/
More information about the test-report
mailing list