|WARNING| [GIT MASTER] ff4d4839f9c2a6d05dca0a25ed6b1549402e1682

dpdklab at iol.unh.edu dpdklab at iol.unh.edu
Sat Sep 21 08:47:22 CEST 2024


_Testing issues_

Branch: tags/v22.11

ff4d4839f9c2a6d05dca0a25ed6b1549402e1682 --> testing issues

Upstream job id: Generic-DPDK-Compile-ABI#104702

Test environment and result as below:

+-------------------+----------+
|    Environment    | abi_test |
+===================+==========+
| CentOS Stream 9   | PASS     |
+-------------------+----------+
| Debian 12         | PEND     |
+-------------------+----------+
| Debian Bullseye   | PASS     |
+-------------------+----------+
| Fedora 38 (Clang) | PASS     |
+-------------------+----------+
| Fedora 37         | PEND     |
+-------------------+----------+
| Fedora 39 (Clang) | PASS     |
+-------------------+----------+
| Fedora 38         | PEND     |
+-------------------+----------+
| Fedora 39         | PASS     |
+-------------------+----------+
| Fedora 40         | PEND     |
+-------------------+----------+
| RHEL8             | PEND     |
+-------------------+----------+
| openSUSE Leap 15  | PASS     |
+-------------------+----------+
| RHEL9             | PEND     |
+-------------------+----------+
| Ubuntu 22.04      | PEND     |
+-------------------+----------+
| Ubuntu 24.04      | PEND     |
+-------------------+----------+
| RHEL 7            | FAIL     |
+-------------------+----------+
| Fedora 40 (Clang) | PEND     |
+-------------------+----------+

==== 20 line log output for RHEL 7 (abi_test): ====
HMAC_CTX_free(ctx);
^
../drivers/crypto/openssl/rte_openssl_pmd.c: In function 'openssl_reset_session':
../drivers/crypto/openssl/rte_openssl_pmd.c:897:2: error: 'for' loop initial declarations are only allowed in C99 mode
for (uint16_t i = 0; i < sess->ctx_copies_len; i++) {
^
../drivers/crypto/openssl/rte_openssl_pmd.c:897:2: note: use option -std=c99 or -std=gnu99 to compile your code
../drivers/crypto/openssl/rte_openssl_pmd.c: In function 'get_local_auth_ctx':
../drivers/crypto/openssl/rte_openssl_pmd.c:1667:3: warning: implicit declaration of function 'EVP_MD_CTX_new' [-Wimplicit-function-declaration]
*lctx = EVP_MD_CTX_new();
^
../drivers/crypto/openssl/rte_openssl_pmd.c:1667:3: warning: nested extern declaration of 'EVP_MD_CTX_new' [-Wnested-externs]
../drivers/crypto/openssl/rte_openssl_pmd.c:1667:9: warning: assignment makes pointer from integer without a cast [enabled by default]
*lctx = EVP_MD_CTX_new();
^
../drivers/crypto/openssl/rte_openssl_pmd.c: At top level:
../drivers/crypto/openssl/rte_openssl_pmd.c:34:13: warning: 'HMAC_CTX_free' defined but not used [-Wunused-function]
static void HMAC_CTX_free(HMAC_CTX *ctx)
^
ninja: build stopped: subcommand failed.
==== End log output ====

CentOS Stream 9
	Kernel: Depends on container host
	Compiler: gcc 11.4.1 20231218 (Red Hat 11.4.1-3)

Debian 12
	Kernel: Depends on container host
	Compiler: gcc (Debian 12.2.0-14) 12.2.0

Debian Bullseye
	Kernel: Depends on container host
	Compiler: gcc (Debian 10.2.1-6) 10.2.1 20210110

Fedora 38 (Clang)
	Kernel: Depends on container host
	Compiler: clang 16.0.6 (Fedora 16.0.6-4.fc38)

Fedora 37
	Kernel: Depends on container host system
	Compiler: gcc 12.3.1 20230508 (Red Hat 12.3.1-1)

Fedora 39 (Clang)
	Kernel: Depends on container host
	Compiler: clang 17.0.6 (Fedora 17.0.6-2.fc39)

Fedora 38
	Kernel: Depends on container host
	Compiler: gcc 13.2.1 20240316 (Red Hat 13.2.1-7)

Fedora 39
	Kernel: Depends on container host
	Compiler: gcc 13.3.1 20240522 (Red Hat 13.3.1-1)

Fedora 40
	Kernel: Depends on container host
	Compiler: gcc 14.2.1 20240801 (Red Hat 14.2.1-1)

RHEL8
	Kernel: Depends on container host
	Compiler: gcc 8.5.0 20210514 (Red Hat 8.5.0-22)

openSUSE Leap 15
	Kernel: Depends on container host
	Compiler: gcc (SUSE Linux) 7.5.0

RHEL9
	Kernel: Depends on container host
	Compiler: gcc 11.4.1 20231218 (Red Hat 11.4.1-3)

Ubuntu 22.04
	Kernel: Depends on container host
	Compiler: gcc (Ubuntu 11.4.0-1ubuntu1~22.04) 11.4.0

Ubuntu 24.04
	Kernel: Depends on container host
	Compiler: gcc (Ubuntu 13.2.0-23ubuntu4) 13.2.0

RHEL 7
	Kernel: Depends on container host
	Compiler: gcc 4.8.5 20150623 (Red Hat 4.8.5-44)

Fedora 40 (Clang)
	Kernel: Depends on container host
	Compiler: clang 18.1.6 (Fedora 18.1.6-3.fc40)

To view detailed results, visit:
https://lab.dpdk.org/results/dashboard/tarballs/30695/

UNH-IOL DPDK Community Lab

To manage your email subscriptions, visit: 
https://lab.dpdk.org/results/dashboard/preferences/subscriptions/


More information about the test-report mailing list