|FAILURE| pw144369 [PATCH] [RFC,v3] mempool: obey configured cache s
dpdklab at iol.unh.edu
dpdklab at iol.unh.edu
Sat Sep 21 17:43:08 CEST 2024
Test-Label: iol-unit-arm64-testing
Test-Status: FAILURE
http://dpdk.org/patch/144369
_Testing issues_
Submitter: Morten Brorup <mb at smartsharesystems.com>
Date: Friday, September 20 2024 17:13:50
DPDK git baseline: Repo:dpdk
Branch: master
CommitID:41dd9a6bc2d9c6e20e139ad713cc9d172572dd43
144369 --> testing issues
Upstream job id: Generic-Unit-Test-DPDK#265504
Test environment and result as below:
+-----------------------------+----------------+--------------+---------------------------+------------------------------+
| Environment | dpdk_unit_test | lpm_autotest | cryptodev_sw_zuc_autotest | cryptodev_sw_snow3g_autotest |
+=============================+================+==============+===========================+==============================+
| CentOS Stream 9 (ARM) | WARN | SKIPPED | SKIPPED | SKIPPED |
+-----------------------------+----------------+--------------+---------------------------+------------------------------+
| Debian 11 (Buster) (ARM) | WARN | SKIPPED | SKIPPED | SKIPPED |
+-----------------------------+----------------+--------------+---------------------------+------------------------------+
| Debian 12 (arm) | WARN | SKIPPED | WARN | WARN |
+-----------------------------+----------------+--------------+---------------------------+------------------------------+
| Fedora 37 (ARM) | WARN | SKIPPED | SKIPPED | SKIPPED |
+-----------------------------+----------------+--------------+---------------------------+------------------------------+
| Fedora 38 (ARM) | WARN | SKIPPED | SKIPPED | SKIPPED |
+-----------------------------+----------------+--------------+---------------------------+------------------------------+
| Fedora 38 (ARM Clang) | WARN | SKIPPED | SKIPPED | SKIPPED |
+-----------------------------+----------------+--------------+---------------------------+------------------------------+
| 32-bit Ubuntu 20.04.4 (ARM) | PEND | SKIPPED | SKIPPED | SKIPPED |
+-----------------------------+----------------+--------------+---------------------------+------------------------------+
| Fedora 39 (ARM Clang) | WARN | SKIPPED | SKIPPED | SKIPPED |
+-----------------------------+----------------+--------------+---------------------------+------------------------------+
| Fedora 40 (ARM) | PEND | SKIPPED | SKIPPED | SKIPPED |
+-----------------------------+----------------+--------------+---------------------------+------------------------------+
| Ubuntu 20.04 ARM SVE | SKIPPED | PASS | SKIPPED | SKIPPED |
+-----------------------------+----------------+--------------+---------------------------+------------------------------+
==== 20 line log output for Fedora 39 (ARM Clang) (dpdk_unit_test): ====
../drivers/common/dpaax/compat.h:58:18: note: expanded from macro 'noinline'
58 | #define noinline __rte_noinline
| ^~~~~~~~~~~~~~
In file included from ../drivers/bus/dpaa/base/qbman/dpaa_sys.c:8:
In file included from ../drivers/bus/dpaa/include/process.h:14:
In file included from ../lib/ethdev/rte_ethdev.h:1459:
In file included from ../lib/ethdev/rte_eth_ctrl.h:10:
In file included from ../lib/net/rte_ether.h:22:
In file included from ../lib/mbuf/rte_mbuf.h:38:
../lib/mempool/rte_mempool.h:1536:8: error: unknown attribute '__rte_noinline' ignored [-Werror,-Wunknown-attributes]
1536 | static __rte_noinline int
| ^~~~~~~~~~~~~~
../lib/eal/include/rte_common.h:376:39: note: expanded from macro '__rte_noinline'
376 | #define __rte_noinline __attribute__((noinline))
| ^~~~~~~~
../drivers/common/dpaax/compat.h:58:18: note: expanded from macro 'noinline'
58 | #define noinline __rte_noinline
| ^~~~~~~~~~~~~~
2 errors generated.
ninja: build stopped: subcommand failed.
==== End log output ====
CentOS Stream 9 (ARM)
Kernel: Depends on container host
Compiler: gcc 11.4.1 20231218 (Red Hat 11.4.1-3)
Debian 11 (Buster) (ARM)
Kernel: Depends on container host
Compiler: gcc (Debian 10.2.1-6) 10.2.1 20210110
Debian 12 (arm)
Kernel: Depends on container host
Compiler: gcc (Debian 12.2.0-14) 12.2.0
Fedora 37 (ARM)
Kernel: Depends on container host
Compiler: gcc 12.3.1 20230508 (Red Hat 12.3.1-1)
Fedora 38 (ARM)
Kernel: Depends on container host
Compiler: gcc 13.2.1 20240316 (Red Hat 13.2.1-7)
Fedora 38 (ARM Clang)
Kernel: Depends on container host
Compiler: clang 16.0.6 (Fedora 16.0.6-4.fc38)
32-bit Ubuntu 20.04.4 (ARM)
Kernel: 5.4.0-155-generic aarch64
Compiler: gcc 9.4
Fedora 39 (ARM Clang)
Kernel: Depends on container host
Compiler: clang 17.0.6 (Fedora 17.0.6-2.fc39)
Fedora 40 (ARM)
Kernel: Depends on container host
Compiler: gcc 14.2.1 20240801 (Red Hat 14.2.1-1)
Ubuntu 20.04 ARM SVE
Kernel: Depends on container host
Compiler: gcc (Ubuntu 10.5.0-1ubuntu1~20.04) 10.5.0
To view detailed results, visit:
https://lab.dpdk.org/results/dashboard/patchsets/31104/
UNH-IOL DPDK Community Lab
To manage your email subscriptions, visit:
https://lab.dpdk.org/results/dashboard/preferences/subscriptions/
More information about the test-report
mailing list