|WARNING| pw144369 [PATCH] [RFC,v3] mempool: obey configured cache s
dpdklab at iol.unh.edu
dpdklab at iol.unh.edu
Sat Sep 21 20:45:43 CEST 2024
Test-Label: iol-sample-apps-testing
Test-Status: WARNING
http://dpdk.org/patch/144369
_Testing issues_
Submitter: Morten Brorup <mb at smartsharesystems.com>
Date: Friday, September 20 2024 17:13:50
DPDK git baseline: Repo:dpdk
Branch: master
CommitID:41dd9a6bc2d9c6e20e139ad713cc9d172572dd43
144369 --> testing issues
Upstream job id: ACVP-FIPS-testing#7033
Test environment and result as below:
+--------------------+----------------------+----------------------+
| Environment | compressdev_zlib_pmd | dpdk_fips_validation |
+====================+======================+======================+
| Ubuntu 22.04 (ARM) | PASS | SKIPPED |
+--------------------+----------------------+----------------------+
| Ubuntu 22.04 | PASS | SKIPPED |
+--------------------+----------------------+----------------------+
| Ubuntu 20.04 | SKIPPED | WARN |
+--------------------+----------------------+----------------------+
==== 20 line log output for Ubuntu 20.04 (dpdk_fips_validation): ====
[618/2966] Compiling C object 'drivers/a715181@@tmp_rte_bus_fslmc at sta/bus_fslmc_fslmc_vfio.c.o'.
[619/2966] Generating rte_common_idpf.sym_chk with a meson_exe.py custom command.
[620/2966] Compiling C object 'drivers/a715181@@tmp_rte_bus_dpaa at sta/bus_dpaa_base_qbman_qman.c.o'.
FAILED: drivers/a715181@@tmp_rte_bus_dpaa at sta/bus_dpaa_base_qbman_qman.c.o
ccache cc -Idrivers/a715181@@tmp_rte_bus_dpaa at sta -Idrivers -I../drivers -Idrivers/bus/dpaa -I../drivers/bus/dpaa -I../drivers/bus/dpaa/include -I../drivers/bus/dpaa/base/qbman -I. -I../ -Iconfig -I../config -Ilib/eal/include -I../lib/eal/include -Ilib/eal/linux/include -I../lib/eal/linux/include -Ilib/eal/x86/include -I../lib/eal/x86/include -Ilib/eal/common -I../lib/eal/common -Ilib/eal -I../lib/eal -Ilib/kvargs -I../lib/kvargs -Ilib/log -I../lib/log -Ilib/telemetry/../metrics -I../lib/telemetry/../metrics -Ilib/telemetry -I../lib/telemetry -Idrivers/common/dpaax -I../drivers/common/dpaax -I../drivers/common/dpaax/caamflib -Ilib/eventdev -I../lib/eventdev -Ilib/ring -I../lib/ring -Ilib/ethdev -I../lib/ethdev -Ilib/net -I../lib/net -Ilib/mbuf -I../lib/mbuf -Ilib/mempool -I../lib/mempool -Ilib/meter -I../lib/meter -Ilib/hash -I../lib/hash -Ilib/rcu -I../lib/rcu -Ilib/timer -I../lib/timer -Ilib/cryptodev -I../lib/cryptodev -Ilib/dmadev -I../lib/dmadev -fdiagnostics-color=always -pipe
-D_FILE_OFFSET_BITS=64 -Wall -Winvalid-pch -Wextra -Werror -std=c11 -O3 -include rte_config.h -Wcast-qual -Wdeprecated -Wformat -Wformat-nonliteral -Wformat-security -Wmissing-declarations -Wmissing-prototypes -Wnested-externs -Wold-style-definition -Wpointer-arith -Wsign-compare -Wstrict-prototypes -Wundef -Wwrite-strings -Wno-address-of-packed-member -Wno-packed-not-aligned -Wno-missing-field-initializers -D_GNU_SOURCE -fPIC -march=native -mrtm -DALLOW_EXPERIMENTAL_API -DALLOW_INTERNAL_API -Wno-format-truncation -Wno-cast-qual -Wno-pointer-arith -DRTE_LOG_DEFAULT_LOGTYPE=bus.dpaa -MD -MQ 'drivers/a715181@@tmp_rte_bus_dpaa at sta/bus_dpaa_base_qbman_qman.c.o' -MF 'drivers/a715181@@tmp_rte_bus_dpaa at sta/bus_dpaa_base_qbman_qman.c.o.d' -o 'drivers/a715181@@tmp_rte_bus_dpaa at sta/bus_dpaa_base_qbman_qman.c.o' -c ../drivers/bus/dpaa/base/qbman/qman.c
In file included from ../lib/eventdev/rte_eventdev.h:248,
from ../drivers/bus/dpaa/include/fsl_qman.h:17,
from ../drivers/bus/dpaa/base/qbman/qman_priv.h:12,
from ../drivers/bus/dpaa/base/qbman/qman.h:8,
from ../drivers/bus/dpaa/base/qbman/qman.c:8:
../lib/mempool/rte_mempool.h:1381:1: error: '__rte_noinline' attribute directive ignored [-Werror=attributes]
1381 | {
| ^
../lib/mempool/rte_mempool.h:1539:1: error: '__rte_noinline' attribute directive ignored [-Werror=attributes]
1539 | {
| ^
cc1: all warnings being treated as errors
[621/2966] Compiling C object 'lib/76b5a35@@rte_vhost at sta/vhost_virtio_net.c.o'.
[622/2966] Compiling C object 'lib/76b5a35@@rte_pipeline at sta/pipeline_rte_table_action.c.o'.
ninja: build stopped: subcommand failed.
==== End log output ====
Ubuntu 22.04 (ARM)
Kernel: 5.15.0-97-generic
Compiler: gcc gcc (Ubuntu 11.4.0-1ubuntu1~22.04) 11.4.0
Ubuntu 22.04
Kernel: 5.15.0-100-generic
Compiler: gcc gcc (Ubuntu 11.4.0-1ubuntu1~22.04) 11.4.0
Ubuntu 20.04
Kernel: Depends on container host
Compiler: gcc (Ubuntu 9.4.0-1ubuntu1~20.04.2) 9.4.0
To view detailed results, visit:
https://lab.dpdk.org/results/dashboard/patchsets/31104/
UNH-IOL DPDK Community Lab
To manage your email subscriptions, visit:
https://lab.dpdk.org/results/dashboard/preferences/subscriptions/
More information about the test-report
mailing list