|FAILURE| pw144592-144607 [PATCH] [v2,16/16] eal: add alloc_function
dpdklab at iol.unh.edu
dpdklab at iol.unh.edu
Sun Sep 29 00:47:59 CEST 2024
Test-Label: iol-unit-amd64-testing
Test-Status: FAILURE
http://dpdk.org/patch/144607
_Testing issues_
Submitter: Stephen Hemminger <stephen at networkplumber.org>
Date: Saturday, September 28 2024 16:47:24
DPDK git baseline: Repo:dpdk
Branch: master
CommitID:bf0ff8df59c7e32f95c0b542cc4a7918f8a3da84
144592-144607 --> testing issues
Upstream job id: Generic-Unit-Test-DPDK#267443
Test environment and result as below:
+---------------------+----------------+
| Environment | dpdk_unit_test |
+=====================+================+
| Windows Server 2022 | PASS |
+---------------------+----------------+
| CentOS Stream 9 | PEND |
+---------------------+----------------+
| Debian Bullseye | PEND |
+---------------------+----------------+
| Debian 12 | WARN |
+---------------------+----------------+
| Fedora 37 | WARN |
+---------------------+----------------+
| Fedora 38 | PEND |
+---------------------+----------------+
| Fedora 38 (Clang) | PEND |
+---------------------+----------------+
| Fedora 39 | PEND |
+---------------------+----------------+
| Fedora 39 (Clang) | PEND |
+---------------------+----------------+
| Fedora 40 | PEND |
+---------------------+----------------+
| Fedora 40 (Clang) | PEND |
+---------------------+----------------+
| RHEL8 | PEND |
+---------------------+----------------+
| RHEL9 | PEND |
+---------------------+----------------+
| Ubuntu 20.04 | PEND |
+---------------------+----------------+
| Ubuntu 22.04 | PEND |
+---------------------+----------------+
| Ubuntu 24.04 | PEND |
+---------------------+----------------+
==== 20 line log output for Fedora 37 (dpdk_unit_test): ====
[2581/2933] Generating rte_baseband_fpga_5gnr_fec.pmd.c with a custom command.
[2582/2933] Compiling C object 'drivers/a715181@@rte_baseband_fpga_5gnr_fec at sta/meson-generated_.._rte_baseband_fpga_5gnr_fec.pmd.c.o'.
[2583/2933] Linking static target drivers/librte_baseband_fpga_5gnr_fec.a.
[2584/2933] Compiling C object 'drivers/a715181@@tmp_rte_baseband_la12xx at sta/baseband_la12xx_bbdev_la12xx.c.o'.
FAILED: drivers/a715181@@tmp_rte_baseband_la12xx at sta/baseband_la12xx_bbdev_la12xx.c.o
ccache cc -Idrivers/a715181@@tmp_rte_baseband_la12xx at sta -Idrivers -I../drivers -Idrivers/baseband/la12xx -I../drivers/baseband/la12xx -Ilib/bbdev -I../lib/bbdev -I. -I../ -Iconfig -I../config -Ilib/eal/include -I../lib/eal/include -Ilib/eal/linux/include -I../lib/eal/linux/include -Ilib/eal/x86/include -I../lib/eal/x86/include -Ilib/eal/common -I../lib/eal/common -Ilib/eal -I../lib/eal -Ilib/kvargs -I../lib/kvargs -Ilib/log -I../lib/log -Ilib/telemetry/../metrics -I../lib/telemetry/../metrics -Ilib/telemetry -I../lib/telemetry -Ilib/mbuf -I../lib/mbuf -Ilib/mempool -I../lib/mempool -Ilib/ring -I../lib/ring -Idrivers/bus/vdev -I../drivers/bus/vdev -fdiagnostics-color=always -pipe -D_FILE_OFFSET_BITS=64 -Wall -Winvalid-pch -Wextra -Werror -std=c11 -O3 -include rte_config.h -Wcast-qual -Wdeprecated -Wformat -Wformat-nonliteral -Wformat-security -Wmissing-declarations -Wmissing-prototypes -Wnested-externs -Wold-style-definition -Wpointer-arith -Wsign-compare -Wstrict-prototypes -Wundef
-Wwrite-strings -Wno-address-of-packed-member -Wno-packed-not-aligned -Wno-missing-field-initializers -Wno-zero-length-bounds -D_GNU_SOURCE -fPIC -march=native -mrtm -DALLOW_EXPERIMENTAL_API -DALLOW_INTERNAL_API -Wno-format-truncation -DRTE_LOG_DEFAULT_LOGTYPE=pmd.bb.la12xx -MD -MQ 'drivers/a715181@@tmp_rte_baseband_la12xx at sta/baseband_la12xx_bbdev_la12xx.c.o' -MF 'drivers/a715181@@tmp_rte_baseband_la12xx at sta/baseband_la12xx_bbdev_la12xx.c.o.d' -o 'drivers/a715181@@tmp_rte_baseband_la12xx at sta/baseband_la12xx_bbdev_la12xx.c.o' -c ../drivers/baseband/la12xx/bbdev_la12xx.c
In function 'setup_la12xx_dev',
inlined from 'la12xx_bbdev_create' at ../drivers/baseband/la12xx/bbdev_la12xx.c:1029:8,
inlined from 'la12xx_bbdev_probe' at ../drivers/baseband/la12xx/bbdev_la12xx.c:1075:9:
../drivers/baseband/la12xx/bbdev_la12xx.c:901:9: error: pointer 'hp_info' may be used after 'rte_free' [-Werror=use-after-free]
901 | rte_free(hp);
| ^~~~~~~~~~~~
../drivers/baseband/la12xx/bbdev_la12xx.c:791:17: note: call to 'rte_free' here
791 | rte_free(hp);
| ^~~~~~~~~~~~
cc1: all warnings being treated as errors
[2585/2933] Generating rte_baseband_fpga_5gnr_fec.sym_chk with a meson_exe.py custom command.
[2586/2933] Generating rte_baseband_fpga_lte_fec.sym_chk with a meson_exe.py custom command.
[2587/2933] Compiling C object 'drivers/a715181@@tmp_rte_baseband_acc at sta/baseband_acc_rte_vrb_pmd.c.o'.
ninja: build stopped: subcommand failed.
==== End log output ====
Windows Server 2022
Kernel: 10.0.20348.2031
Compiler: clang 15.0.7, gcc 14.1.0 (MinGW), and MSVC VS 19.39.33521
CentOS Stream 9
Kernel: Depends on container host
Compiler: gcc 11.4.1 20231218 (Red Hat 11.4.1-3)
Debian Bullseye
Kernel: Depends on container host
Compiler: gcc (Debian 10.2.1-6) 10.2.1 20210110
Debian 12
Kernel: Depends on container host
Compiler: gcc (Debian 12.2.0-14) 12.2.0
Fedora 37
Kernel: Depends on container host system
Compiler: gcc 12.3.1 20230508 (Red Hat 12.3.1-1)
Fedora 38
Kernel: Depends on container host
Compiler: gcc 13.2.1 20240316 (Red Hat 13.2.1-7)
Fedora 38 (Clang)
Kernel: Depends on container host
Compiler: clang 16.0.6 (Fedora 16.0.6-4.fc38)
Fedora 39
Kernel: Depends on container host
Compiler: gcc 13.3.1 20240522 (Red Hat 13.3.1-1)
Fedora 39 (Clang)
Kernel: Depends on container host
Compiler: clang 17.0.6 (Fedora 17.0.6-2.fc39)
Fedora 40
Kernel: Depends on container host
Compiler: gcc 14.2.1 20240801 (Red Hat 14.2.1-1)
Fedora 40 (Clang)
Kernel: Depends on container host
Compiler: clang 18.1.6 (Fedora 18.1.6-3.fc40)
RHEL8
Kernel: Depends on container host
Compiler: gcc 8.5.0 20210514 (Red Hat 8.5.0-22)
RHEL9
Kernel: Depends on container host
Compiler: gcc 11.4.1 20231218 (Red Hat 11.4.1-3)
Ubuntu 20.04
Kernel: Depends on container host
Compiler: gcc (Ubuntu 9.4.0-1ubuntu1~20.04.2) 9.4.0
Ubuntu 22.04
Kernel: Depends on container host
Compiler: gcc (Ubuntu 11.4.0-1ubuntu1~22.04) 11.4.0
Ubuntu 24.04
Kernel: Depends on container host
Compiler: gcc (Ubuntu 13.2.0-23ubuntu4) 13.2.0
To view detailed results, visit:
https://lab.dpdk.org/results/dashboard/patchsets/31168/
UNH-IOL DPDK Community Lab
To manage your email subscriptions, visit:
https://lab.dpdk.org/results/dashboard/preferences/subscriptions/
More information about the test-report
mailing list