|FAILURE| pw144592-144607 [PATCH] [v2,16/16] eal: add alloc_function

dpdklab at iol.unh.edu dpdklab at iol.unh.edu
Sun Sep 29 02:08:24 CEST 2024


Test-Label: iol-compile-amd64-testing
Test-Status: FAILURE
http://dpdk.org/patch/144607

_Testing issues_

Submitter: Stephen Hemminger <stephen at networkplumber.org>
Date: Saturday, September 28 2024 16:47:24 
DPDK git baseline: Repo:dpdk
  Branch: master
  CommitID:bf0ff8df59c7e32f95c0b542cc4a7918f8a3da84

144592-144607 --> testing issues

Upstream job id: Generic-DPDK-Compile-Meson#306800

Test environment and result as below:

+---------------------+--------------------+------------------+-------------------+----------------------+-------------------+-----------------------+
|     Environment     | dpdk_meson_compile | dpdk_compile_ovs | dpdk_compile_spdk | dpdk_mingw64_compile | dpdk_msvc_compile | dpdk_win_llvm_compile |
+=====================+====================+==================+===================+======================+===================+=======================+
| FreeBSD 13.3        | PASS               | SKIPPED          | SKIPPED           | SKIPPED              | SKIPPED           | SKIPPED               |
+---------------------+--------------------+------------------+-------------------+----------------------+-------------------+-----------------------+
| FreeBSD 14.1        | PASS               | SKIPPED          | SKIPPED           | SKIPPED              | SKIPPED           | SKIPPED               |
+---------------------+--------------------+------------------+-------------------+----------------------+-------------------+-----------------------+
| Debian Bullseye     | PASS               | PASS             | PASS              | SKIPPED              | SKIPPED           | SKIPPED               |
+---------------------+--------------------+------------------+-------------------+----------------------+-------------------+-----------------------+
| Debian 12           | FAIL               | WARN             | WARN              | SKIPPED              | SKIPPED           | SKIPPED               |
+---------------------+--------------------+------------------+-------------------+----------------------+-------------------+-----------------------+
| Fedora 37           | FAIL               | WARN             | WARN              | SKIPPED              | SKIPPED           | SKIPPED               |
+---------------------+--------------------+------------------+-------------------+----------------------+-------------------+-----------------------+
| Fedora 38 (Clang)   | PASS               | PASS             | PASS              | SKIPPED              | SKIPPED           | SKIPPED               |
+---------------------+--------------------+------------------+-------------------+----------------------+-------------------+-----------------------+
| Fedora 38           | PASS               | PASS             | PASS              | SKIPPED              | SKIPPED           | SKIPPED               |
+---------------------+--------------------+------------------+-------------------+----------------------+-------------------+-----------------------+
| Fedora 39 (Clang)   | PASS               | PASS             | PASS              | SKIPPED              | SKIPPED           | SKIPPED               |
+---------------------+--------------------+------------------+-------------------+----------------------+-------------------+-----------------------+
| Fedora 39           | PASS               | PASS             | PASS              | SKIPPED              | SKIPPED           | SKIPPED               |
+---------------------+--------------------+------------------+-------------------+----------------------+-------------------+-----------------------+
| Fedora 40 (Clang)   | PASS               | PASS             | PASS              | SKIPPED              | SKIPPED           | SKIPPED               |
+---------------------+--------------------+------------------+-------------------+----------------------+-------------------+-----------------------+
| Fedora 40           | PASS               | PASS             | PASS              | SKIPPED              | SKIPPED           | SKIPPED               |
+---------------------+--------------------+------------------+-------------------+----------------------+-------------------+-----------------------+
| openSUSE Leap 15    | PASS               | PASS             | SKIPPED           | SKIPPED              | SKIPPED           | SKIPPED               |
+---------------------+--------------------+------------------+-------------------+----------------------+-------------------+-----------------------+
| RHEL8               | PASS               | PASS             | SKIPPED           | SKIPPED              | SKIPPED           | SKIPPED               |
+---------------------+--------------------+------------------+-------------------+----------------------+-------------------+-----------------------+
| RHEL9               | PASS               | PASS             | SKIPPED           | SKIPPED              | SKIPPED           | SKIPPED               |
+---------------------+--------------------+------------------+-------------------+----------------------+-------------------+-----------------------+
| Ubuntu 20.04        | PASS               | PASS             | SKIPPED           | SKIPPED              | SKIPPED           | SKIPPED               |
+---------------------+--------------------+------------------+-------------------+----------------------+-------------------+-----------------------+
| Ubuntu 22.04        | PASS               | PASS             | PASS              | SKIPPED              | SKIPPED           | SKIPPED               |
+---------------------+--------------------+------------------+-------------------+----------------------+-------------------+-----------------------+
| Ubuntu 24.04        | PASS               | PASS             | PASS              | SKIPPED              | SKIPPED           | SKIPPED               |
+---------------------+--------------------+------------------+-------------------+----------------------+-------------------+-----------------------+
| Alpine              | PASS               | PASS             | SKIPPED           | SKIPPED              | SKIPPED           | SKIPPED               |
+---------------------+--------------------+------------------+-------------------+----------------------+-------------------+-----------------------+
| CentOS Stream 9     | PASS               | PASS             | PASS              | SKIPPED              | SKIPPED           | SKIPPED               |
+---------------------+--------------------+------------------+-------------------+----------------------+-------------------+-----------------------+
| Windows Server 2022 | SKIPPED            | SKIPPED          | SKIPPED           | FAIL                 | PASS              | PASS                  |
+---------------------+--------------------+------------------+-------------------+----------------------+-------------------+-----------------------+

==== 20 line log output for Windows Server 2022 (dpdk_mingw64_compile): ====
346 |         LIST_FOREACH(pos, head, list)
|         ^~~~~~~~~~~~
../drivers/common/idpf/base/idpf_controlq.c:266:9: note: in expansion of macro 'LIST_FOR_EACH_ENTRY_SAFE'
266 |         LIST_FOR_EACH_ENTRY_SAFE(cq, tmp, &hw->cq_list_head,
|         ^~~~~~~~~~~~~~~~~~~~~~~~
In function 'idpf_ctlq_remove',
inlined from 'idpf_ctlq_deinit' at ../drivers/common/idpf/base/idpf_controlq.c:268:3:
../drivers/common/idpf/base/idpf_osdep.h:197:33: note: call to 'rte_free' here
197 | #define idpf_free(h, m)         rte_free(m)
|                                 ^~~~~~~~~~~
../drivers/common/idpf/base/idpf_controlq.c:217:9: note: in expansion of macro 'idpf_free'
217 |         idpf_free(hw, cq);
|         ^~~~~~~~~
cc1.exe: all warnings being treated as errors
[141/762] Compiling C object drivers/libtmp_rte_bus_auxiliary.a.p/bus_auxiliary_auxiliary_params.c.obj
[142/762] Compiling C object drivers/libtmp_rte_common_idpf.a.p/common_idpf_base_idpf_controlq_setup.c.obj
[143/762] Compiling C object drivers/libtmp_rte_common_idpf.a.p/common_idpf_idpf_common_virtchnl.c.obj
[144/762] Compiling C object drivers/libtmp_rte_bus_auxiliary.a.p/bus_auxiliary_auxiliary_common.c.obj
[145/762] Compiling C object drivers/libtmp_rte_common_idpf.a.p/common_idpf_idpf_common_rxtx.c.obj
ninja: build stopped: subcommand failed.
==== End log output ====

FreeBSD 13.3
	Kernel: 13.3-RELEASE-p5
	Compiler: clang 17.0.6

FreeBSD 14.1
	Kernel: 14.1-RELEASE-p3
	Compiler: clang 18.1.5

Debian Bullseye
	Kernel: Depends on container host
	Compiler: gcc (Debian 10.2.1-6) 10.2.1 20210110

Debian 12
	Kernel: Depends on container host
	Compiler: gcc (Debian 12.2.0-14) 12.2.0

Fedora 37
	Kernel: Depends on container host system
	Compiler: gcc 12.3.1 20230508 (Red Hat 12.3.1-1)

Fedora 38 (Clang)
	Kernel: Depends on container host
	Compiler: clang 16.0.6 (Fedora 16.0.6-4.fc38)

Fedora 38
	Kernel: Depends on container host
	Compiler: gcc 13.2.1 20240316 (Red Hat 13.2.1-7)

Fedora 39 (Clang)
	Kernel: Depends on container host
	Compiler: clang 17.0.6 (Fedora 17.0.6-2.fc39)

Fedora 39
	Kernel: Depends on container host
	Compiler: gcc 13.3.1 20240522 (Red Hat 13.3.1-1)

Fedora 40 (Clang)
	Kernel: Depends on container host
	Compiler: clang 18.1.6 (Fedora 18.1.6-3.fc40)

Fedora 40
	Kernel: Depends on container host
	Compiler: gcc 14.2.1 20240801 (Red Hat 14.2.1-1)

openSUSE Leap 15
	Kernel: Depends on container host
	Compiler: gcc (SUSE Linux) 7.5.0

RHEL8
	Kernel: Depends on container host
	Compiler: gcc 8.5.0 20210514 (Red Hat 8.5.0-22)

RHEL9
	Kernel: Depends on container host
	Compiler: gcc 11.4.1 20231218 (Red Hat 11.4.1-3)

Ubuntu 20.04
	Kernel: Depends on container host
	Compiler: gcc (Ubuntu 9.4.0-1ubuntu1~20.04.2) 9.4.0

Ubuntu 22.04
	Kernel: Depends on container host
	Compiler: gcc (Ubuntu 11.4.0-1ubuntu1~22.04) 11.4.0

Ubuntu 24.04
	Kernel: Depends on container host
	Compiler: gcc (Ubuntu 13.2.0-23ubuntu4) 13.2.0

Alpine
	Kernel: Depends on container host
	Compiler: gcc (Alpine 13.2.1_git20240309) 13.2.1 20240309

CentOS Stream 9
	Kernel: Depends on container host
	Compiler: gcc 11.4.1 20231218 (Red Hat 11.4.1-3)

Windows Server 2022
	Kernel: 10.0.20348.2031
	Compiler: clang 15.0.7, gcc 14.1.0 (MinGW), and MSVC VS 19.39.33521

To view detailed results, visit:
https://lab.dpdk.org/results/dashboard/patchsets/31168/

UNH-IOL DPDK Community Lab

To manage your email subscriptions, visit: 
https://lab.dpdk.org/results/dashboard/preferences/subscriptions/


More information about the test-report mailing list