|WARNING| pw144651-144668 [PATCH] [v3,18/18] net/dpaa: fix reallocat
dpdklab at iol.unh.edu
dpdklab at iol.unh.edu
Mon Sep 30 17:18:19 CEST 2024
Test-Label: iol-unit-amd64-testing
Test-Status: WARNING
http://dpdk.org/patch/144668
_Testing issues_
Submitter: Hemant Agrawal <hemant.agrawal at nxp.com>
Date: Monday, September 30 2024 10:29:46
DPDK git baseline: Repo:dpdk
Branch: master
CommitID:9456ac767bb1c2aa2a8de460ebe7318105ce2135
144651-144668 --> testing issues
Upstream job id: Generic-Unit-Test-DPDK#267952
Test environment and result as below:
+---------------------+----------------+
| Environment | dpdk_unit_test |
+=====================+================+
| CentOS Stream 9 | PASS |
+---------------------+----------------+
| Windows Server 2022 | PASS |
+---------------------+----------------+
| Debian Bullseye | PASS |
+---------------------+----------------+
| Debian 12 | PASS |
+---------------------+----------------+
| Fedora 37 | PASS |
+---------------------+----------------+
| Fedora 38 | PASS |
+---------------------+----------------+
| Fedora 38 (Clang) | WARN |
+---------------------+----------------+
| Fedora 39 | PASS |
+---------------------+----------------+
| Fedora 39 (Clang) | WARN |
+---------------------+----------------+
| Fedora 40 (Clang) | WARN |
+---------------------+----------------+
| RHEL8 | PASS |
+---------------------+----------------+
| Fedora 40 | PASS |
+---------------------+----------------+
| Ubuntu 20.04 | PASS |
+---------------------+----------------+
| Ubuntu 24.04 | PASS |
+---------------------+----------------+
| Ubuntu 22.04 | PASS |
+---------------------+----------------+
| RHEL9 | PASS |
+---------------------+----------------+
==== 20 line log output for Fedora 40 (Clang) (dpdk_unit_test): ====
[1314/2947] Compiling C object 'drivers/a715181@@tmp_rte_net_cxgbe at sta/net_cxgbe_cxgbe_filter.c.o'.
[1315/2947] Compiling C object 'drivers/a715181@@tmp_rte_net_cxgbe at sta/net_cxgbe_sge.c.o'.
[1316/2947] Compiling C object 'drivers/a715181@@tmp_rte_net_cxgbe at sta/net_cxgbe_mps_tcam.c.o'.
[1317/2947] Compiling C object 'drivers/a715181@@tmp_rte_net_cxgbe at sta/net_cxgbe_l2t.c.o'.
[1318/2947] Compiling C object 'drivers/a715181@@tmp_rte_net_cxgbe at sta/net_cxgbe_smt.c.o'.
[1319/2947] Compiling C object 'drivers/a715181@@tmp_rte_net_cxgbe at sta/net_cxgbe_base_t4vf_hw.c.o'.
[1320/2947] Compiling C object 'drivers/a715181@@tmp_rte_net_dpaa at sta/net_dpaa_dpaa_ethdev.c.o'.
[1321/2947] Compiling C object 'drivers/a715181@@tmp_rte_net_dpaa at sta/net_dpaa_fmlib_fm_vsp.c.o'.
[1322/2947] Compiling C object 'drivers/a715181@@tmp_rte_net_dpaa at sta/net_dpaa_fmlib_fm_lib.c.o'.
[1323/2947] Compiling C object 'drivers/a715181@@tmp_rte_net_dpaa at sta/net_dpaa_dpaa_flow.c.o'.
FAILED: drivers/a715181@@tmp_rte_net_dpaa at sta/net_dpaa_dpaa_flow.c.o
clang -Idrivers/a715181@@tmp_rte_net_dpaa at sta -Idrivers -I../drivers -Idrivers/net/dpaa -I../drivers/net/dpaa -Ilib/ethdev -I../lib/ethdev -I. -I../ -Iconfig -I../config -Ilib/eal/include -I../lib/eal/include -Ilib/eal/linux/include -I../lib/eal/linux/include -Ilib/eal/x86/include -I../lib/eal/x86/include -Ilib/eal/common -I../lib/eal/common -Ilib/eal -I../lib/eal -Ilib/kvargs -I../lib/kvargs -Ilib/log -I../lib/log -Ilib/telemetry/../metrics -I../lib/telemetry/../metrics -Ilib/telemetry -I../lib/telemetry -Ilib/net -I../lib/net -Ilib/mbuf -I../lib/mbuf -Ilib/mempool -I../lib/mempool -Ilib/ring -I../lib/ring -Ilib/meter -I../lib/meter -Idrivers/bus/pci -I../drivers/bus/pci -I../drivers/bus/pci/linux -Ilib/pci -I../lib/pci -Idrivers/bus/vdev -I../drivers/bus/vdev -Idrivers/mempool/dpaa -I../drivers/mempool/dpaa -Idrivers/bus/dpaa -I../drivers/bus/dpaa -I../drivers/bus/dpaa/include -I../drivers/bus/dpaa/base/qbman -Idrivers/common/dpaax -I../drivers/common/dpaax -I../drivers/common/dpaa
x/caamflib -Ilib/eventdev -I../lib/eventdev -Ilib/hash -I../lib/hash -Ilib/rcu -I../lib/rcu -Ilib/timer -I../lib/timer -Ilib/cryptodev -I../lib/cryptodev -Ilib/dmadev -I../lib/dmadev -Xclang -fcolor-diagnostics -pipe -D_FILE_OFFSET_BITS=64 -Wall -Winvalid-pch -Wextra -Werror -std=c11 -O3 -include rte_config.h -Wcast-qual -Wdeprecated -Wformat -Wformat-nonliteral -Wformat-security -Wmissing-declarations -Wmissing-prototypes -Wnested-externs -Wold-style-definition -Wpointer-arith -Wsign-compare -Wstrict-prototypes -Wundef -Wwrite-strings -Wno-address-of-packed-member -Wno-missing-field-initializers -D_GNU_SOURCE -fPIC -march=native -mrtm -DALLOW_EXPERIMENTAL_API -DALLOW_INTERNAL_API -Wno-format-truncation -Wno-pointer-arith -DRTE_LOG_DEFAULT_LOGTYPE=pmd.net.dpaa -DRTE_ANNOTATE_LOCKS -Wthread-safety -MD -MQ 'drivers/a715181@@tmp_rte_net_dpaa at sta/net_dpaa_dpaa_flow.c.o' -MF 'drivers/a715181@@tmp_rte_net_dpaa at sta/net_dpaa_dpaa_flow.c.o.d' -o 'drivers/a715181@@tmp_rte_net_dpaa at sta/net_dpa
a_dpaa_flow.c.o' -c ../drivers/net/dpaa/dpaa_flow.c
../drivers/net/dpaa/dpaa_flow.c:672:19: error: unused function 'get_tx_port_type' [-Werror,-Wunused-function]
672 | static inline int get_tx_port_type(struct fman_if *fif)
| ^~~~~~~~~~~~~~~~
1 error generated.
[1324/2947] Compiling C object 'drivers/a715181@@tmp_rte_net_cxgbe at sta/net_cxgbe_base_t4_hw.c.o'.
[1325/2947] Compiling C object 'drivers/a715181@@tmp_rte_net_dpaa at sta/net_dpaa_dpaa_fmc.c.o'.
[1326/2947] Compiling C object 'drivers/a715181@@tmp_rte_net_dpaa at sta/net_dpaa_dpaa_rxtx.c.o'.
ninja: build stopped: subcommand failed.
==== End log output ====
CentOS Stream 9
Kernel: Depends on container host
Compiler: gcc 11.4.1 20231218 (Red Hat 11.4.1-3)
Windows Server 2022
Kernel: 10.0.20348.2031
Compiler: clang 15.0.7, gcc 14.1.0 (MinGW), and MSVC VS 19.39.33521
Debian Bullseye
Kernel: Depends on container host
Compiler: gcc (Debian 10.2.1-6) 10.2.1 20210110
Debian 12
Kernel: Depends on container host
Compiler: gcc (Debian 12.2.0-14) 12.2.0
Fedora 37
Kernel: Depends on container host system
Compiler: gcc 12.3.1 20230508 (Red Hat 12.3.1-1)
Fedora 38
Kernel: Depends on container host
Compiler: gcc 13.2.1 20240316 (Red Hat 13.2.1-7)
Fedora 38 (Clang)
Kernel: Depends on container host
Compiler: clang 16.0.6 (Fedora 16.0.6-4.fc38)
Fedora 39
Kernel: Depends on container host
Compiler: gcc 13.3.1 20240522 (Red Hat 13.3.1-1)
Fedora 39 (Clang)
Kernel: Depends on container host
Compiler: clang 17.0.6 (Fedora 17.0.6-2.fc39)
Fedora 40 (Clang)
Kernel: Depends on container host
Compiler: clang 18.1.6 (Fedora 18.1.6-3.fc40)
RHEL8
Kernel: Depends on container host
Compiler: gcc 8.5.0 20210514 (Red Hat 8.5.0-22)
Fedora 40
Kernel: Depends on container host
Compiler: gcc 14.2.1 20240801 (Red Hat 14.2.1-1)
Ubuntu 20.04
Kernel: Depends on container host
Compiler: gcc (Ubuntu 9.4.0-1ubuntu1~20.04.2) 9.4.0
Ubuntu 24.04
Kernel: Depends on container host
Compiler: gcc (Ubuntu 13.2.0-23ubuntu4) 13.2.0
Ubuntu 22.04
Kernel: Depends on container host
Compiler: gcc (Ubuntu 11.4.0-1ubuntu1~22.04) 11.4.0
RHEL9
Kernel: Depends on container host
Compiler: gcc 11.4.1 20231218 (Red Hat 11.4.1-3)
To view detailed results, visit:
https://lab.dpdk.org/results/dashboard/patchsets/31182/
UNH-IOL DPDK Community Lab
To manage your email subscriptions, visit:
https://lab.dpdk.org/results/dashboard/preferences/subscriptions/
More information about the test-report
mailing list