|FAILURE| [GIT MASTER] e35323505fe65756edeaddba3bd5550ca719053c

dpdklab at iol.unh.edu dpdklab at iol.unh.edu
Sat Feb 15 16:49:38 CET 2025


_Testing issues_

Branch: 23.11-staging

e35323505fe65756edeaddba3bd5550ca719053c --> testing issues

Upstream job id: Generic-DPDK-Compile-Meson#361845

Test environment and result as below:

+---------------------+--------------------+-------------------+------------------+-------------------------+-------------------+----------------------+
|     Environment     | dpdk_meson_compile | dpdk_compile_spdk | dpdk_compile_ovs | dpdk_llvm_clang_compile | dpdk_msvc_compile | dpdk_mingw64_compile |
+=====================+====================+===================+==================+=========================+===================+======================+
| CentOS Stream 9     | FAIL               | WARN              | SKIPPED          | SKIPPED                 | SKIPPED           | SKIPPED              |
+---------------------+--------------------+-------------------+------------------+-------------------------+-------------------+----------------------+
| CentOS Stream 10    | FAIL               | SKIPPED           | SKIPPED          | SKIPPED                 | SKIPPED           | SKIPPED              |
+---------------------+--------------------+-------------------+------------------+-------------------------+-------------------+----------------------+
| Debian Bullseye     | FAIL               | WARN              | SKIPPED          | SKIPPED                 | SKIPPED           | SKIPPED              |
+---------------------+--------------------+-------------------+------------------+-------------------------+-------------------+----------------------+
| Fedora 40 (Clang)   | PASS               | PASS              | SKIPPED          | SKIPPED                 | SKIPPED           | SKIPPED              |
+---------------------+--------------------+-------------------+------------------+-------------------------+-------------------+----------------------+
| Fedora 41 (Clang)   | PASS               | PASS              | PASS             | SKIPPED                 | SKIPPED           | SKIPPED              |
+---------------------+--------------------+-------------------+------------------+-------------------------+-------------------+----------------------+
| Fedora 41           | FAIL               | WARN              | WARN             | SKIPPED                 | SKIPPED           | SKIPPED              |
+---------------------+--------------------+-------------------+------------------+-------------------------+-------------------+----------------------+
| RHEL9               | FAIL               | SKIPPED           | SKIPPED          | SKIPPED                 | SKIPPED           | SKIPPED              |
+---------------------+--------------------+-------------------+------------------+-------------------------+-------------------+----------------------+
| RHEL8               | PASS               | SKIPPED           | SKIPPED          | SKIPPED                 | SKIPPED           | SKIPPED              |
+---------------------+--------------------+-------------------+------------------+-------------------------+-------------------+----------------------+
| openSUSE Leap 15    | PASS               | SKIPPED           | SKIPPED          | SKIPPED                 | SKIPPED           | SKIPPED              |
+---------------------+--------------------+-------------------+------------------+-------------------------+-------------------+----------------------+
| Ubuntu 20.04        | PASS               | SKIPPED           | SKIPPED          | SKIPPED                 | SKIPPED           | SKIPPED              |
+---------------------+--------------------+-------------------+------------------+-------------------------+-------------------+----------------------+
| Ubuntu 22.04        | FAIL               | WARN              | SKIPPED          | SKIPPED                 | SKIPPED           | SKIPPED              |
+---------------------+--------------------+-------------------+------------------+-------------------------+-------------------+----------------------+
| Ubuntu 24.04        | FAIL               | WARN              | WARN             | SKIPPED                 | SKIPPED           | SKIPPED              |
+---------------------+--------------------+-------------------+------------------+-------------------------+-------------------+----------------------+
| Alpine              | FAIL               | SKIPPED           | SKIPPED          | SKIPPED                 | SKIPPED           | SKIPPED              |
+---------------------+--------------------+-------------------+------------------+-------------------------+-------------------+----------------------+
| FreeBSD 13.4        | PASS               | SKIPPED           | SKIPPED          | SKIPPED                 | SKIPPED           | SKIPPED              |
+---------------------+--------------------+-------------------+------------------+-------------------------+-------------------+----------------------+
| FreeBSD 14.2        | PASS               | SKIPPED           | SKIPPED          | SKIPPED                 | SKIPPED           | SKIPPED              |
+---------------------+--------------------+-------------------+------------------+-------------------------+-------------------+----------------------+
| Fedora 40           | FAIL               | WARN              | SKIPPED          | SKIPPED                 | SKIPPED           | SKIPPED              |
+---------------------+--------------------+-------------------+------------------+-------------------------+-------------------+----------------------+
| Debian 12           | FAIL               | WARN              | SKIPPED          | SKIPPED                 | SKIPPED           | SKIPPED              |
+---------------------+--------------------+-------------------+------------------+-------------------------+-------------------+----------------------+
| Windows Server 2022 | SKIPPED            | SKIPPED           | SKIPPED          | PASS                    | PASS              | FAIL                 |
+---------------------+--------------------+-------------------+------------------+-------------------------+-------------------+----------------------+

==== 20 line log output for Windows Server 2022 (dpdk_mingw64_compile): ====
Compiler for C supports arguments -march=native: YES
Checking for size of "void *" : 8
Checking for size of "void *" : 8
Library m found: YES
Library numa found: NO
Library fdt found: NO
Library execinfo found: NO
Has header "execinfo.h" : NO
Did not find pkg-config by name 'pkg-config'
Found Pkg-config: NO
Run-time dependency libarchive found: NO (tried pkgconfig)
Run-time dependency libbsd found: NO (tried pkgconfig)
Run-time dependency jansson found: NO (tried pkgconfig)
Run-time dependency openssl found: NO (tried pkgconfig)
Run-time dependency libpcap found: NO (tried pkgconfig)
Library wpcap found: NO

config\meson.build:333:4: ERROR: Unknown variable "warning_flags".

A full log can be found at C:\Users\builder\jenkins\workspace\Windows-Compile-DPDK-Native\dpdk\build\meson-logs\meson-log.txt
==== End log output ====

CentOS Stream 9
	Kernel: Depends on container host
	Compiler: gcc 11.5.0 20240719 (Red Hat 11.5.0-2)

CentOS Stream 10
	Kernel: Depends on container host
	Compiler: gcc 14.2.1 20241104 (Red Hat 14.2.1-6)

Debian Bullseye
	Kernel: Depends on container host
	Compiler: gcc (Debian 10.2.1-6) 10.2.1 20210110

Fedora 40 (Clang)
	Kernel: Depends on container host
	Compiler: clang 18.1.8 (Fedora 18.1.8-1.fc40)

Fedora 41 (Clang)
	Kernel: Depends on container host
	Compiler: clang 19.1.5 (Fedora 19.1.5-1.fc41)

Fedora 41
	Kernel: Depends on container host
	Compiler: gcc 14.2.1 20240912 (Red Hat 14.2.1-3)

RHEL9
	Kernel: Depends on container host
	Compiler: gcc 11.5.0 20240719 (Red Hat 11.5.0-2)

RHEL8
	Kernel: Depends on container host
	Compiler: gcc 8.5.0 20210514 (Red Hat 8.5.0-22)

openSUSE Leap 15
	Kernel: Depends on container host
	Compiler: gcc (SUSE Linux) 7.5.0

Ubuntu 20.04
	Kernel: Depends on container host
	Compiler: gcc (Ubuntu 9.4.0-1ubuntu1~20.04.2) 9.4.0

Ubuntu 22.04
	Kernel: Depends on container host
	Compiler: gcc (Ubuntu 11.4.0-1ubuntu1~22.04) 11.4.0

Ubuntu 24.04
	Kernel: Depends on container host
	Compiler: gcc (Ubuntu 13.3.0-6ubuntu2~24.04) 13.3.0

Alpine
	Kernel: Depends on container host
	Compiler: gcc (Alpine 14.2.0) 14.2.0

FreeBSD 13.4
	Kernel: 13.4-RELEASE-p1
	Compiler: clang 18.1.6

FreeBSD 14.2
	Kernel: 14.2-RELEASE
	Compiler: clang 18.1.6

Fedora 40
	Kernel: Depends on container host
	Compiler: gcc 14.2.1 20240912 (Red Hat 14.2.1-3)

Debian 12
	Kernel: Depends on container host
	Compiler: gcc (Debian 12.2.0-14) 12.2.0

Windows Server 2022
	Kernel: 10.0.20348.2031
	Compiler: clang 15.0.7, gcc 14.1.0 (MinGW), and MSVC VS 19.39.33521

To view detailed results, visit:
https://lab.dpdk.org/results/dashboard/tarballs/32583/

UNH-IOL DPDK Community Lab

To manage your email subscriptions, visit: 
https://lab.dpdk.org/results/dashboard/preferences/subscriptions/


More information about the test-report mailing list