|FAILURE| [GIT MASTER] 6007ad519cfb8d6a81356a171c4a2b5f9a33d4fd

dpdklab at iol.unh.edu dpdklab at iol.unh.edu
Thu Feb 27 06:27:49 CET 2025


_Testing issues_

Branch: tags/v22.11

6007ad519cfb8d6a81356a171c4a2b5f9a33d4fd --> testing issues

Upstream job id: Generic-VM-Unit-Test-DPDK#27382

Test environment and result as below:

+---------------------+----------------+
|     Environment     | dpdk_unit_test |
+=====================+================+
| CentOS Stream 9     | FAIL           |
+---------------------+----------------+
| Debian Bullseye     | FAIL           |
+---------------------+----------------+
| Debian 12           | FAIL           |
+---------------------+----------------+
| CentOS Stream 10    | FAIL           |
+---------------------+----------------+
| Fedora 41           | FAIL           |
+---------------------+----------------+
| Fedora 40 (Clang)   | FAIL           |
+---------------------+----------------+
| Ubuntu 20.04        | FAIL           |
+---------------------+----------------+
| RHEL8               | FAIL           |
+---------------------+----------------+
| Fedora 40           | FAIL           |
+---------------------+----------------+
| Fedora 41 (Clang)   | FAIL           |
+---------------------+----------------+
| RHEL9               | FAIL           |
+---------------------+----------------+
| Ubuntu 24.04        | FAIL           |
+---------------------+----------------+
| Ubuntu 22.04        | FAIL           |
+---------------------+----------------+
| Windows Server 2022 | FAIL           |
+---------------------+----------------+

==== Unit test summary for Windows Server 2022 (dpdk_unit_test): ====
Failed to get the unit test results.
Displaying the unit test results is not supported for some environments,
such as our aarch32 testing, where meson is not used to run the tests.
Download the logs available on our CI site.
==== End log output ====

CentOS Stream 9
	Kernel: Depends on container host
	Compiler: gcc 11.5.0 20240719 (Red Hat 11.5.0-2)

Debian Bullseye
	Kernel: Depends on container host
	Compiler: gcc (Debian 10.2.1-6) 10.2.1 20210110

Debian 12
	Kernel: Depends on container host
	Compiler: gcc (Debian 12.2.0-14) 12.2.0

CentOS Stream 10
	Kernel: Depends on container host
	Compiler: gcc 14.2.1 20241104 (Red Hat 14.2.1-6)

Fedora 41
	Kernel: Depends on container host
	Compiler: gcc 14.2.1 20240912 (Red Hat 14.2.1-3)

Fedora 40 (Clang)
	Kernel: Depends on container host
	Compiler: clang 18.1.8 (Fedora 18.1.8-1.fc40)

Ubuntu 20.04
	Kernel: Depends on container host
	Compiler: gcc (Ubuntu 9.4.0-1ubuntu1~20.04.2) 9.4.0

RHEL8
	Kernel: Depends on container host
	Compiler: gcc 8.5.0 20210514 (Red Hat 8.5.0-22)

Fedora 40
	Kernel: Depends on container host
	Compiler: gcc 14.2.1 20240912 (Red Hat 14.2.1-3)

Fedora 41 (Clang)
	Kernel: Depends on container host
	Compiler: clang 19.1.5 (Fedora 19.1.5-1.fc41)

RHEL9
	Kernel: Depends on container host
	Compiler: gcc 11.5.0 20240719 (Red Hat 11.5.0-2)

Ubuntu 24.04
	Kernel: Depends on container host
	Compiler: gcc (Ubuntu 13.3.0-6ubuntu2~24.04) 13.3.0

Ubuntu 22.04
	Kernel: Depends on container host
	Compiler: gcc (Ubuntu 11.4.0-1ubuntu1~22.04) 11.4.0

Windows Server 2022
	Kernel: 10.0.20348.2031
	Compiler: clang 15.0.7, gcc 14.1.0 (MinGW), and MSVC VS 19.39.33521

To view detailed results, visit:
https://lab.dpdk.org/results/dashboard/tarballs/32738/

UNH-IOL DPDK Community Lab

To manage your email subscriptions, visit: 
https://lab.dpdk.org/results/dashboard/preferences/subscriptions/


More information about the test-report mailing list