|FAILURE| pw152132-152136 [PATCH] [v7,5/5] examples/vhost_crypto: su

dpdklab at iol.unh.edu dpdklab at iol.unh.edu
Thu Feb 27 22:48:25 CET 2025


Test-Label: iol-compile-arm64-testing
Test-Status: FAILURE
http://dpdk.org/patch/152136

_Testing issues_

Submitter: Gowrishankar Muthukrishnan <gmuthukrishn at marvell.com>
Date: Thursday, February 27 2025 13:59:49 
DPDK git baseline: Repo:dpdk
  Branch: master
  CommitID:fab31a03ba98e7457284df95dd9eef2223a4ccaa

152132-152136 --> testing issues

Upstream job id: Generic-DPDK-Compile-Meson#366496

Test environment and result as below:

+------------------------------------+--------------------+
|            Environment             | dpdk_meson_compile |
+====================================+====================+
| RHEL9 (ARM)                        | PASS               |
+------------------------------------+--------------------+
| Ubuntu 20.04 ARM GCC Cross Compile | PEND               |
+------------------------------------+--------------------+
| Ubuntu 20.04 ARM SVE               | PASS               |
+------------------------------------+--------------------+
| Debian 12 with MUSDK               | PASS               |
+------------------------------------+--------------------+
| Fedora 40 (ARM Clang)              | FAIL               |
+------------------------------------+--------------------+
| Ubuntu 20.04 (ARM)                 | PEND               |
+------------------------------------+--------------------+
| Fedora 41 (ARM)                    | PEND               |
+------------------------------------+--------------------+
| Fedora 40 (ARM)                    | PEND               |
+------------------------------------+--------------------+
| Fedora 41 (ARM Clang)              | PEND               |
+------------------------------------+--------------------+
| Ubuntu 24.04 (ARM)                 | PEND               |
+------------------------------------+--------------------+
| CentOS Stream 10 (ARM)             | PEND               |
+------------------------------------+--------------------+
| CentOS Stream 9 (ARM)              | PEND               |
+------------------------------------+--------------------+
| Ubuntu 22.04 (ARM)                 | PEND               |
+------------------------------------+--------------------+
| Debian 11 (Buster) (ARM)           | PEND               |
+------------------------------------+--------------------+

==== 20 line log output for Fedora 40 (ARM Clang) (dpdk_meson_compile): ====
../lib/vhost/vhost_crypto.c:48:17: note: expanded from macro 'IOVA_TO_VVA'
48 |         ((t)(uintptr_t)vhost_iova_to_vva(r->dev, r->vq, a, l, p))
|                        ^
../lib/vhost/vhost_crypto.c:1570:15: error: calling function 'copy_data' requires holding rwlock 'vc_req->vq->iotlb_lock' [-Werror,-Wthread-safety-analysis]
1570 |         if (unlikely(copy_data(&req, vc_req, descs, &desc, sizeof(req),
|                      ^
../lib/vhost/vhost_crypto.c:1617:10: error: calling function 'prepare_sym_cipher_op' requires holding rwlock 'vc_req_out->vq->iotlb_lock' [-Werror,-Wthread-safety-analysis]
1617 |                         err = prepare_sym_cipher_op(vcrypto, op, vc_req_out,
|                               ^
../lib/vhost/vhost_crypto.c:1622:10: error: calling function 'prepare_sym_chain_op' requires holding rwlock 'vc_req_out->vq->iotlb_lock' [-Werror,-Wthread-safety-analysis]
1622 |                         err = prepare_sym_chain_op(vcrypto, op, vc_req_out,
|                               ^
../lib/vhost/vhost_crypto.c:1669:10: error: calling function 'prepare_asym_rsa_op' requires holding rwlock 'vc_req_out->vq->iotlb_lock' [-Werror,-Wthread-safety-analysis]
1669 |                         err = prepare_asym_rsa_op(vcrypto, op, vc_req_out,
|                               ^
../lib/vhost/vhost_crypto.c:1690:10: error: calling function 'reach_inhdr' requires holding rwlock 'vc_req->vq->iotlb_lock' [-Werror,-Wthread-safety-analysis]
1690 |         inhdr = reach_inhdr(vc_req, descs, max_n_descs);
|                 ^
7 errors generated.
ninja: build stopped: subcommand failed.
==== End log output ====

RHEL9 (ARM)
	Kernel: Depends on container host
	Compiler: gcc 11.5.0 20240719 (Red Hat 11.5.0-2)

Ubuntu 20.04 ARM GCC Cross Compile
	Kernel: Depends on container host
	Compiler: aarch64-linux-gnu-gcc (Ubuntu 9.4.0-1ubuntu1~20.04.2) 9.4.0

Ubuntu 20.04 ARM SVE
	Kernel: Depends on container host
	Compiler: gcc (Ubuntu 10.5.0-1ubuntu1~20.04) 10.5.0

Debian 12 with MUSDK
	Kernel: Depends on container host
	Compiler: gcc (Debian 12.2.0-14) 12.2.0

Fedora 40 (ARM Clang)
	Kernel: Depends on container host
	Compiler: clang 18.1.8 (Fedora 18.1.8-1.fc40)

Ubuntu 20.04 (ARM)
	Kernel: Depends on container host
	Compiler: gcc (Ubuntu 9.4.0-1ubuntu1~20.04.2) 9.4.0

Fedora 41 (ARM)
	Kernel: Depends on container host
	Compiler: gcc 14.2.1 20240912 (Red Hat 14.2.1-3)

Fedora 40 (ARM)
	Kernel: Depends on container host
	Compiler: gcc 14.2.1 20240912 (Red Hat 14.2.1-3)

Fedora 41 (ARM Clang)
	Kernel: Depends on container host
	Compiler: clang 19.1.5 (Fedora 19.1.5-1.fc41)

Ubuntu 24.04 (ARM)
	Kernel: Depends on container host
	Compiler: gcc (Ubuntu 13.3.0-6ubuntu2~24.04) 13.3.0

CentOS Stream 10 (ARM)
	Kernel: Depends on container host
	Compiler: gcc 14.2.1 20241104 (Red Hat 14.2.1-6)

CentOS Stream 9 (ARM)
	Kernel: Depends on container host
	Compiler: gcc 11.5.0 20240719 (Red Hat 11.5.0-2)

Ubuntu 22.04 (ARM)
	Kernel: Depends on container host
	Compiler: gcc (Ubuntu 11.4.0-1ubuntu1~22.04) 11.4.0

Debian 11 (Buster) (ARM)
	Kernel: Depends on container host
	Compiler: gcc (Debian 10.2.1-6) 10.2.1 20210110

To view detailed results, visit:
https://lab.dpdk.org/results/dashboard/patchsets/32710/

UNH-IOL DPDK Community Lab

To manage your email subscriptions, visit: 
https://lab.dpdk.org/results/dashboard/preferences/subscriptions/


More information about the test-report mailing list