|FAILURE| pw152127 [PATCH] net/mlx5: fix crash when using represente
dpdklab at iol.unh.edu
dpdklab at iol.unh.edu
Fri Feb 28 05:45:48 CET 2025
Test-Label: iol-compile-amd64-testing
Test-Status: FAILURE
http://dpdk.org/patch/152127
_Testing issues_
Submitter: Maayan Kashani <mkashani at nvidia.com>
Date: Thursday, February 27 2025 10:33:29
DPDK git baseline: Repo:dpdk
Branch: master
CommitID:5813fc4238f10b5cc2aa008b0116c977712820d7
152127 --> testing issues
Upstream job id: Generic-DPDK-Compile-Meson#366735
Test environment and result as below:
+-------------------+--------------------+-------------------+------------------+
| Environment | dpdk_meson_compile | dpdk_compile_spdk | dpdk_compile_ovs |
+===================+====================+===================+==================+
| CentOS Stream 9 | PEND | PEND | SKIPPED |
+-------------------+--------------------+-------------------+------------------+
| CentOS Stream 10 | PASS | SKIPPED | SKIPPED |
+-------------------+--------------------+-------------------+------------------+
| Debian 12 | PEND | PEND | SKIPPED |
+-------------------+--------------------+-------------------+------------------+
| Debian Bullseye | FAIL | WARN | SKIPPED |
+-------------------+--------------------+-------------------+------------------+
| Fedora 40 (Clang) | PEND | PEND | SKIPPED |
+-------------------+--------------------+-------------------+------------------+
| Fedora 41 (Clang) | PEND | PEND | PEND |
+-------------------+--------------------+-------------------+------------------+
| Fedora 41 | PEND | PEND | PEND |
+-------------------+--------------------+-------------------+------------------+
| Fedora 40 | PEND | PEND | SKIPPED |
+-------------------+--------------------+-------------------+------------------+
| openSUSE Leap 15 | PEND | SKIPPED | SKIPPED |
+-------------------+--------------------+-------------------+------------------+
| RHEL8 | PEND | SKIPPED | SKIPPED |
+-------------------+--------------------+-------------------+------------------+
| RHEL9 | PEND | SKIPPED | SKIPPED |
+-------------------+--------------------+-------------------+------------------+
| Ubuntu 20.04 | PEND | SKIPPED | SKIPPED |
+-------------------+--------------------+-------------------+------------------+
| Ubuntu 22.04 | PEND | SKIPPED | SKIPPED |
+-------------------+--------------------+-------------------+------------------+
==== 20 line log output for Debian Bullseye (dpdk_compile_spdk): ====
--- Failed to get log output ---
==== End log output ====
CentOS Stream 9
Kernel: Depends on container host
Compiler: gcc 11.5.0 20240719 (Red Hat 11.5.0-2)
CentOS Stream 10
Kernel: Depends on container host
Compiler: gcc 14.2.1 20241104 (Red Hat 14.2.1-6)
Debian 12
Kernel: Depends on container host
Compiler: gcc (Debian 12.2.0-14) 12.2.0
Debian Bullseye
Kernel: Depends on container host
Compiler: gcc (Debian 10.2.1-6) 10.2.1 20210110
Fedora 40 (Clang)
Kernel: Depends on container host
Compiler: clang 18.1.8 (Fedora 18.1.8-1.fc40)
Fedora 41 (Clang)
Kernel: Depends on container host
Compiler: clang 19.1.5 (Fedora 19.1.5-1.fc41)
Fedora 41
Kernel: Depends on container host
Compiler: gcc 14.2.1 20240912 (Red Hat 14.2.1-3)
Fedora 40
Kernel: Depends on container host
Compiler: gcc 14.2.1 20240912 (Red Hat 14.2.1-3)
openSUSE Leap 15
Kernel: Depends on container host
Compiler: gcc (SUSE Linux) 7.5.0
RHEL8
Kernel: Depends on container host
Compiler: gcc 8.5.0 20210514 (Red Hat 8.5.0-22)
RHEL9
Kernel: Depends on container host
Compiler: gcc 11.5.0 20240719 (Red Hat 11.5.0-2)
Ubuntu 20.04
Kernel: Depends on container host
Compiler: gcc (Ubuntu 9.4.0-1ubuntu1~20.04.2) 9.4.0
Ubuntu 22.04
Kernel: Depends on container host
Compiler: gcc (Ubuntu 11.4.0-1ubuntu1~22.04) 11.4.0
To view detailed results, visit:
https://lab.dpdk.org/results/dashboard/patchsets/32706/
UNH-IOL DPDK Community Lab
To manage your email subscriptions, visit:
https://lab.dpdk.org/results/dashboard/preferences/subscriptions/
More information about the test-report
mailing list