|WARNING| pw152124 [PATCH] net/mlx5: fix assert failure on hairpin q

dpdklab at iol.unh.edu dpdklab at iol.unh.edu
Fri Feb 28 13:42:53 CET 2025


Test-Label: iol-unit-arm64-testing
Test-Status: WARNING
http://dpdk.org/patch/152124

_Testing issues_

Submitter: Maayan Kashani <mkashani at nvidia.com>
Date: Thursday, February 27 2025 10:14:14 
DPDK git baseline: Repo:dpdk
  Branch: master
  CommitID:5813fc4238f10b5cc2aa008b0116c977712820d7

152124 --> testing issues

Upstream job id: Generic-Unit-Test-DPDK#319915

Test environment and result as below:

+-----------------------------+----------------+--------------+---------------------------+------------------------------+
|         Environment         | dpdk_unit_test | lpm_autotest | cryptodev_sw_zuc_autotest | cryptodev_sw_snow3g_autotest |
+=============================+================+==============+===========================+==============================+
| 32-bit Ubuntu 22.04.4 (ARM) | PASS           | SKIPPED      | SKIPPED                   | SKIPPED                      |
+-----------------------------+----------------+--------------+---------------------------+------------------------------+
| Debian 12 (arm)             | PASS           | SKIPPED      | PASS                      | PASS                         |
+-----------------------------+----------------+--------------+---------------------------+------------------------------+
| Debian 11 (Buster) (ARM)    | WARN           | SKIPPED      | SKIPPED                   | SKIPPED                      |
+-----------------------------+----------------+--------------+---------------------------+------------------------------+
| CentOS Stream 10 (ARM)      | PASS           | SKIPPED      | SKIPPED                   | SKIPPED                      |
+-----------------------------+----------------+--------------+---------------------------+------------------------------+
| CentOS Stream 9 (ARM)       | PASS           | SKIPPED      | SKIPPED                   | SKIPPED                      |
+-----------------------------+----------------+--------------+---------------------------+------------------------------+
| Fedora 40 (ARM Clang)       | PASS           | SKIPPED      | SKIPPED                   | SKIPPED                      |
+-----------------------------+----------------+--------------+---------------------------+------------------------------+
| Fedora 40 (ARM)             | PASS           | SKIPPED      | SKIPPED                   | SKIPPED                      |
+-----------------------------+----------------+--------------+---------------------------+------------------------------+
| Fedora 41 (ARM)             | PASS           | SKIPPED      | SKIPPED                   | SKIPPED                      |
+-----------------------------+----------------+--------------+---------------------------+------------------------------+
| RHEL9 (ARM)                 | PASS           | SKIPPED      | SKIPPED                   | SKIPPED                      |
+-----------------------------+----------------+--------------+---------------------------+------------------------------+
| Fedora 41 (ARM Clang)       | PASS           | SKIPPED      | SKIPPED                   | SKIPPED                      |
+-----------------------------+----------------+--------------+---------------------------+------------------------------+
| Ubuntu 20.04 (ARM)          | WARN           | SKIPPED      | SKIPPED                   | SKIPPED                      |
+-----------------------------+----------------+--------------+---------------------------+------------------------------+
| Ubuntu 24.04 (ARM)          | PASS           | SKIPPED      | SKIPPED                   | SKIPPED                      |
+-----------------------------+----------------+--------------+---------------------------+------------------------------+
| Ubuntu 22.04 (ARM)          | WARN           | SKIPPED      | SKIPPED                   | SKIPPED                      |
+-----------------------------+----------------+--------------+---------------------------+------------------------------+
| Ubuntu 20.04 ARM SVE        | SKIPPED        | PASS         | SKIPPED                   | SKIPPED                      |
+-----------------------------+----------------+--------------+---------------------------+------------------------------+

==== 20 line log output for Ubuntu 22.04 (ARM) (dpdk_unit_test): ====
[2226/3375] Linking static target drivers/libtmp_rte_net_tap.a
[2227/3375] Compiling C object drivers/libtmp_rte_net_mlx5.a.p/net_mlx5_mlx5_flow_hw.c.o
FAILED: drivers/libtmp_rte_net_mlx5.a.p/net_mlx5_mlx5_flow_hw.c.o
ccache cc -Idrivers/libtmp_rte_net_mlx5.a.p -Idrivers -I../drivers -Idrivers/net/mlx5 -I../drivers/net/mlx5 -Idrivers/net/mlx5/linux -I../drivers/net/mlx5/linux -Idrivers/net/mlx5/hws -I../drivers/net/mlx5/hws -Ilib/ethdev -I../lib/ethdev -I. -I.. -Iconfig -I../config -Ilib/eal/include -I../lib/eal/include -Ilib/eal/linux/include -I../lib/eal/linux/include -Ilib/eal/arm/include -I../lib/eal/arm/include -I../kernel/linux -Ilib/eal/common -I../lib/eal/common -Ilib/eal -I../lib/eal -Ilib/kvargs -I../lib/kvargs -Ilib/log -I../lib/log -Ilib/metrics -I../lib/metrics -Ilib/telemetry -I../lib/telemetry -Ilib/net -I../lib/net -Ilib/mbuf -I../lib/mbuf -Ilib/mempool -I../lib/mempool -Ilib/ring -I../lib/ring -Ilib/meter -I../lib/meter -Idrivers/bus/pci -I../drivers/bus/pci -I../drivers/bus/pci/linux -Ilib/pci -I../lib/pci -Idrivers/bus/vdev -I../drivers/bus/vdev -Ilib/hash -I../lib/hash -Ilib/rcu -I../lib/rcu -Idrivers/common/mlx5 -I../drivers/common/mlx5 -Idrivers/common/mlx5/linux -I../drivers
 /common/mlx5/linux -Idrivers/bus/auxiliary -I../drivers/bus/auxiliary -I/usr/include/libnl3 -fdiagnostics-color=always -pipe -D_FILE_OFFSET_BITS=64 -Wall -Winvalid-pch -Wextra -Werror -std=c11 -O3 -include rte_config.h -Wvla -Wcast-qual -Wdeprecated -Wformat -Wformat-nonliteral -Wformat-security -Wmissing-declarations -Wmissing-prototypes -Wnested-externs -Wold-style-definition -Wpointer-arith -Wsign-compare -Wstrict-prototypes -Wundef -Wwrite-strings -Wno-packed-not-aligned -Wno-missing-field-initializers -D_GNU_SOURCE -fPIC -march=armv8.1-a+crc+crypto -DALLOW_EXPERIMENTAL_API -DALLOW_INTERNAL_API -Wno-format-truncation -Wno-address-of-packed-member -std=c11 -Wno-strict-prototypes -D_BSD_SOURCE -D_DEFAULT_SOURCE -D_XOPEN_SOURCE=600 -UPEDANTIC -Wno-vla -DRTE_LOG_DEFAULT_LOGTYPE=pmd.net.mlx5 -MD -MQ drivers/libtmp_rte_net_mlx5.a.p/net_mlx5_mlx5_flow_hw.c.o -MF drivers/libtmp_rte_net_mlx5.a.p/net_mlx5_mlx5_flow_hw.c.o.d -o drivers/libtmp_rte_net_mlx5.a.p/net_mlx5_mlx5_flow_hw.c.o -c .
 ./drivers/net/mlx5/mlx5_flow_hw.c
../drivers/net/mlx5/mlx5_flow_hw.c: In function 'mlx5_flow_hw_actions_validate':
../drivers/net/mlx5/mlx5_flow_hw.c:7250:14: error: unused variable 'res' [-Werror=unused-variable]
7250 |         bool res;
|              ^~~
../drivers/net/mlx5/mlx5_flow_hw.c: In function 'flow_hw_create_send_to_kernel_actions':
../drivers/net/mlx5/mlx5_flow_hw.c:9689:57: error: unused parameter 'priv' [-Werror=unused-parameter]
9689 | flow_hw_create_send_to_kernel_actions(struct mlx5_priv *priv, bool is_proxy)
|                                       ~~~~~~~~~~~~~~~~~~^~~~
../drivers/net/mlx5/mlx5_flow_hw.c:9689:68: error: unused parameter 'is_proxy' [-Werror=unused-parameter]
9689 | flow_hw_create_send_to_kernel_actions(struct mlx5_priv *priv, bool is_proxy)
|                                                                    ^
cc1: all warnings being treated as errors
[2228/3375] Generating rte_net_softnic.pmd.c with a custom command
[2229/3375] Generating rte_net_sfc.pmd.c with a custom command
[2230/3375] Generating rte_net_tap.pmd.c with a custom command
ninja: build stopped: subcommand failed.
==== End log output ====

32-bit Ubuntu 22.04.4 (ARM)
	Kernel: 5.15.83+ aarch64
	Compiler: gcc (Ubuntu 11.4.0-1ubuntu1~22.04) 11.4.0

Debian 12 (arm)
	Kernel: Depends on container host
	Compiler: gcc (Debian 12.2.0-14) 12.2.0

Debian 11 (Buster) (ARM)
	Kernel: Depends on container host
	Compiler: gcc (Debian 10.2.1-6) 10.2.1 20210110

CentOS Stream 10 (ARM)
	Kernel: Depends on container host
	Compiler: gcc 14.2.1 20241104 (Red Hat 14.2.1-6)

CentOS Stream 9 (ARM)
	Kernel: Depends on container host
	Compiler: gcc 11.5.0 20240719 (Red Hat 11.5.0-2)

Fedora 40 (ARM Clang)
	Kernel: Depends on container host
	Compiler: clang 18.1.8 (Fedora 18.1.8-1.fc40)

Fedora 40 (ARM)
	Kernel: Depends on container host
	Compiler: gcc 14.2.1 20240912 (Red Hat 14.2.1-3)

Fedora 41 (ARM)
	Kernel: Depends on container host
	Compiler: gcc 14.2.1 20240912 (Red Hat 14.2.1-3)

RHEL9 (ARM)
	Kernel: Depends on container host
	Compiler: gcc 11.5.0 20240719 (Red Hat 11.5.0-2)

Fedora 41 (ARM Clang)
	Kernel: Depends on container host
	Compiler: clang 19.1.5 (Fedora 19.1.5-1.fc41)

Ubuntu 20.04 (ARM)
	Kernel: Depends on container host
	Compiler: gcc (Ubuntu 9.4.0-1ubuntu1~20.04.2) 9.4.0

Ubuntu 24.04 (ARM)
	Kernel: Depends on container host
	Compiler: gcc (Ubuntu 13.3.0-6ubuntu2~24.04) 13.3.0

Ubuntu 22.04 (ARM)
	Kernel: Depends on container host
	Compiler: gcc (Ubuntu 11.4.0-1ubuntu1~22.04) 11.4.0

Ubuntu 20.04 ARM SVE
	Kernel: Depends on container host
	Compiler: gcc (Ubuntu 10.5.0-1ubuntu1~20.04) 10.5.0

To view detailed results, visit:
https://lab.dpdk.org/results/dashboard/patchsets/32703/

UNH-IOL DPDK Community Lab

To manage your email subscriptions, visit: 
https://lab.dpdk.org/results/dashboard/preferences/subscriptions/


More information about the test-report mailing list